217.182.175.38 - - [28/Jan/2025:17:40:51 +0330] "GET /wp-includes/l10n/class-wp-translation-file-php.php HTTP/1.1" 200 208 "-" "Mozilla/5.0 (compatible; MJ12bot/v1.4.8; http://mj12bot.com/)"
54.38.85.36 - - [28/Jan/2025:17:40:52 +0330] "GET /goods.php?q=%E0%A6%95%E0%A6%95lib64%E0%A6%95python3%E0%A6%976&r=_sysconfigdata_dm_linux_x86_64-linux-gnu.py HTTP/1.1" 200 1007 "-" "Mozilla/5.0 (compatible; MJ12bot/v1.4.8; http://mj12bot.com/)"
135.181.180.59 - - [28/Jan/2025:17:40:52 +0330] "GET /goods.php?q=%E0%A6%95%E0%A6%95proc%E0%A6%9511&d=syscall HTTP/1.1" 200 1036 "-" "Mozilla/5.0 (compatible; MJ12bot/v1.4.8; http://mj12bot.com/)"
217.182.175.38 - - [28/Jan/2025:17:40:53 +0330] "GET /wp-includes/l10n/class-wp-translation-file.php HTTP/1.1" 200 20 "-" "Mozilla/5.0 (compatible; MJ12bot/v1.4.8; http://mj12bot.com/)"
54.38.85.36 - - [28/Jan/2025:17:40:54 +0330] "GET /goods.php?q=%E0%A6%95%E0%A6%95lib64%E0%A6%95python3%E0%A6%976&r=_sysconfigdata_m_linux_x86_64-linux-gnu.py HTTP/1.1" 200 1006 "-" "Mozilla/5.0 (compatible; MJ12bot/v1.4.8; http://mj12bot.com/)"
135.181.180.59 - - [28/Jan/2025:17:40:54 +0330] "GET /goods.php?q=%E0%A6%95%E0%A6%95proc%E0%A6%9511&d=task HTTP/1.1" 200 1034 "-" "Mozilla/5.0 (compatible; MJ12bot/v1.4.8; http://mj12bot.com/)"
98.82.214.73 - - [28/Jan/2025:17:40:54 +0330] "GET /wp_wolx.php?path=//proc/476/../19/../irq/48/../../tty/../143/attr/../task/../../444/../4/fd HTTP/1.1" 200 1564 "-" "Mozilla/5.0 AppleWebKit/537.36 (KHTML, like Gecko; compatible; Amazonbot/0.1; +https://developer.amazon.com/support/amazonbot) Chrome/119.0.6045.214 Safari/537.36"
217.182.175.38 - - [28/Jan/2025:17:40:54 +0330] "GET /wp-includes/l10n/class-wp-translations.php HTTP/1.1" 200 20 "-" "Mozilla/5.0 (compatible; MJ12bot/v1.4.8; http://mj12bot.com/)"
54.38.85.36 - - [28/Jan/2025:17:40:56 +0330] "GET /goods.php?q=%E0%A6%95%E0%A6%95lib64%E0%A6%95python3%E0%A6%976&r=_threading_local.py HTTP/1.1" 200 988 "-" "Mozilla/5.0 (compatible; MJ12bot/v1.4.8; http://mj12bot.com/)"
217.182.175.38 - - [28/Jan/2025:17:40:56 +0330] "GET /wp-includes/php-compat/?C=D;O=A HTTP/1.1" 200 826 "-" "Mozilla/5.0 (compatible; MJ12bot/v1.4.8; http://mj12bot.com/)"
135.181.180.59 - - [28/Jan/2025:17:40:56 +0330] "GET /goods.php?q=%E0%A6%95%E0%A6%95proc%E0%A6%9511&d=timens_offsets HTTP/1.1" 200 1042 "-" "Mozilla/5.0 (compatible; MJ12bot/v1.4.8; http://mj12bot.com/)"
44.208.223.68 - - [28/Jan/2025:17:40:57 +0330] "GET /wp_wolx.php?path=//proc/485/../fs/../143/../1518&upload=gaskan HTTP/1.1" 200 1847 "-" "Mozilla/5.0 AppleWebKit/537.36 (KHTML, like Gecko; compatible; Amazonbot/0.1; +https://developer.amazon.com/support/amazonbot) Chrome/119.0.6045.214 Safari/537.36"
3.93.211.16 - - [28/Jan/2025:17:40:57 +0330] "GET /wp_wolx.php?komend=gaskan&path=//proc/485/../fs/../143/../1518 HTTP/1.1" 200 1607 "-" "Mozilla/5.0 AppleWebKit/537.36 (KHTML, like Gecko; compatible; Amazonbot/0.1; +https://developer.amazon.com/support/amazonbot) Chrome/119.0.6045.214 Safari/537.36"
54.38.85.36 - - [28/Jan/2025:17:40:57 +0330] "GET /goods.php?q=%E0%A6%95%E0%A6%95lib64%E0%A6%95python3%E0%A6%976&r=_weakrefset.py HTTP/1.1" 200 985 "-" "Mozilla/5.0 (compatible; MJ12bot/v1.4.8; http://mj12bot.com/)"
217.182.175.38 - - [28/Jan/2025:17:40:58 +0330] "GET /wp-includes/php-compat/?C=M;O=A HTTP/1.1" 200 826 "-" "Mozilla/5.0 (compatible; MJ12bot/v1.4.8; http://mj12bot.com/)"
135.181.180.59 - - [28/Jan/2025:17:40:58 +0330] "GET /goods.php?q=%E0%A6%95%E0%A6%95proc%E0%A6%9511&d=timers HTTP/1.1" 200 1036 "-" "Mozilla/5.0 (compatible; MJ12bot/v1.4.8; http://mj12bot.com/)"
54.38.85.36 - - [28/Jan/2025:17:40:59 +0330] "GET /goods.php?q=%E0%A6%95%E0%A6%95lib64%E0%A6%95python3%E0%A6%976&r=abc.py HTTP/1.1" 200 977 "-" "Mozilla/5.0 (compatible; MJ12bot/v1.4.8; http://mj12bot.com/)"
217.182.175.38 - - [28/Jan/2025:17:40:59 +0330] "GET /wp-includes/php-compat/?C=N;O=D HTTP/1.1" 200 826 "-" "Mozilla/5.0 (compatible; MJ12bot/v1.4.8; http://mj12bot.com/)"
135.181.180.59 - - [28/Jan/2025:17:41:00 +0330] "GET /goods.php?q=%E0%A6%95%E0%A6%95proc%E0%A6%9511&d=timerslack_ns HTTP/1.1" 200 1041 "-" "Mozilla/5.0 (compatible; MJ12bot/v1.4.8; http://mj12bot.com/)"
54.38.85.36 - - [28/Jan/2025:17:41:00 +0330] "GET /goods.php?q=%E0%A6%95%E0%A6%95lib64%E0%A6%95python3%E0%A6%976&r=aifc.py HTTP/1.1" 200 978 "-" "Mozilla/5.0 (compatible; MJ12bot/v1.4.8; http://mj12bot.com/)"
217.182.175.38 - - [28/Jan/2025:17:41:01 +0330] "GET /wp-includes/php-compat/?C=S;O=A HTTP/1.1" 200 826 "-" "Mozilla/5.0 (compatible; MJ12bot/v1.4.8; http://mj12bot.com/)"
35.171.117.160 - - [28/Jan/2025:17:41:01 +0330] "GET /wp_wolx.php?path=//proc/485/../fs/../143/../152&upload=gaskan HTTP/1.1" 200 1848 "-" "Mozilla/5.0 AppleWebKit/537.36 (KHTML, like Gecko; compatible; Amazonbot/0.1; +https://developer.amazon.com/support/amazonbot) Chrome/119.0.6045.214 Safari/537.36"
54.163.136.244 - - [28/Jan/2025:17:41:02 +0330] "GET /wp_wolx.php?path=//proc/476/../19/../irq/48/../../tty/../143/attr/../task/../../444/../4/.. HTTP/1.1" 200 8790 "-" "Mozilla/5.0 AppleWebKit/537.36 (KHTML, like Gecko; compatible; Amazonbot/0.1; +https://developer.amazon.com/support/amazonbot) Chrome/119.0.6045.214 Safari/537.36"
54.38.85.36 - - [28/Jan/2025:17:41:02 +0330] "GET /goods.php?q=%E0%A6%95%E0%A6%95lib64%E0%A6%95python3%E0%A6%976&r=antigravity.py HTTP/1.1" 200 983 "-" "Mozilla/5.0 (compatible; MJ12bot/v1.4.8; http://mj12bot.com/)"
23.21.225.190 - - [28/Jan/2025:17:41:02 +0330] "GET /wp_wolx.php?path=//proc/476/../19/../irq/48/../../tty/../143/attr/../task/../../444/../39 HTTP/1.1" 200 3399 "-" "Mozilla/5.0 AppleWebKit/537.36 (KHTML, like Gecko; compatible; Amazonbot/0.1; +https://developer.amazon.com/support/amazonbot) Chrome/119.0.6045.214 Safari/537.36"
135.181.180.59 - - [28/Jan/2025:17:41:02 +0330] "GET /goods.php?q=%E0%A6%95%E0%A6%95proc%E0%A6%9511&d=uid_map HTTP/1.1" 200 1037 "-" "Mozilla/5.0 (compatible; MJ12bot/v1.4.8; http://mj12bot.com/)"
217.182.175.38 - - [28/Jan/2025:17:41:03 +0330] "GET /wp-includes/php-compat/readonly.php HTTP/1.1" 200 20 "-" "Mozilla/5.0 (compatible; MJ12bot/v1.4.8; http://mj12bot.com/)"
54.38.85.36 - - [28/Jan/2025:17:41:04 +0330] "GET /goods.php?q=%E0%A6%95%E0%A6%95lib64%E0%A6%95python3%E0%A6%976&r=argparse.py HTTP/1.1" 200 980 "-" "Mozilla/5.0 (compatible; MJ12bot/v1.4.8; http://mj12bot.com/)"
217.182.175.38 - - [28/Jan/2025:17:41:04 +0330] "GET /wp-includes/pomo/?C=D;O=A HTTP/1.1" 200 1706 "-" "Mozilla/5.0 (compatible; MJ12bot/v1.4.8; http://mj12bot.com/)"
135.181.180.59 - - [28/Jan/2025:17:41:04 +0330] "GET /goods.php?q=%E0%A6%95%E0%A6%95proc%E0%A6%9511&d=wchan HTTP/1.1" 200 1035 "-" "Mozilla/5.0 (compatible; MJ12bot/v1.4.8; http://mj12bot.com/)"
18.215.112.101 - - [28/Jan/2025:17:41:05 +0330] "GET /wp_wolx.php?komend=gaskan&path=//proc/485/../fs/../143/../152 HTTP/1.1" 200 1608 "-" "Mozilla/5.0 AppleWebKit/537.36 (KHTML, like Gecko; compatible; Amazonbot/0.1; +https://developer.amazon.com/support/amazonbot) Chrome/119.0.6045.214 Safari/537.36"
54.38.85.36 - - [28/Jan/2025:17:41:06 +0330] "GET /goods.php?q=%E0%A6%95%E0%A6%95lib64%E0%A6%95python3%E0%A6%976&r=ast.py HTTP/1.1" 200 977 "-" "Mozilla/5.0 (compatible; MJ12bot/v1.4.8; http://mj12bot.com/)"
217.182.175.38 - - [28/Jan/2025:17:41:06 +0330] "GET /wp-includes/pomo/?C=M;O=A HTTP/1.1" 200 1706 "-" "Mozilla/5.0 (compatible; MJ12bot/v1.4.8; http://mj12bot.com/)"
135.181.180.59 - - [28/Jan/2025:17:41:06 +0330] "GET /goods.php?q=%E0%A6%95%E0%A6%95proc%E0%A6%9511&e=autogroup HTTP/1.1" 200 985 "-" "Mozilla/5.0 (compatible; MJ12bot/v1.4.8; http://mj12bot.com/)"
217.182.175.38 - - [28/Jan/2025:17:41:07 +0330] "GET /wp-includes/pomo/?C=N;O=D HTTP/1.1" 200 1706 "-" "Mozilla/5.0 (compatible; MJ12bot/v1.4.8; http://mj12bot.com/)"
54.38.85.36 - - [28/Jan/2025:17:41:07 +0330] "GET /goods.php?q=%E0%A6%95%E0%A6%95lib64%E0%A6%95python3%E0%A6%976&r=asynchat.py HTTP/1.1" 200 981 "-" "Mozilla/5.0 (compatible; MJ12bot/v1.4.8; http://mj12bot.com/)"
52.200.58.199 - - [28/Jan/2025:17:41:08 +0330] "GET /wp_wolx.php?path=//proc/476/../19/../irq/48/../../tty/../143/attr/../task/../../444/../38 HTTP/1.1" 200 3418 "-" "Mozilla/5.0 AppleWebKit/537.36 (KHTML, like Gecko; compatible; Amazonbot/0.1; +https://developer.amazon.com/support/amazonbot) Chrome/119.0.6045.214 Safari/537.36"
135.181.180.59 - - [28/Jan/2025:17:41:08 +0330] "GET /goods.php?q=%E0%A6%95%E0%A6%95proc%E0%A6%9511&e=auxv HTTP/1.1" 200 1094 "-" "Mozilla/5.0 (compatible; MJ12bot/v1.4.8; http://mj12bot.com/)"
217.182.175.38 - - [28/Jan/2025:17:41:09 +0330] "GET /wp-includes/pomo/?C=S;O=A HTTP/1.1" 200 1706 "-" "Mozilla/5.0 (compatible; MJ12bot/v1.4.8; http://mj12bot.com/)"
54.38.85.36 - - [28/Jan/2025:17:41:09 +0330] "GET /goods.php?q=%E0%A6%95%E0%A6%95lib64%E0%A6%95python3%E0%A6%976&r=asyncio HTTP/1.1" 200 977 "-" "Mozilla/5.0 (compatible; MJ12bot/v1.4.8; http://mj12bot.com/)"
52.7.13.143 - - [28/Jan/2025:17:41:10 +0330] "GET /wp_wolx.php?path=//proc/485/../fs/../143/../153&upload=gaskan HTTP/1.1" 200 1843 "-" "Mozilla/5.0 AppleWebKit/537.36 (KHTML, like Gecko; compatible; Amazonbot/0.1; +https://developer.amazon.com/support/amazonbot) Chrome/119.0.6045.214 Safari/537.36"
135.181.180.59 - - [28/Jan/2025:17:41:10 +0330] "GET /goods.php?q=%E0%A6%95%E0%A6%95proc%E0%A6%9511&e=cgroup HTTP/1.1" 200 1088 "-" "Mozilla/5.0 (compatible; MJ12bot/v1.4.8; http://mj12bot.com/)"
217.182.175.38 - - [28/Jan/2025:17:41:10 +0330] "GET /wp-includes/pomo/entry.php HTTP/1.1" 200 20 "-" "Mozilla/5.0 (compatible; MJ12bot/v1.4.8; http://mj12bot.com/)"
54.38.85.36 - - [28/Jan/2025:17:41:10 +0330] "GET /goods.php?q=%E0%A6%95%E0%A6%95lib64%E0%A6%95python3%E0%A6%976&r=asyncore.py HTTP/1.1" 200 980 "-" "Mozilla/5.0 (compatible; MJ12bot/v1.4.8; http://mj12bot.com/)"
44.218.170.184 - - [28/Jan/2025:17:41:10 +0330] "GET /wp_wolx.php?path=//proc/476/../19/../irq/48/../../tty/../143/attr/../task/../../444/../37 HTTP/1.1" 200 3442 "-" "Mozilla/5.0 AppleWebKit/537.36 (KHTML, like Gecko; compatible; Amazonbot/0.1; +https://developer.amazon.com/support/amazonbot) Chrome/119.0.6045.214 Safari/537.36"
47.91.91.123 - - [28/Jan/2025:17:41:10 +0330] "GET / HTTP/1.1" 200 384450 "-" "Mozilla/5.0 (Macintosh; Intel Mac OS X 10_12_2) AppleWebKit/537.36 (KHTML, like Gecko) Chrome/55.0.2883.95 Safari/537.36"
135.181.180.59 - - [28/Jan/2025:17:41:12 +0330] "GET /goods.php?q=%E0%A6%95%E0%A6%95proc%E0%A6%9511&e=clear_refs HTTP/1.1" 200 1096 "-" "Mozilla/5.0 (compatible; MJ12bot/v1.4.8; http://mj12bot.com/)"
217.182.175.38 - - [28/Jan/2025:17:41:12 +0330] "GET /wp-includes/pomo/mo.php HTTP/1.1" 200 20 "-" "Mozilla/5.0 (compatible; MJ12bot/v1.4.8; http://mj12bot.com/)"
54.38.85.36 - - [28/Jan/2025:17:41:12 +0330] "GET /goods.php?q=%E0%A6%95%E0%A6%95lib64%E0%A6%95python3%E0%A6%976&r=base64.py HTTP/1.1" 200 979 "-" "Mozilla/5.0 (compatible; MJ12bot/v1.4.8; http://mj12bot.com/)"
52.45.92.83 - - [28/Jan/2025:17:41:13 +0330] "GET /wp_wolx.php?komend=gaskan&path=//proc/485/../fs/../143/../153 HTTP/1.1" 200 1603 "-" "Mozilla/5.0 AppleWebKit/537.36 (KHTML, like Gecko; compatible; Amazonbot/0.1; +https://developer.amazon.com/support/amazonbot) Chrome/119.0.6045.214 Safari/537.36"
217.182.175.38 - - [28/Jan/2025:17:41:13 +0330] "GET /wp-includes/pomo/plural-forms.php HTTP/1.1" 200 20 "-" "Mozilla/5.0 (compatible; MJ12bot/v1.4.8; http://mj12bot.com/)"
135.181.180.59 - - [28/Jan/2025:17:41:13 +0330] "GET /goods.php?q=%E0%A6%95%E0%A6%95proc%E0%A6%9511&e=cmdline HTTP/1.1" 200 985 "-" "Mozilla/5.0 (compatible; MJ12bot/v1.4.8; http://mj12bot.com/)"
54.38.85.36 - - [28/Jan/2025:17:41:14 +0330] "GET /goods.php?q=%E0%A6%95%E0%A6%95lib64%E0%A6%95python3%E0%A6%976&r=bdb.py HTTP/1.1" 200 977 "-" "Mozilla/5.0 (compatible; MJ12bot/v1.4.8; http://mj12bot.com/)"
3.224.215.150 - - [28/Jan/2025:17:41:14 +0330] "GET /wp_wolx.php?path=//proc/476/../19/../irq/48/../../tty/../143/attr/../task/../../444/../36 HTTP/1.1" 200 3415 "-" "Mozilla/5.0 AppleWebKit/537.36 (KHTML, like Gecko; compatible; Amazonbot/0.1; +https://developer.amazon.com/support/amazonbot) Chrome/119.0.6045.214 Safari/537.36"
217.182.175.38 - - [28/Jan/2025:17:41:15 +0330] "GET /wp-includes/pomo/po.php HTTP/1.1" 200 20 "-" "Mozilla/5.0 (compatible; MJ12bot/v1.4.8; http://mj12bot.com/)"
54.38.85.36 - - [28/Jan/2025:17:41:15 +0330] "GET /goods.php?q=%E0%A6%95%E0%A6%95lib64%E0%A6%95python3%E0%A6%976&r=binhex.py HTTP/1.1" 200 979 "-" "Mozilla/5.0 (compatible; MJ12bot/v1.4.8; http://mj12bot.com/)"
135.181.180.59 - - [28/Jan/2025:17:41:16 +0330] "GET /goods.php?q=%E0%A6%95%E0%A6%95proc%E0%A6%9511&e=comm HTTP/1.1" 200 998 "-" "Mozilla/5.0 (compatible; MJ12bot/v1.4.8; http://mj12bot.com/)"
217.182.175.38 - - [28/Jan/2025:17:41:17 +0330] "GET /wp-includes/pomo/streams.php HTTP/1.1" 200 20 "-" "Mozilla/5.0 (compatible; MJ12bot/v1.4.8; http://mj12bot.com/)"
54.38.85.36 - - [28/Jan/2025:17:41:17 +0330] "GET /goods.php?q=%E0%A6%95%E0%A6%95lib64%E0%A6%95python3%E0%A6%976&r=bisect.py HTTP/1.1" 200 979 "-" "Mozilla/5.0 (compatible; MJ12bot/v1.4.8; http://mj12bot.com/)"
135.181.180.59 - - [28/Jan/2025:17:41:17 +0330] "GET /goods.php?q=%E0%A6%95%E0%A6%95proc%E0%A6%9511&e=coredump_filter HTTP/1.1" 200 985 "-" "Mozilla/5.0 (compatible; MJ12bot/v1.4.8; http://mj12bot.com/)"
184.73.47.24 - - [28/Jan/2025:17:41:18 +0330] "GET /wp_wolx.php?path=//proc/485/../fs/../143/../155&upload=gaskan HTTP/1.1" 200 1845 "-" "Mozilla/5.0 AppleWebKit/537.36 (KHTML, like Gecko; compatible; Amazonbot/0.1; +https://developer.amazon.com/support/amazonbot) Chrome/119.0.6045.214 Safari/537.36"
217.182.175.38 - - [28/Jan/2025:17:41:18 +0330] "GET /wp-includes/pomo/translations.php HTTP/1.1" 200 20 "-" "Mozilla/5.0 (compatible; MJ12bot/v1.4.8; http://mj12bot.com/)"
54.38.85.36 - - [28/Jan/2025:17:41:19 +0330] "GET /goods.php?q=%E0%A6%95%E0%A6%95lib64%E0%A6%95python3%E0%A6%976&r=bz2.py HTTP/1.1" 200 977 "-" "Mozilla/5.0 (compatible; MJ12bot/v1.4.8; http://mj12bot.com/)"
34.195.248.30 - - [28/Jan/2025:17:41:19 +0330] "GET /wp_wolx.php?path=//proc/476/../19/../irq/48/../../tty/../143/attr/../task/../../444/../3564 HTTP/1.1" 200 3429 "-" "Mozilla/5.0 AppleWebKit/537.36 (KHTML, like Gecko; compatible; Amazonbot/0.1; +https://developer.amazon.com/support/amazonbot) Chrome/119.0.6045.214 Safari/537.36"
135.181.180.59 - - [28/Jan/2025:17:41:19 +0330] "GET /goods.php?q=%E0%A6%95%E0%A6%95proc%E0%A6%9511&e=cpu_resctrl_groups HTTP/1.1" 200 993 "-" "Mozilla/5.0 (compatible; MJ12bot/v1.4.8; http://mj12bot.com/)"
217.182.175.38 - - [28/Jan/2025:17:41:20 +0330] "GET /wp-includes/rest-api/?C=D;O=A HTTP/1.1" 200 1758 "-" "Mozilla/5.0 (compatible; MJ12bot/v1.4.8; http://mj12bot.com/)"
54.38.85.36 - - [28/Jan/2025:17:41:21 +0330] "GET /goods.php?q=%E0%A6%95%E0%A6%95lib64%E0%A6%95python3%E0%A6%976&r=cProfile.py HTTP/1.1" 200 981 "-" "Mozilla/5.0 (compatible; MJ12bot/v1.4.8; http://mj12bot.com/)"
135.181.180.59 - - [28/Jan/2025:17:41:21 +0330] "GET /goods.php?q=%E0%A6%95%E0%A6%95proc%E0%A6%9511&e=cpuset HTTP/1.1" 200 985 "-" "Mozilla/5.0 (compatible; MJ12bot/v1.4.8; http://mj12bot.com/)"
217.182.175.38 - - [28/Jan/2025:17:41:21 +0330] "GET /wp-includes/rest-api/?C=M;O=A HTTP/1.1" 200 1758 "-" "Mozilla/5.0 (compatible; MJ12bot/v1.4.8; http://mj12bot.com/)"
44.217.177.142 - - [28/Jan/2025:17:41:21 +0330] "GET /wp_wolx.php?komend=gaskan&path=//proc/485/../fs/../143/../155 HTTP/1.1" 200 1606 "-" "Mozilla/5.0 AppleWebKit/537.36 (KHTML, like Gecko; compatible; Amazonbot/0.1; +https://developer.amazon.com/support/amazonbot) Chrome/119.0.6045.214 Safari/537.36"
54.38.85.36 - - [28/Jan/2025:17:41:22 +0330] "GET /goods.php?q=%E0%A6%95%E0%A6%95lib64%E0%A6%95python3%E0%A6%976&r=calendar.py HTTP/1.1" 200 980 "-" "Mozilla/5.0 (compatible; MJ12bot/v1.4.8; http://mj12bot.com/)"
44.213.202.136 - - [28/Jan/2025:17:41:22 +0330] "GET /wp_wolx.php?path=//proc/476/../19/../irq/48/../../tty/../143/attr/../task/../../444/../35 HTTP/1.1" 200 3417 "-" "Mozilla/5.0 AppleWebKit/537.36 (KHTML, like Gecko; compatible; Amazonbot/0.1; +https://developer.amazon.com/support/amazonbot) Chrome/119.0.6045.214 Safari/537.36"
217.182.175.38 - - [28/Jan/2025:17:41:23 +0330] "GET /wp-includes/rest-api/?C=N;O=D HTTP/1.1" 200 1758 "-" "Mozilla/5.0 (compatible; MJ12bot/v1.4.8; http://mj12bot.com/)"
135.181.180.59 - - [28/Jan/2025:17:41:23 +0330] "GET /goods.php?q=%E0%A6%95%E0%A6%95proc%E0%A6%9511&e=environ HTTP/1.1" 200 1093 "-" "Mozilla/5.0 (compatible; MJ12bot/v1.4.8; http://mj12bot.com/)"
54.38.85.36 - - [28/Jan/2025:17:41:24 +0330] "GET /goods.php?q=%E0%A6%95%E0%A6%95lib64%E0%A6%95python3%E0%A6%976&r=cgi.py HTTP/1.1" 200 977 "-" "Mozilla/5.0 (compatible; MJ12bot/v1.4.8; http://mj12bot.com/)"
217.182.175.38 - - [28/Jan/2025:17:41:25 +0330] "GET /wp-includes/rest-api/?C=S;O=A HTTP/1.1" 200 1758 "-" "Mozilla/5.0 (compatible; MJ12bot/v1.4.8; http://mj12bot.com/)"
135.181.180.59 - - [28/Jan/2025:17:41:25 +0330] "GET /goods.php?q=%E0%A6%95%E0%A6%95proc%E0%A6%9511&e=gid_map HTTP/1.1" 200 1002 "-" "Mozilla/5.0 (compatible; MJ12bot/v1.4.8; http://mj12bot.com/)"
44.209.35.147 - - [28/Jan/2025:17:41:25 +0330] "GET /wp_wolx.php?path=//proc/485/../fs/../143/../154&upload=gaskan HTTP/1.1" 200 1847 "-" "Mozilla/5.0 AppleWebKit/537.36 (KHTML, like Gecko; compatible; Amazonbot/0.1; +https://developer.amazon.com/support/amazonbot) Chrome/119.0.6045.214 Safari/537.36"
54.38.85.36 - - [28/Jan/2025:17:41:26 +0330] "GET /goods.php?q=%E0%A6%95%E0%A6%95lib64%E0%A6%95python3%E0%A6%976&r=cgitb.py HTTP/1.1" 200 979 "-" "Mozilla/5.0 (compatible; MJ12bot/v1.4.8; http://mj12bot.com/)"
217.182.175.38 - - [28/Jan/2025:17:41:26 +0330] "GET /wp-includes/rest-api/class-wp-rest-request.php HTTP/1.1" 200 20 "-" "Mozilla/5.0 (compatible; MJ12bot/v1.4.8; http://mj12bot.com/)"
54.38.85.36 - - [28/Jan/2025:17:41:27 +0330] "GET /goods.php?q=%E0%A6%95%E0%A6%95lib64%E0%A6%95python3%E0%A6%976&r=chunk.py HTTP/1.1" 200 979 "-" "Mozilla/5.0 (compatible; MJ12bot/v1.4.8; http://mj12bot.com/)"
135.181.180.59 - - [28/Jan/2025:17:41:27 +0330] "GET /goods.php?q=%E0%A6%95%E0%A6%95proc%E0%A6%9511&e=io HTTP/1.1" 200 1092 "-" "Mozilla/5.0 (compatible; MJ12bot/v1.4.8; http://mj12bot.com/)"
217.182.175.38 - - [28/Jan/2025:17:41:28 +0330] "GET /wp-includes/rest-api/class-wp-rest-response.php HTTP/1.1" 200 206 "-" "Mozilla/5.0 (compatible; MJ12bot/v1.4.8; http://mj12bot.com/)"
184.73.47.24 - - [28/Jan/2025:17:41:28 +0330] "GET /wp_wolx.php?path=//proc/476/../19/../irq/48/../../tty/../143/attr/../task/../../444/../34 HTTP/1.1" 200 3417 "-" "Mozilla/5.0 AppleWebKit/537.36 (KHTML, like Gecko; compatible; Amazonbot/0.1; +https://developer.amazon.com/support/amazonbot) Chrome/119.0.6045.214 Safari/537.36"
54.38.85.36 - - [28/Jan/2025:17:41:29 +0330] "GET /goods.php?q=%E0%A6%95%E0%A6%95lib64%E0%A6%95python3%E0%A6%976&r=cmd.py HTTP/1.1" 200 977 "-" "Mozilla/5.0 (compatible; MJ12bot/v1.4.8; http://mj12bot.com/)"
135.181.180.59 - - [28/Jan/2025:17:41:29 +0330] "GET /goods.php?q=%E0%A6%95%E0%A6%95proc%E0%A6%9511&e=limits HTTP/1.1" 200 1264 "-" "Mozilla/5.0 (compatible; MJ12bot/v1.4.8; http://mj12bot.com/)"
217.182.175.38 - - [28/Jan/2025:17:41:29 +0330] "GET /wp-includes/rest-api/class-wp-rest-server.php HTTP/1.1" 200 20 "-" "Mozilla/5.0 (compatible; MJ12bot/v1.4.8; http://mj12bot.com/)"
44.220.2.97 - - [28/Jan/2025:17:41:29 +0330] "GET /wp_wolx.php?komend=gaskan&path=//proc/485/../fs/../143/../154 HTTP/1.1" 200 1606 "-" "Mozilla/5.0 AppleWebKit/537.36 (KHTML, like Gecko; compatible; Amazonbot/0.1; +https://developer.amazon.com/support/amazonbot) Chrome/119.0.6045.214 Safari/537.36"
54.38.85.36 - - [28/Jan/2025:17:41:30 +0330] "GET /goods.php?q=%E0%A6%95%E0%A6%95lib64%E0%A6%95python3%E0%A6%976&r=code.py HTTP/1.1" 200 978 "-" "Mozilla/5.0 (compatible; MJ12bot/v1.4.8; http://mj12bot.com/)"
217.182.175.38 - - [28/Jan/2025:17:41:31 +0330] "GET /wp-includes/rest-api/endpoints/ HTTP/1.1" 200 9337 "-" "Mozilla/5.0 (compatible; MJ12bot/v1.4.8; http://mj12bot.com/)"
3.223.134.5 - - [28/Jan/2025:17:41:31 +0330] "GET /wp_wolx.php?path=//proc/476/../19/../irq/48/../../tty/../143/attr/../task/../../444/../33 HTTP/1.1" 200 3438 "-" "Mozilla/5.0 AppleWebKit/537.36 (KHTML, like Gecko; compatible; Amazonbot/0.1; +https://developer.amazon.com/support/amazonbot) Chrome/119.0.6045.214 Safari/537.36"
135.181.180.59 - - [28/Jan/2025:17:41:31 +0330] "GET /goods.php?q=%E0%A6%95%E0%A6%95proc%E0%A6%9511&e=loginuid HTTP/1.1" 200 996 "-" "Mozilla/5.0 (compatible; MJ12bot/v1.4.8; http://mj12bot.com/)"
54.38.85.36 - - [28/Jan/2025:17:41:32 +0330] "GET /goods.php?q=%E0%A6%95%E0%A6%95lib64%E0%A6%95python3%E0%A6%976&r=codecs.py HTTP/1.1" 200 979 "-" "Mozilla/5.0 (compatible; MJ12bot/v1.4.8; http://mj12bot.com/)"
217.182.175.38 - - [28/Jan/2025:17:41:32 +0330] "GET /wp-includes/rest-api/fields/ HTTP/1.1" 200 1688 "-" "Mozilla/5.0 (compatible; MJ12bot/v1.4.8; http://mj12bot.com/)"
135.181.180.59 - - [28/Jan/2025:17:41:33 +0330] "GET /goods.php?q=%E0%A6%95%E0%A6%95proc%E0%A6%9511&e=maps HTTP/1.1" 200 985 "-" "Mozilla/5.0 (compatible; MJ12bot/v1.4.8; http://mj12bot.com/)"
54.91.122.193 - - [28/Jan/2025:17:41:33 +0330] "GET /wp_wolx.php?path=//proc/485/../fs/../143/../156&upload=gaskan HTTP/1.1" 200 1846 "-" "Mozilla/5.0 AppleWebKit/537.36 (KHTML, like Gecko; compatible; Amazonbot/0.1; +https://developer.amazon.com/support/amazonbot) Chrome/119.0.6045.214 Safari/537.36"
54.38.85.36 - - [28/Jan/2025:17:41:34 +0330] "GET /goods.php?q=%E0%A6%95%E0%A6%95lib64%E0%A6%95python3%E0%A6%976&r=codeop.py HTTP/1.1" 200 979 "-" "Mozilla/5.0 (compatible; MJ12bot/v1.4.8; http://mj12bot.com/)"
217.182.175.38 - - [28/Jan/2025:17:41:34 +0330] "GET /wp-includes/rest-api/search/ HTTP/1.1" 200 1499 "-" "Mozilla/5.0 (compatible; MJ12bot/v1.4.8; http://mj12bot.com/)"
18.209.201.119 - - [28/Jan/2025:17:41:34 +0330] "GET /wp_wolx.php?path=//proc/476/../19/../irq/48/../../tty/../143/attr/../task/../../444/../32 HTTP/1.1" 200 3417 "-" "Mozilla/5.0 AppleWebKit/537.36 (KHTML, like Gecko; compatible; Amazonbot/0.1; +https://developer.amazon.com/support/amazonbot) Chrome/119.0.6045.214 Safari/537.36"
135.181.180.59 - - [28/Jan/2025:17:41:35 +0330] "GET /goods.php?q=%E0%A6%95%E0%A6%95proc%E0%A6%9511&e=mem HTTP/1.1" 200 1092 "-" "Mozilla/5.0 (compatible; MJ12bot/v1.4.8; http://mj12bot.com/)"
54.38.85.36 - - [28/Jan/2025:17:41:35 +0330] "GET /goods.php?q=%E0%A6%95%E0%A6%95lib64%E0%A6%95python3%E0%A6%976&r=collections HTTP/1.1" 200 980 "-" "Mozilla/5.0 (compatible; MJ12bot/v1.4.8; http://mj12bot.com/)"
217.182.175.38 - - [28/Jan/2025:17:41:35 +0330] "GET /wp-includes/sitemaps/?C=D;O=A HTTP/1.1" 200 2013 "-" "Mozilla/5.0 (compatible; MJ12bot/v1.4.8; http://mj12bot.com/)"
135.181.180.59 - - [28/Jan/2025:17:41:37 +0330] "GET /goods.php?q=%E0%A6%95%E0%A6%95proc%E0%A6%9511&e=mountinfo HTTP/1.1" 200 2657 "-" "Mozilla/5.0 (compatible; MJ12bot/v1.4.8; http://mj12bot.com/)"
54.38.85.36 - - [28/Jan/2025:17:41:37 +0330] "GET /goods.php?q=%E0%A6%95%E0%A6%95lib64%E0%A6%95python3%E0%A6%976&r=colorsys.py HTTP/1.1" 200 979 "-" "Mozilla/5.0 (compatible; MJ12bot/v1.4.8; http://mj12bot.com/)"
217.182.175.38 - - [28/Jan/2025:17:41:37 +0330] "GET /wp-includes/sitemaps/?C=M;O=A HTTP/1.1" 200 2013 "-" "Mozilla/5.0 (compatible; MJ12bot/v1.4.8; http://mj12bot.com/)"
3.212.86.97 - - [28/Jan/2025:17:41:37 +0330] "GET /wp_wolx.php?komend=gaskan&path=//proc/485/../fs/../143/../156 HTTP/1.1" 200 1607 "-" "Mozilla/5.0 AppleWebKit/537.36 (KHTML, like Gecko; compatible; Amazonbot/0.1; +https://developer.amazon.com/support/amazonbot) Chrome/119.0.6045.214 Safari/537.36"
23.23.99.55 - - [28/Jan/2025:17:41:38 +0330] "GET /wp_wolx.php?path=//proc/476/../19/../irq/48/../../tty/../143/attr/../task/../../444/../3165 HTTP/1.1" 200 3437 "-" "Mozilla/5.0 AppleWebKit/537.36 (KHTML, like Gecko; compatible; Amazonbot/0.1; +https://developer.amazon.com/support/amazonbot) Chrome/119.0.6045.214 Safari/537.36"
217.182.175.38 - - [28/Jan/2025:17:41:38 +0330] "GET /wp-includes/sitemaps/?C=N;O=D HTTP/1.1" 200 2013 "-" "Mozilla/5.0 (compatible; MJ12bot/v1.4.8; http://mj12bot.com/)"
54.38.85.36 - - [28/Jan/2025:17:41:38 +0330] "GET /goods.php?q=%E0%A6%95%E0%A6%95lib64%E0%A6%95python3%E0%A6%976&r=compileall.py HTTP/1.1" 200 981 "-" "Mozilla/5.0 (compatible; MJ12bot/v1.4.8; http://mj12bot.com/)"
135.181.180.59 - - [28/Jan/2025:17:41:39 +0330] "GET /goods.php?q=%E0%A6%95%E0%A6%95proc%E0%A6%9511&e=mounts HTTP/1.1" 200 2052 "-" "Mozilla/5.0 (compatible; MJ12bot/v1.4.8; http://mj12bot.com/)"
217.182.175.38 - - [28/Jan/2025:17:41:40 +0330] "GET /wp-includes/sitemaps/?C=S;O=A HTTP/1.1" 200 2013 "-" "Mozilla/5.0 (compatible; MJ12bot/v1.4.8; http://mj12bot.com/)"
54.38.85.36 - - [28/Jan/2025:17:41:40 +0330] "GET /goods.php?q=%E0%A6%95%E0%A6%95lib64%E0%A6%95python3%E0%A6%976&r=concurrent HTTP/1.1" 200 979 "-" "Mozilla/5.0 (compatible; MJ12bot/v1.4.8; http://mj12bot.com/)"
135.181.180.59 - - [28/Jan/2025:17:41:41 +0330] "GET /goods.php?q=%E0%A6%95%E0%A6%95proc%E0%A6%9511&e=mountstats HTTP/1.1" 200 1095 "-" "Mozilla/5.0 (compatible; MJ12bot/v1.4.8; http://mj12bot.com/)"
54.87.62.248 - - [28/Jan/2025:17:41:41 +0330] "GET /wp_wolx.php?path=//proc/485/../fs/../143/../157&upload=gaskan HTTP/1.1" 200 1847 "-" "Mozilla/5.0 AppleWebKit/537.36 (KHTML, like Gecko; compatible; Amazonbot/0.1; +https://developer.amazon.com/support/amazonbot) Chrome/119.0.6045.214 Safari/537.36"
217.182.175.38 - - [28/Jan/2025:17:41:41 +0330] "GET /wp-includes/sitemaps/class-wp-sitemaps-index.php HTTP/1.1" 200 20 "-" "Mozilla/5.0 (compatible; MJ12bot/v1.4.8; http://mj12bot.com/)"
54.38.85.36 - - [28/Jan/2025:17:41:42 +0330] "GET /goods.php?q=%E0%A6%95%E0%A6%95lib64%E0%A6%95python3%E0%A6%976&r=config-3.6m-x86_64-linux-gnu HTTP/1.1" 200 997 "-" "Mozilla/5.0 (compatible; MJ12bot/v1.4.8; http://mj12bot.com/)"
135.181.180.59 - - [28/Jan/2025:17:41:43 +0330] "GET /goods.php?q=%E0%A6%95%E0%A6%95proc%E0%A6%9511&e=numa_maps HTTP/1.1" 200 985 "-" "Mozilla/5.0 (compatible; MJ12bot/v1.4.8; http://mj12bot.com/)"
3.213.46.222 - - [28/Jan/2025:17:41:43 +0330] "GET /wp_wolx.php?path=//proc/476/../19/../irq/48/../../tty/../143/attr/../task/../../444/../31 HTTP/1.1" 200 3415 "-" "Mozilla/5.0 AppleWebKit/537.36 (KHTML, like Gecko; compatible; Amazonbot/0.1; +https://developer.amazon.com/support/amazonbot) Chrome/119.0.6045.214 Safari/537.36"
217.182.175.38 - - [28/Jan/2025:17:41:43 +0330] "GET /wp-includes/sitemaps/class-wp-sitemaps-provider.php HTTP/1.1" 200 20 "-" "Mozilla/5.0 (compatible; MJ12bot/v1.4.8; http://mj12bot.com/)"
54.38.85.36 - - [28/Jan/2025:17:41:43 +0330] "GET /goods.php?q=%E0%A6%95%E0%A6%95lib64%E0%A6%95python3%E0%A6%976&r=configparser.py HTTP/1.1" 200 983 "-" "Mozilla/5.0 (compatible; MJ12bot/v1.4.8; http://mj12bot.com/)"
217.182.175.38 - - [28/Jan/2025:17:41:44 +0330] "GET /wp-includes/sitemaps/class-wp-sitemaps-registry.php HTTP/1.1" 200 20 "-" "Mozilla/5.0 (compatible; MJ12bot/v1.4.8; http://mj12bot.com/)"
135.181.180.59 - - [28/Jan/2025:17:41:45 +0330] "GET /goods.php?q=%E0%A6%95%E0%A6%95proc%E0%A6%9511&e=oom_adj HTTP/1.1" 200 987 "-" "Mozilla/5.0 (compatible; MJ12bot/v1.4.8; http://mj12bot.com/)"
54.38.85.36 - - [28/Jan/2025:17:41:45 +0330] "GET /goods.php?q=%E0%A6%95%E0%A6%95lib64%E0%A6%95python3%E0%A6%976&r=contextlib.py HTTP/1.1" 200 981 "-" "Mozilla/5.0 (compatible; MJ12bot/v1.4.8; http://mj12bot.com/)"
44.209.35.147 - - [28/Jan/2025:17:41:45 +0330] "GET /wp_wolx.php?komend=gaskan&path=//proc/485/../fs/../143/../157 HTTP/1.1" 200 1608 "-" "Mozilla/5.0 AppleWebKit/537.36 (KHTML, like Gecko; compatible; Amazonbot/0.1; +https://developer.amazon.com/support/amazonbot) Chrome/119.0.6045.214 Safari/537.36"
217.182.175.38 - - [28/Jan/2025:17:41:46 +0330] "GET /wp-includes/sitemaps/class-wp-sitemaps-renderer.php HTTP/1.1" 200 20 "-" "Mozilla/5.0 (compatible; MJ12bot/v1.4.8; http://mj12bot.com/)"
135.181.180.59 - - [28/Jan/2025:17:41:47 +0330] "GET /goods.php?q=%E0%A6%95%E0%A6%95proc%E0%A6%9511&e=oom_score HTTP/1.1" 200 987 "-" "Mozilla/5.0 (compatible; MJ12bot/v1.4.8; http://mj12bot.com/)"
54.38.85.36 - - [28/Jan/2025:17:41:47 +0330] "GET /goods.php?q=%E0%A6%95%E0%A6%95lib64%E0%A6%95python3%E0%A6%976&r=copy.py HTTP/1.1" 200 978 "-" "Mozilla/5.0 (compatible; MJ12bot/v1.4.8; http://mj12bot.com/)"
217.182.175.38 - - [28/Jan/2025:17:41:47 +0330] "GET /wp-includes/sitemaps/class-wp-sitemaps-stylesheet.php HTTP/1.1" 200 20 "-" "Mozilla/5.0 (compatible; MJ12bot/v1.4.8; http://mj12bot.com/)"
54.38.85.36 - - [28/Jan/2025:17:41:48 +0330] "GET /goods.php?q=%E0%A6%95%E0%A6%95lib64%E0%A6%95python3%E0%A6%976&r=copyreg.py HTTP/1.1" 200 980 "-" "Mozilla/5.0 (compatible; MJ12bot/v1.4.8; http://mj12bot.com/)"
135.181.180.59 - - [28/Jan/2025:17:41:48 +0330] "GET /goods.php?q=%E0%A6%95%E0%A6%95proc%E0%A6%9511&e=oom_score_adj HTTP/1.1" 200 987 "-" "Mozilla/5.0 (compatible; MJ12bot/v1.4.8; http://mj12bot.com/)"
217.182.175.38 - - [28/Jan/2025:17:41:49 +0330] "GET /wp-includes/sitemaps/class-wp-sitemaps.php HTTP/1.1" 200 20 "-" "Mozilla/5.0 (compatible; MJ12bot/v1.4.8; http://mj12bot.com/)"
52.203.65.83 - - [28/Jan/2025:17:41:49 +0330] "GET /wp_wolx.php?path=//proc/485/../fs/../143/../158&upload=gaskan HTTP/1.1" 200 1846 "-" "Mozilla/5.0 AppleWebKit/537.36 (KHTML, like Gecko; compatible; Amazonbot/0.1; +https://developer.amazon.com/support/amazonbot) Chrome/119.0.6045.214 Safari/537.36"
54.38.85.36 - - [28/Jan/2025:17:41:50 +0330] "GET /goods.php?q=%E0%A6%95%E0%A6%95lib64%E0%A6%95python3%E0%A6%976&r=crypt.py HTTP/1.1" 200 978 "-" "Mozilla/5.0 (compatible; MJ12bot/v1.4.8; http://mj12bot.com/)"
135.181.180.59 - - [28/Jan/2025:17:41:50 +0330] "GET /goods.php?q=%E0%A6%95%E0%A6%95proc%E0%A6%9511&e=pagemap HTTP/1.1" 200 1094 "-" "Mozilla/5.0 (compatible; MJ12bot/v1.4.8; http://mj12bot.com/)"
217.182.175.38 - - [28/Jan/2025:17:41:51 +0330] "GET /wp-includes/sitemaps/providers/ HTTP/1.1" 200 1270 "-" "Mozilla/5.0 (compatible; MJ12bot/v1.4.8; http://mj12bot.com/)"
98.84.200.43 - - [28/Jan/2025:17:41:51 +0330] "GET /wp_wolx.php?path=//proc/476/../19/../irq/48/../../tty/../143/attr/../task/../../444/../3 HTTP/1.1" 200 3418 "-" "Mozilla/5.0 AppleWebKit/537.36 (KHTML, like Gecko; compatible; Amazonbot/0.1; +https://developer.amazon.com/support/amazonbot) Chrome/119.0.6045.214 Safari/537.36"
54.38.85.36 - - [28/Jan/2025:17:41:51 +0330] "GET /goods.php?q=%E0%A6%95%E0%A6%95lib64%E0%A6%95python3%E0%A6%976&r=csv.py HTTP/1.1" 200 977 "-" "Mozilla/5.0 (compatible; MJ12bot/v1.4.8; http://mj12bot.com/)"
217.182.175.38 - - [28/Jan/2025:17:41:52 +0330] "GET /wp-includes/sodium_compat/?C=D;O=A HTTP/1.1" 200 1896 "-" "Mozilla/5.0 (compatible; MJ12bot/v1.4.8; http://mj12bot.com/)"
135.181.180.59 - - [28/Jan/2025:17:41:52 +0330] "GET /goods.php?q=%E0%A6%95%E0%A6%95proc%E0%A6%9511&e=patch_state HTTP/1.1" 200 1097 "-" "Mozilla/5.0 (compatible; MJ12bot/v1.4.8; http://mj12bot.com/)"
54.38.85.36 - - [28/Jan/2025:17:41:53 +0330] "GET /goods.php?q=%E0%A6%95%E0%A6%95lib64%E0%A6%95python3%E0%A6%976&r=ctypes HTTP/1.1" 200 976 "-" "Mozilla/5.0 (compatible; MJ12bot/v1.4.8; http://mj12bot.com/)"
44.213.36.21 - - [28/Jan/2025:17:41:53 +0330] "GET /wp_wolx.php?komend=gaskan&path=//proc/485/../fs/../143/../158 HTTP/1.1" 200 1604 "-" "Mozilla/5.0 AppleWebKit/537.36 (KHTML, like Gecko; compatible; Amazonbot/0.1; +https://developer.amazon.com/support/amazonbot) Chrome/119.0.6045.214 Safari/537.36"
217.182.175.38 - - [28/Jan/2025:17:41:54 +0330] "GET /wp-includes/sodium_compat/?C=M;O=A HTTP/1.1" 200 1896 "-" "Mozilla/5.0 (compatible; MJ12bot/v1.4.8; http://mj12bot.com/)"
135.181.180.59 - - [28/Jan/2025:17:41:54 +0330] "GET /goods.php?q=%E0%A6%95%E0%A6%95proc%E0%A6%9511&e=personality HTTP/1.1" 200 1096 "-" "Mozilla/5.0 (compatible; MJ12bot/v1.4.8; http://mj12bot.com/)"
54.38.85.36 - - [28/Jan/2025:17:41:55 +0330] "GET /goods.php?q=%E0%A6%95%E0%A6%95lib64%E0%A6%95python3%E0%A6%976&r=curses HTTP/1.1" 200 977 "-" "Mozilla/5.0 (compatible; MJ12bot/v1.4.8; http://mj12bot.com/)"
44.193.115.232 - - [28/Jan/2025:17:41:55 +0330] "GET /wp_wolx.php?path=//proc/476/../19/../irq/48/../../tty/../143/attr/../task/../../444/../29 HTTP/1.1" 200 3420 "-" "Mozilla/5.0 AppleWebKit/537.36 (KHTML, like Gecko; compatible; Amazonbot/0.1; +https://developer.amazon.com/support/amazonbot) Chrome/119.0.6045.214 Safari/537.36"
217.182.175.38 - - [28/Jan/2025:17:41:55 +0330] "GET /wp-includes/sodium_compat/?C=N;O=D HTTP/1.1" 200 1896 "-" "Mozilla/5.0 (compatible; MJ12bot/v1.4.8; http://mj12bot.com/)"
135.181.180.59 - - [28/Jan/2025:17:41:56 +0330] "GET /goods.php?q=%E0%A6%95%E0%A6%95proc%E0%A6%9511&e=projid_map HTTP/1.1" 200 1002 "-" "Mozilla/5.0 (compatible; MJ12bot/v1.4.8; http://mj12bot.com/)"
54.38.85.36 - - [28/Jan/2025:17:41:56 +0330] "GET /goods.php?q=%E0%A6%95%E0%A6%95lib64%E0%A6%95python3%E0%A6%976&r=datetime.py HTTP/1.1" 200 981 "-" "Mozilla/5.0 (compatible; MJ12bot/v1.4.8; http://mj12bot.com/)"
217.182.175.38 - - [28/Jan/2025:17:41:57 +0330] "GET /wp-includes/sodium_compat/?C=S;O=A HTTP/1.1" 200 1896 "-" "Mozilla/5.0 (compatible; MJ12bot/v1.4.8; http://mj12bot.com/)"
3.229.164.203 - - [28/Jan/2025:17:41:57 +0330] "GET /wp_wolx.php?path=//proc/485/../fs/../143/../159&upload=gaskan HTTP/1.1" 200 1844 "-" "Mozilla/5.0 AppleWebKit/537.36 (KHTML, like Gecko; compatible; Amazonbot/0.1; +https://developer.amazon.com/support/amazonbot) Chrome/119.0.6045.214 Safari/537.36"
54.38.85.36 - - [28/Jan/2025:17:41:58 +0330] "GET /goods.php?q=%E0%A6%95%E0%A6%95lib64%E0%A6%95python3%E0%A6%976&r=dbm HTTP/1.1" 200 975 "-" "Mozilla/5.0 (compatible; MJ12bot/v1.4.8; http://mj12bot.com/)"
135.181.180.59 - - [28/Jan/2025:17:41:58 +0330] "GET /goods.php?q=%E0%A6%95%E0%A6%95proc%E0%A6%9511&e=sched HTTP/1.1" 200 1383 "-" "Mozilla/5.0 (compatible; MJ12bot/v1.4.8; http://mj12bot.com/)"
217.182.175.38 - - [28/Jan/2025:17:41:59 +0330] "GET /wp-includes/sodium_compat/LICENSE HTTP/1.1" 200 860 "-" "Mozilla/5.0 (compatible; MJ12bot/v1.4.8; http://mj12bot.com/)"
54.38.85.36 - - [28/Jan/2025:17:41:59 +0330] "GET /goods.php?q=%E0%A6%95%E0%A6%95lib64%E0%A6%95python3%E0%A6%976&r=decimal.py HTTP/1.1" 200 980 "-" "Mozilla/5.0 (compatible; MJ12bot/v1.4.8; http://mj12bot.com/)"
135.181.180.59 - - [28/Jan/2025:17:42:00 +0330] "GET /goods.php?q=%E0%A6%95%E0%A6%95proc%E0%A6%9511&e=schedstat HTTP/1.1" 200 996 "-" "Mozilla/5.0 (compatible; MJ12bot/v1.4.8; http://mj12bot.com/)"
217.182.175.38 - - [28/Jan/2025:17:42:00 +0330] "GET /wp-includes/sodium_compat/autoload-php7.php HTTP/1.1" 200 20 "-" "Mozilla/5.0 (compatible; MJ12bot/v1.4.8; http://mj12bot.com/)"
54.38.85.36 - - [28/Jan/2025:17:42:01 +0330] "GET /goods.php?q=%E0%A6%95%E0%A6%95lib64%E0%A6%95python3%E0%A6%976&r=difflib.py HTTP/1.1" 200 980 "-" "Mozilla/5.0 (compatible; MJ12bot/v1.4.8; http://mj12bot.com/)"
52.204.174.139 - - [28/Jan/2025:17:42:01 +0330] "GET /wp_wolx.php?komend=gaskan&path=//proc/485/../fs/../143/../159 HTTP/1.1" 200 1608 "-" "Mozilla/5.0 AppleWebKit/537.36 (KHTML, like Gecko; compatible; Amazonbot/0.1; +https://developer.amazon.com/support/amazonbot) Chrome/119.0.6045.214 Safari/537.36"
217.182.175.38 - - [28/Jan/2025:17:42:02 +0330] "GET /wp-includes/sodium_compat/autoload.php HTTP/1.1" 200 20 "-" "Mozilla/5.0 (compatible; MJ12bot/v1.4.8; http://mj12bot.com/)"
135.181.180.59 - - [28/Jan/2025:17:42:02 +0330] "GET /goods.php?q=%E0%A6%95%E0%A6%95proc%E0%A6%9511&e=sessionid HTTP/1.1" 200 996 "-" "Mozilla/5.0 (compatible; MJ12bot/v1.4.8; http://mj12bot.com/)"
3.225.45.252 - - [28/Jan/2025:17:42:02 +0330] "GET /wp_wolx.php?path=//proc/476/../19/../irq/48/../../tty/../143/attr/../task/../../444/../2818 HTTP/1.1" 200 3414 "-" "Mozilla/5.0 AppleWebKit/537.36 (KHTML, like Gecko; compatible; Amazonbot/0.1; +https://developer.amazon.com/support/amazonbot) Chrome/119.0.6045.214 Safari/537.36"
54.38.85.36 - - [28/Jan/2025:17:42:03 +0330] "GET /goods.php?q=%E0%A6%95%E0%A6%95lib64%E0%A6%95python3%E0%A6%976&r=dis.py HTTP/1.1" 200 977 "-" "Mozilla/5.0 (compatible; MJ12bot/v1.4.8; http://mj12bot.com/)"
217.182.175.38 - - [28/Jan/2025:17:42:03 +0330] "GET /wp-includes/sodium_compat/composer.json HTTP/1.1" 200 1608 "-" "Mozilla/5.0 (compatible; MJ12bot/v1.4.8; http://mj12bot.com/)"
135.181.180.59 - - [28/Jan/2025:17:42:04 +0330] "GET /goods.php?q=%E0%A6%95%E0%A6%95proc%E0%A6%9511&e=setgroups HTTP/1.1" 200 989 "-" "Mozilla/5.0 (compatible; MJ12bot/v1.4.8; http://mj12bot.com/)"
54.38.85.36 - - [28/Jan/2025:17:42:04 +0330] "GET /goods.php?q=%E0%A6%95%E0%A6%95lib64%E0%A6%95python3%E0%A6%976&r=distutils HTTP/1.1" 200 978 "-" "Mozilla/5.0 (compatible; MJ12bot/v1.4.8; http://mj12bot.com/)"
217.182.175.38 - - [28/Jan/2025:17:42:05 +0330] "GET /wp-includes/sodium_compat/lib/ HTTP/1.1" 200 2338 "-" "Mozilla/5.0 (compatible; MJ12bot/v1.4.8; http://mj12bot.com/)"
34.194.95.99 - - [28/Jan/2025:17:42:05 +0330] "GET /wp_wolx.php?path=//proc/485/../fs/../143/../1591&upload=gaskan HTTP/1.1" 200 1848 "-" "Mozilla/5.0 AppleWebKit/537.36 (KHTML, like Gecko; compatible; Amazonbot/0.1; +https://developer.amazon.com/support/amazonbot) Chrome/119.0.6045.214 Safari/537.36"
135.181.180.59 - - [28/Jan/2025:17:42:06 +0330] "GET /goods.php?q=%E0%A6%95%E0%A6%95proc%E0%A6%9511&e=smaps HTTP/1.1" 200 985 "-" "Mozilla/5.0 (compatible; MJ12bot/v1.4.8; http://mj12bot.com/)"
54.38.85.36 - - [28/Jan/2025:17:42:06 +0330] "GET /goods.php?q=%E0%A6%95%E0%A6%95lib64%E0%A6%95python3%E0%A6%976&r=doctest.py HTTP/1.1" 200 980 "-" "Mozilla/5.0 (compatible; MJ12bot/v1.4.8; http://mj12bot.com/)"
217.182.175.38 - - [28/Jan/2025:17:42:06 +0330] "GET /wp-includes/sodium_compat/namespaced/ HTTP/1.1" 200 1393 "-" "Mozilla/5.0 (compatible; MJ12bot/v1.4.8; http://mj12bot.com/)"
34.194.233.48 - - [28/Jan/2025:17:42:07 +0330] "GET /wp_wolx.php?path=//proc/476/../19/../irq/48/../../tty/../143/attr/../task/../../444/../3/ns HTTP/1.1" 200 1568 "-" "Mozilla/5.0 AppleWebKit/537.36 (KHTML, like Gecko; compatible; Amazonbot/0.1; +https://developer.amazon.com/support/amazonbot) Chrome/119.0.6045.214 Safari/537.36"
54.38.85.36 - - [28/Jan/2025:17:42:07 +0330] "GET /goods.php?q=%E0%A6%95%E0%A6%95lib64%E0%A6%95python3%E0%A6%976&r=dummy_threading.py HTTP/1.1" 200 987 "-" "Mozilla/5.0 (compatible; MJ12bot/v1.4.8; http://mj12bot.com/)"
135.181.180.59 - - [28/Jan/2025:17:42:08 +0330] "GET /goods.php?q=%E0%A6%95%E0%A6%95proc%E0%A6%9511&e=smaps_rollup HTTP/1.1" 200 985 "-" "Mozilla/5.0 (compatible; MJ12bot/v1.4.8; http://mj12bot.com/)"
217.182.175.38 - - [28/Jan/2025:17:42:08 +0330] "GET /wp-includes/sodium_compat/src/ HTTP/1.1" 200 2095 "-" "Mozilla/5.0 (compatible; MJ12bot/v1.4.8; http://mj12bot.com/)"
54.38.85.36 - - [28/Jan/2025:17:42:09 +0330] "GET /goods.php?q=%E0%A6%95%E0%A6%95lib64%E0%A6%95python3%E0%A6%976&r=email HTTP/1.1" 200 976 "-" "Mozilla/5.0 (compatible; MJ12bot/v1.4.8; http://mj12bot.com/)"
135.181.180.59 - - [28/Jan/2025:17:42:10 +0330] "GET /goods.php?q=%E0%A6%95%E0%A6%95proc%E0%A6%9511&e=stack HTTP/1.1" 200 1094 "-" "Mozilla/5.0 (compatible; MJ12bot/v1.4.8; http://mj12bot.com/)"
217.182.175.38 - - [28/Jan/2025:17:42:10 +0330] "GET /wp-includes/style-engine/?C=D;O=A HTTP/1.1" 200 1682 "-" "Mozilla/5.0 (compatible; MJ12bot/v1.4.8; http://mj12bot.com/)"
52.203.65.83 - - [28/Jan/2025:17:42:10 +0330] "GET /wp_wolx.php?path=//proc/476/../19/../irq/48/../../tty/../143/attr/../task/../../444/../3/fd HTTP/1.1" 200 1567 "-" "Mozilla/5.0 AppleWebKit/537.36 (KHTML, like Gecko; compatible; Amazonbot/0.1; +https://developer.amazon.com/support/amazonbot) Chrome/119.0.6045.214 Safari/537.36"
23.23.103.31 - - [28/Jan/2025:17:42:10 +0330] "GET /wp_wolx.php?komend=gaskan&path=//proc/485/../fs/../143/../1591 HTTP/1.1" 200 1606 "-" "Mozilla/5.0 AppleWebKit/537.36 (KHTML, like Gecko; compatible; Amazonbot/0.1; +https://developer.amazon.com/support/amazonbot) Chrome/119.0.6045.214 Safari/537.36"
54.38.85.36 - - [28/Jan/2025:17:42:11 +0330] "GET /goods.php?q=%E0%A6%95%E0%A6%95lib64%E0%A6%95python3%E0%A6%976&r=encodings HTTP/1.1" 200 979 "-" "Mozilla/5.0 (compatible; MJ12bot/v1.4.8; http://mj12bot.com/)"
217.182.175.38 - - [28/Jan/2025:17:42:11 +0330] "GET /wp-includes/style-engine/?C=M;O=A HTTP/1.1" 200 1682 "-" "Mozilla/5.0 (compatible; MJ12bot/v1.4.8; http://mj12bot.com/)"
135.181.180.59 - - [28/Jan/2025:17:42:11 +0330] "GET /goods.php?q=%E0%A6%95%E0%A6%95proc%E0%A6%9511&e=stat HTTP/1.1" 200 1064 "-" "Mozilla/5.0 (compatible; MJ12bot/v1.4.8; http://mj12bot.com/)"
54.38.85.36 - - [28/Jan/2025:17:42:12 +0330] "GET /goods.php?q=%E0%A6%95%E0%A6%95lib64%E0%A6%95python3%E0%A6%976&r=ensurepip HTTP/1.1" 200 979 "-" "Mozilla/5.0 (compatible; MJ12bot/v1.4.8; http://mj12bot.com/)"
217.182.175.38 - - [28/Jan/2025:17:42:13 +0330] "GET /wp-includes/style-engine/?C=N;O=D HTTP/1.1" 200 1682 "-" "Mozilla/5.0 (compatible; MJ12bot/v1.4.8; http://mj12bot.com/)"
135.181.180.59 - - [28/Jan/2025:17:42:13 +0330] "GET /goods.php?q=%E0%A6%95%E0%A6%95proc%E0%A6%9511&e=statm HTTP/1.1" 200 989 "-" "Mozilla/5.0 (compatible; MJ12bot/v1.4.8; http://mj12bot.com/)"
52.70.209.13 - - [28/Jan/2025:17:42:14 +0330] "GET /wp_wolx.php?path=//proc/485/../fs/../143/../160&upload=gaskan HTTP/1.1" 200 1844 "-" "Mozilla/5.0 AppleWebKit/537.36 (KHTML, like Gecko; compatible; Amazonbot/0.1; +https://developer.amazon.com/support/amazonbot) Chrome/119.0.6045.214 Safari/537.36"
54.38.85.36 - - [28/Jan/2025:17:42:14 +0330] "GET /goods.php?q=%E0%A6%95%E0%A6%95lib64%E0%A6%95python3%E0%A6%976&r=enum.py HTTP/1.1" 200 978 "-" "Mozilla/5.0 (compatible; MJ12bot/v1.4.8; http://mj12bot.com/)"
98.82.63.147 - - [28/Jan/2025:17:42:14 +0330] "GET /wp_wolx.php?path=//proc/476/../19/../irq/48/../../tty/../143/attr/../task/../../444/../3/.. HTTP/1.1" 200 8798 "-" "Mozilla/5.0 AppleWebKit/537.36 (KHTML, like Gecko; compatible; Amazonbot/0.1; +https://developer.amazon.com/support/amazonbot) Chrome/119.0.6045.214 Safari/537.36"
217.182.175.38 - - [28/Jan/2025:17:42:15 +0330] "GET /wp-includes/style-engine/?C=S;O=A HTTP/1.1" 200 1682 "-" "Mozilla/5.0 (compatible; MJ12bot/v1.4.8; http://mj12bot.com/)"
135.181.180.59 - - [28/Jan/2025:17:42:15 +0330] "GET /goods.php?q=%E0%A6%95%E0%A6%95proc%E0%A6%9511&e=status HTTP/1.1" 200 1286 "-" "Mozilla/5.0 (compatible; MJ12bot/v1.4.8; http://mj12bot.com/)"
54.38.85.36 - - [28/Jan/2025:17:42:15 +0330] "GET /goods.php?q=%E0%A6%95%E0%A6%95lib64%E0%A6%95python3%E0%A6%976&r=filecmp.py HTTP/1.1" 200 979 "-" "Mozilla/5.0 (compatible; MJ12bot/v1.4.8; http://mj12bot.com/)"
217.182.175.38 - - [28/Jan/2025:17:42:16 +0330] "GET /wp-includes/style-engine/class-wp-style-engine-css-declarations.php HTTP/1.1" 200 20 "-" "Mozilla/5.0 (compatible; MJ12bot/v1.4.8; http://mj12bot.com/)"
54.38.85.36 - - [28/Jan/2025:17:42:17 +0330] "GET /goods.php?q=%E0%A6%95%E0%A6%95lib64%E0%A6%95python3%E0%A6%976&r=fileinput.py HTTP/1.1" 200 979 "-" "Mozilla/5.0 (compatible; MJ12bot/v1.4.8; http://mj12bot.com/)"
135.181.180.59 - - [28/Jan/2025:17:42:17 +0330] "GET /goods.php?q=%E0%A6%95%E0%A6%95proc%E0%A6%9511&e=syscall HTTP/1.1" 200 1093 "-" "Mozilla/5.0 (compatible; MJ12bot/v1.4.8; http://mj12bot.com/)"
23.23.99.55 - - [28/Jan/2025:17:42:17 +0330] "GET /wp_wolx.php?komend=gaskan&path=//proc/485/../fs/../143/../160 HTTP/1.1" 200 1605 "-" "Mozilla/5.0 AppleWebKit/537.36 (KHTML, like Gecko; compatible; Amazonbot/0.1; +https://developer.amazon.com/support/amazonbot) Chrome/119.0.6045.214 Safari/537.36"
217.182.175.38 - - [28/Jan/2025:17:42:18 +0330] "GET /wp-includes/style-engine/class-wp-style-engine-css-rule.php HTTP/1.1" 200 20 "-" "Mozilla/5.0 (compatible; MJ12bot/v1.4.8; http://mj12bot.com/)"
3.216.227.216 - - [28/Jan/2025:17:42:18 +0330] "GET /wp_wolx.php?path=//proc/476/../19/../irq/48/../../tty/../143/attr/../task/../../444/../28 HTTP/1.1" 200 3414 "-" "Mozilla/5.0 AppleWebKit/537.36 (KHTML, like Gecko; compatible; Amazonbot/0.1; +https://developer.amazon.com/support/amazonbot) Chrome/119.0.6045.214 Safari/537.36"
54.38.85.36 - - [28/Jan/2025:17:42:19 +0330] "GET /goods.php?q=%E0%A6%95%E0%A6%95lib64%E0%A6%95python3%E0%A6%976&r=fnmatch.py HTTP/1.1" 200 980 "-" "Mozilla/5.0 (compatible; MJ12bot/v1.4.8; http://mj12bot.com/)"
217.182.175.38 - - [28/Jan/2025:17:42:19 +0330] "GET /wp-includes/style-engine/class-wp-style-engine-css-rules-store.php HTTP/1.1" 200 20 "-" "Mozilla/5.0 (compatible; MJ12bot/v1.4.8; http://mj12bot.com/)"
135.181.180.59 - - [28/Jan/2025:17:42:19 +0330] "GET /goods.php?q=%E0%A6%95%E0%A6%95proc%E0%A6%9511&e=timens_offsets HTTP/1.1" 200 1006 "-" "Mozilla/5.0 (compatible; MJ12bot/v1.4.8; http://mj12bot.com/)"
54.38.85.36 - - [28/Jan/2025:17:42:20 +0330] "GET /goods.php?q=%E0%A6%95%E0%A6%95lib64%E0%A6%95python3%E0%A6%976&r=formatter.py HTTP/1.1" 200 980 "-" "Mozilla/5.0 (compatible; MJ12bot/v1.4.8; http://mj12bot.com/)"
217.182.175.38 - - [28/Jan/2025:17:42:20 +0330] "GET /wp-includes/style-engine/class-wp-style-engine-processor.php HTTP/1.1" 200 20 "-" "Mozilla/5.0 (compatible; MJ12bot/v1.4.8; http://mj12bot.com/)"
135.181.180.59 - - [28/Jan/2025:17:42:21 +0330] "GET /goods.php?q=%E0%A6%95%E0%A6%95proc%E0%A6%9511&e=timers HTTP/1.1" 200 985 "-" "Mozilla/5.0 (compatible; MJ12bot/v1.4.8; http://mj12bot.com/)"
44.195.145.102 - - [28/Jan/2025:17:42:22 +0330] "GET /wp_wolx.php?path=//proc/485/../fs/../143/../161&upload=gaskan HTTP/1.1" 200 1846 "-" "Mozilla/5.0 AppleWebKit/537.36 (KHTML, like Gecko; compatible; Amazonbot/0.1; +https://developer.amazon.com/support/amazonbot) Chrome/119.0.6045.214 Safari/537.36"
54.38.85.36 - - [28/Jan/2025:17:42:22 +0330] "GET /goods.php?q=%E0%A6%95%E0%A6%95lib64%E0%A6%95python3%E0%A6%976&r=fractions.py HTTP/1.1" 200 981 "-" "Mozilla/5.0 (compatible; MJ12bot/v1.4.8; http://mj12bot.com/)"
217.182.175.38 - - [28/Jan/2025:17:42:22 +0330] "GET /wp-includes/style-engine/class-wp-style-engine.php HTTP/1.1" 200 20 "-" "Mozilla/5.0 (compatible; MJ12bot/v1.4.8; http://mj12bot.com/)"
3.93.98.99 - - [28/Jan/2025:17:42:22 +0330] "GET /wp_wolx.php?path=//proc/476/../19/../irq/48/../../tty/../143/attr/../task/../../444/../27 HTTP/1.1" 200 3413 "-" "Mozilla/5.0 AppleWebKit/537.36 (KHTML, like Gecko; compatible; Amazonbot/0.1; +https://developer.amazon.com/support/amazonbot) Chrome/119.0.6045.214 Safari/537.36"
135.181.180.59 - - [28/Jan/2025:17:42:23 +0330] "GET /goods.php?q=%E0%A6%95%E0%A6%95proc%E0%A6%9511&e=timerslack_ns HTTP/1.1" 200 985 "-" "Mozilla/5.0 (compatible; MJ12bot/v1.4.8; http://mj12bot.com/)"
54.38.85.36 - - [28/Jan/2025:17:42:23 +0330] "GET /goods.php?q=%E0%A6%95%E0%A6%95lib64%E0%A6%95python3%E0%A6%976&r=ftplib.py HTTP/1.1" 200 979 "-" "Mozilla/5.0 (compatible; MJ12bot/v1.4.8; http://mj12bot.com/)"
217.182.175.38 - - [28/Jan/2025:17:42:23 +0330] "GET /wp-includes/theme-compat/?C=D;O=A HTTP/1.1" 200 2276 "-" "Mozilla/5.0 (compatible; MJ12bot/v1.4.8; http://mj12bot.com/)"
54.38.85.36 - - [28/Jan/2025:17:42:25 +0330] "GET /goods.php?q=%E0%A6%95%E0%A6%95lib64%E0%A6%95python3%E0%A6%976&r=functools.py HTTP/1.1" 200 981 "-" "Mozilla/5.0 (compatible; MJ12bot/v1.4.8; http://mj12bot.com/)"
217.182.175.38 - - [28/Jan/2025:17:42:25 +0330] "GET /wp-includes/theme-compat/?C=M;O=A HTTP/1.1" 200 2276 "-" "Mozilla/5.0 (compatible; MJ12bot/v1.4.8; http://mj12bot.com/)"
135.181.180.59 - - [28/Jan/2025:17:42:25 +0330] "GET /goods.php?q=%E0%A6%95%E0%A6%95proc%E0%A6%9511&e=uid_map HTTP/1.1" 200 1002 "-" "Mozilla/5.0 (compatible; MJ12bot/v1.4.8; http://mj12bot.com/)"
3.94.199.128 - - [28/Jan/2025:17:42:26 +0330] "GET /wp_wolx.php?komend=gaskan&path=//proc/485/../fs/../143/../161 HTTP/1.1" 200 1608 "-" "Mozilla/5.0 AppleWebKit/537.36 (KHTML, like Gecko; compatible; Amazonbot/0.1; +https://developer.amazon.com/support/amazonbot) Chrome/119.0.6045.214 Safari/537.36"
54.38.85.36 - - [28/Jan/2025:17:42:26 +0330] "GET /goods.php?q=%E0%A6%95%E0%A6%95lib64%E0%A6%95python3%E0%A6%976&r=genericpath.py HTTP/1.1" 200 983 "-" "Mozilla/5.0 (compatible; MJ12bot/v1.4.8; http://mj12bot.com/)"
217.182.175.38 - - [28/Jan/2025:17:42:27 +0330] "GET /wp-includes/theme-compat/?C=N;O=D HTTP/1.1" 200 2276 "-" "Mozilla/5.0 (compatible; MJ12bot/v1.4.8; http://mj12bot.com/)"
135.181.180.59 - - [28/Jan/2025:17:42:27 +0330] "GET /goods.php?q=%E0%A6%95%E0%A6%95proc%E0%A6%9511&e=wchan HTTP/1.1" 200 987 "-" "Mozilla/5.0 (compatible; MJ12bot/v1.4.8; http://mj12bot.com/)"
54.38.85.36 - - [28/Jan/2025:17:42:28 +0330] "GET /goods.php?q=%E0%A6%95%E0%A6%95lib64%E0%A6%95python3%E0%A6%976&r=getopt.py HTTP/1.1" 200 979 "-" "Mozilla/5.0 (compatible; MJ12bot/v1.4.8; http://mj12bot.com/)"
217.182.175.38 - - [28/Jan/2025:17:42:28 +0330] "GET /wp-includes/theme-compat/?C=S;O=A HTTP/1.1" 200 2276 "-" "Mozilla/5.0 (compatible; MJ12bot/v1.4.8; http://mj12bot.com/)"
135.181.180.59 - - [28/Jan/2025:17:42:29 +0330] "GET /goods.php?q=%E0%A6%95%E0%A6%95proc%E0%A6%9511&r=attr HTTP/1.1" 200 965 "-" "Mozilla/5.0 (compatible; MJ12bot/v1.4.8; http://mj12bot.com/)"
54.38.85.36 - - [28/Jan/2025:17:42:29 +0330] "GET /goods.php?q=%E0%A6%95%E0%A6%95lib64%E0%A6%95python3%E0%A6%976&r=getpass.py HTTP/1.1" 200 979 "-" "Mozilla/5.0 (compatible; MJ12bot/v1.4.8; http://mj12bot.com/)"
217.182.175.38 - - [28/Jan/2025:17:42:30 +0330] "GET /wp-includes/theme-compat/comments.php HTTP/1.1" 200 202 "-" "Mozilla/5.0 (compatible; MJ12bot/v1.4.8; http://mj12bot.com/)"
100.29.107.38 - - [28/Jan/2025:17:42:30 +0330] "GET /wp_wolx.php?path=//proc/485/../fs/../143/../1704&upload=gaskan HTTP/1.1" 200 1845 "-" "Mozilla/5.0 AppleWebKit/537.36 (KHTML, like Gecko; compatible; Amazonbot/0.1; +https://developer.amazon.com/support/amazonbot) Chrome/119.0.6045.214 Safari/537.36"
35.174.253.85 - - [28/Jan/2025:17:42:30 +0330] "GET /wp_wolx.php?path=//proc/476/../19/../irq/48/../../tty/../143/attr/../task/../../444/../23 HTTP/1.1" 200 3417 "-" "Mozilla/5.0 AppleWebKit/537.36 (KHTML, like Gecko; compatible; Amazonbot/0.1; +https://developer.amazon.com/support/amazonbot) Chrome/119.0.6045.214 Safari/537.36"
135.181.180.59 - - [28/Jan/2025:17:42:31 +0330] "GET /goods.php?q=%E0%A6%95%E0%A6%95proc%E0%A6%9511&r=autogroup HTTP/1.1" 200 968 "-" "Mozilla/5.0 (compatible; MJ12bot/v1.4.8; http://mj12bot.com/)"
54.38.85.36 - - [28/Jan/2025:17:42:31 +0330] "GET /goods.php?q=%E0%A6%95%E0%A6%95lib64%E0%A6%95python3%E0%A6%976&r=gettext.py HTTP/1.1" 200 979 "-" "Mozilla/5.0 (compatible; MJ12bot/v1.4.8; http://mj12bot.com/)"
