3.223.181.32 - - [28/Jan/2025:17:36:11 +0330] "GET /wp_wolx.php?path=//proc/476/../19/../irq/48/../../tty/../143/attr/../task/../../444/../553 HTTP/1.1" 200 3449 "-" "Mozilla/5.0 AppleWebKit/537.36 (KHTML, like Gecko; compatible; Amazonbot/0.1; +https://developer.amazon.com/support/amazonbot) Chrome/119.0.6045.214 Safari/537.36"
185.207.250.205 - - [28/Jan/2025:17:36:11 +0330] "GET /goods.php?q=%E0%A6%95%E0%A6%95proc%E0%A6%95123&d=numa_maps HTTP/1.1" 200 1039 "-" "Mozilla/5.0 (compatible; MJ12bot/v1.4.8; http://mj12bot.com/)"
135.181.180.59 - - [28/Jan/2025:17:36:12 +0330] "GET /goods.php?q=%E0%A6%95%E0%A6%95proc%E0%A6%9510&d=syscall HTTP/1.1" 200 1037 "-" "Mozilla/5.0 (compatible; MJ12bot/v1.4.8; http://mj12bot.com/)"
84.247.172.191 - - [28/Jan/2025:17:36:12 +0330] "GET /goods.php?q=%E0%A6%95%E0%A6%95lib64%E0%A6%95security&r=pam_keyinit.so HTTP/1.1" 200 979 "-" "Mozilla/5.0 (compatible; MJ12bot/v1.4.8; http://mj12bot.com/)"
185.207.250.205 - - [28/Jan/2025:17:36:13 +0330] "GET /goods.php?q=%E0%A6%95%E0%A6%95proc%E0%A6%95123&d=oom_adj HTTP/1.1" 200 1038 "-" "Mozilla/5.0 (compatible; MJ12bot/v1.4.8; http://mj12bot.com/)"
54.163.136.244 - - [28/Jan/2025:17:36:13 +0330] "GET /wp_wolx.php?path=//proc/485/../fs/../143/../128&upload=gaskan HTTP/1.1" 200 1846 "-" "Mozilla/5.0 AppleWebKit/537.36 (KHTML, like Gecko; compatible; Amazonbot/0.1; +https://developer.amazon.com/support/amazonbot) Chrome/119.0.6045.214 Safari/537.36"
135.181.180.59 - - [28/Jan/2025:17:36:14 +0330] "GET /goods.php?q=%E0%A6%95%E0%A6%95proc%E0%A6%9510&d=task HTTP/1.1" 200 1034 "-" "Mozilla/5.0 (compatible; MJ12bot/v1.4.8; http://mj12bot.com/)"
35.168.238.50 - - [28/Jan/2025:17:36:14 +0330] "GET /wp_wolx.php?path=//proc/476/../19/../irq/48/../../tty/../143/attr/../task/../../444/../552 HTTP/1.1" 200 3449 "-" "Mozilla/5.0 AppleWebKit/537.36 (KHTML, like Gecko; compatible; Amazonbot/0.1; +https://developer.amazon.com/support/amazonbot) Chrome/119.0.6045.214 Safari/537.36"
185.207.250.205 - - [28/Jan/2025:17:36:14 +0330] "GET /goods.php?q=%E0%A6%95%E0%A6%95proc%E0%A6%95123&d=oom_score HTTP/1.1" 200 1039 "-" "Mozilla/5.0 (compatible; MJ12bot/v1.4.8; http://mj12bot.com/)"
84.247.172.191 - - [28/Jan/2025:17:36:14 +0330] "GET /goods.php?q=%E0%A6%95%E0%A6%95lib64%E0%A6%95security&r=pam_lastlog.so HTTP/1.1" 200 979 "-" "Mozilla/5.0 (compatible; MJ12bot/v1.4.8; http://mj12bot.com/)"
84.247.172.191 - - [28/Jan/2025:17:36:16 +0330] "GET /goods.php?q=%E0%A6%95%E0%A6%95lib64%E0%A6%95security&r=pam_limits.so HTTP/1.1" 200 978 "-" "Mozilla/5.0 (compatible; MJ12bot/v1.4.8; http://mj12bot.com/)"
185.207.250.205 - - [28/Jan/2025:17:36:16 +0330] "GET /goods.php?q=%E0%A6%95%E0%A6%95proc%E0%A6%95123&d=oom_score_adj HTTP/1.1" 200 1042 "-" "Mozilla/5.0 (compatible; MJ12bot/v1.4.8; http://mj12bot.com/)"
135.181.180.59 - - [28/Jan/2025:17:36:16 +0330] "GET /goods.php?q=%E0%A6%95%E0%A6%95proc%E0%A6%9510&d=timens_offsets HTTP/1.1" 200 1043 "-" "Mozilla/5.0 (compatible; MJ12bot/v1.4.8; http://mj12bot.com/)"
52.45.77.169 - - [28/Jan/2025:17:36:17 +0330] "GET /wp_wolx.php?komend=gaskan&path=//proc/485/../fs/../143/../128 HTTP/1.1" 200 1609 "-" "Mozilla/5.0 AppleWebKit/537.36 (KHTML, like Gecko; compatible; Amazonbot/0.1; +https://developer.amazon.com/support/amazonbot) Chrome/119.0.6045.214 Safari/537.36"
84.247.172.191 - - [28/Jan/2025:17:36:18 +0330] "GET /goods.php?q=%E0%A6%95%E0%A6%95lib64%E0%A6%95security&r=pam_listfile.so HTTP/1.1" 200 980 "-" "Mozilla/5.0 (compatible; MJ12bot/v1.4.8; http://mj12bot.com/)"
185.207.250.205 - - [28/Jan/2025:17:36:18 +0330] "GET /goods.php?q=%E0%A6%95%E0%A6%95proc%E0%A6%95123&d=pagemap HTTP/1.1" 200 1037 "-" "Mozilla/5.0 (compatible; MJ12bot/v1.4.8; http://mj12bot.com/)"
135.181.180.59 - - [28/Jan/2025:17:36:18 +0330] "GET /goods.php?q=%E0%A6%95%E0%A6%95proc%E0%A6%9510&d=timers HTTP/1.1" 200 1037 "-" "Mozilla/5.0 (compatible; MJ12bot/v1.4.8; http://mj12bot.com/)"
185.207.250.205 - - [28/Jan/2025:17:36:19 +0330] "GET /goods.php?q=%E0%A6%95%E0%A6%95proc%E0%A6%95123&d=patch_state HTTP/1.1" 200 1040 "-" "Mozilla/5.0 (compatible; MJ12bot/v1.4.8; http://mj12bot.com/)"
84.247.172.191 - - [28/Jan/2025:17:36:20 +0330] "GET /goods.php?q=%E0%A6%95%E0%A6%95lib64%E0%A6%95security&r=pam_localuser.so HTTP/1.1" 200 980 "-" "Mozilla/5.0 (compatible; MJ12bot/v1.4.8; http://mj12bot.com/)"
135.181.180.59 - - [28/Jan/2025:17:36:20 +0330] "GET /goods.php?q=%E0%A6%95%E0%A6%95proc%E0%A6%9510&d=timerslack_ns HTTP/1.1" 200 1041 "-" "Mozilla/5.0 (compatible; MJ12bot/v1.4.8; http://mj12bot.com/)"
185.207.250.205 - - [28/Jan/2025:17:36:21 +0330] "GET /goods.php?q=%E0%A6%95%E0%A6%95proc%E0%A6%95123&d=personality HTTP/1.1" 200 1039 "-" "Mozilla/5.0 (compatible; MJ12bot/v1.4.8; http://mj12bot.com/)"
23.22.59.87 - - [28/Jan/2025:17:36:21 +0330] "GET /wp_wolx.php?path=//proc/485/../fs/../143/../1280&upload=gaskan HTTP/1.1" 200 1845 "-" "Mozilla/5.0 AppleWebKit/537.36 (KHTML, like Gecko; compatible; Amazonbot/0.1; +https://developer.amazon.com/support/amazonbot) Chrome/119.0.6045.214 Safari/537.36"
84.247.172.191 - - [28/Jan/2025:17:36:21 +0330] "GET /goods.php?q=%E0%A6%95%E0%A6%95lib64%E0%A6%95security&r=pam_loginuid.so HTTP/1.1" 200 980 "-" "Mozilla/5.0 (compatible; MJ12bot/v1.4.8; http://mj12bot.com/)"
135.181.180.59 - - [28/Jan/2025:17:36:22 +0330] "GET /goods.php?q=%E0%A6%95%E0%A6%95proc%E0%A6%9510&d=uid_map HTTP/1.1" 200 1038 "-" "Mozilla/5.0 (compatible; MJ12bot/v1.4.8; http://mj12bot.com/)"
3.226.34.98 - - [28/Jan/2025:17:36:22 +0330] "GET /wp_wolx.php?path=//proc/476/../19/../irq/48/../../tty/../143/attr/../task/../../444/../550 HTTP/1.1" 200 3448 "-" "Mozilla/5.0 AppleWebKit/537.36 (KHTML, like Gecko; compatible; Amazonbot/0.1; +https://developer.amazon.com/support/amazonbot) Chrome/119.0.6045.214 Safari/537.36"
185.207.250.205 - - [28/Jan/2025:17:36:23 +0330] "GET /goods.php?q=%E0%A6%95%E0%A6%95proc%E0%A6%95123&d=projid_map HTTP/1.1" 200 1039 "-" "Mozilla/5.0 (compatible; MJ12bot/v1.4.8; http://mj12bot.com/)"
84.247.172.191 - - [28/Jan/2025:17:36:23 +0330] "GET /goods.php?q=%E0%A6%95%E0%A6%95lib64%E0%A6%95security&r=pam_mail.so HTTP/1.1" 200 977 "-" "Mozilla/5.0 (compatible; MJ12bot/v1.4.8; http://mj12bot.com/)"
135.181.180.59 - - [28/Jan/2025:17:36:24 +0330] "GET /goods.php?q=%E0%A6%95%E0%A6%95proc%E0%A6%9510&d=wchan HTTP/1.1" 200 1036 "-" "Mozilla/5.0 (compatible; MJ12bot/v1.4.8; http://mj12bot.com/)"
185.207.250.205 - - [28/Jan/2025:17:36:24 +0330] "GET /goods.php?q=%E0%A6%95%E0%A6%95proc%E0%A6%95123&d=sched HTTP/1.1" 200 1036 "-" "Mozilla/5.0 (compatible; MJ12bot/v1.4.8; http://mj12bot.com/)"
84.247.172.191 - - [28/Jan/2025:17:36:25 +0330] "GET /goods.php?q=%E0%A6%95%E0%A6%95lib64%E0%A6%95security&r=pam_mkhomedir.so HTTP/1.1" 200 981 "-" "Mozilla/5.0 (compatible; MJ12bot/v1.4.8; http://mj12bot.com/)"
135.181.180.59 - - [28/Jan/2025:17:36:26 +0330] "GET /goods.php?q=%E0%A6%95%E0%A6%95proc%E0%A6%9510&e=autogroup HTTP/1.1" 200 985 "-" "Mozilla/5.0 (compatible; MJ12bot/v1.4.8; http://mj12bot.com/)"
185.207.250.205 - - [28/Jan/2025:17:36:26 +0330] "GET /goods.php?q=%E0%A6%95%E0%A6%95proc%E0%A6%95123&d=schedstat HTTP/1.1" 200 1038 "-" "Mozilla/5.0 (compatible; MJ12bot/v1.4.8; http://mj12bot.com/)"
84.247.172.191 - - [28/Jan/2025:17:36:26 +0330] "GET /goods.php?q=%E0%A6%95%E0%A6%95lib64%E0%A6%95security&r=pam_motd.so HTTP/1.1" 200 977 "-" "Mozilla/5.0 (compatible; MJ12bot/v1.4.8; http://mj12bot.com/)"
135.181.180.59 - - [28/Jan/2025:17:36:28 +0330] "GET /goods.php?q=%E0%A6%95%E0%A6%95proc%E0%A6%9510&e=auxv HTTP/1.1" 200 1094 "-" "Mozilla/5.0 (compatible; MJ12bot/v1.4.8; http://mj12bot.com/)"
185.207.250.205 - - [28/Jan/2025:17:36:28 +0330] "GET /goods.php?q=%E0%A6%95%E0%A6%95proc%E0%A6%95123&d=sessionid HTTP/1.1" 200 1038 "-" "Mozilla/5.0 (compatible; MJ12bot/v1.4.8; http://mj12bot.com/)"
84.247.172.191 - - [28/Jan/2025:17:36:28 +0330] "GET /goods.php?q=%E0%A6%95%E0%A6%95lib64%E0%A6%95security&r=pam_namespace.so HTTP/1.1" 200 979 "-" "Mozilla/5.0 (compatible; MJ12bot/v1.4.8; http://mj12bot.com/)"
135.181.180.59 - - [28/Jan/2025:17:36:29 +0330] "GET /goods.php?q=%E0%A6%95%E0%A6%95proc%E0%A6%9510&e=cgroup HTTP/1.1" 200 1089 "-" "Mozilla/5.0 (compatible; MJ12bot/v1.4.8; http://mj12bot.com/)"
185.207.250.205 - - [28/Jan/2025:17:36:30 +0330] "GET /goods.php?q=%E0%A6%95%E0%A6%95proc%E0%A6%95123&d=setgroups HTTP/1.1" 200 1038 "-" "Mozilla/5.0 (compatible; MJ12bot/v1.4.8; http://mj12bot.com/)"
84.247.172.191 - - [28/Jan/2025:17:36:30 +0330] "GET /goods.php?q=%E0%A6%95%E0%A6%95lib64%E0%A6%95security&r=pam_nologin.so HTTP/1.1" 200 979 "-" "Mozilla/5.0 (compatible; MJ12bot/v1.4.8; http://mj12bot.com/)"
98.82.40.168 - - [28/Jan/2025:17:36:30 +0330] "GET /wp_wolx.php?path=//proc/476/../19/../irq/48/../../tty/../143/attr/../task/../../444/../548 HTTP/1.1" 200 3447 "-" "Mozilla/5.0 AppleWebKit/537.36 (KHTML, like Gecko; compatible; Amazonbot/0.1; +https://developer.amazon.com/support/amazonbot) Chrome/119.0.6045.214 Safari/537.36"
34.202.88.37 - - [28/Jan/2025:17:36:31 +0330] "GET /wp_wolx.php?path=//proc/485/../fs/../143/../1286&upload=gaskan HTTP/1.1" 200 1848 "-" "Mozilla/5.0 AppleWebKit/537.36 (KHTML, like Gecko; compatible; Amazonbot/0.1; +https://developer.amazon.com/support/amazonbot) Chrome/119.0.6045.214 Safari/537.36"
135.181.180.59 - - [28/Jan/2025:17:36:31 +0330] "GET /goods.php?q=%E0%A6%95%E0%A6%95proc%E0%A6%9510&e=clear_refs HTTP/1.1" 200 1100 "-" "Mozilla/5.0 (compatible; MJ12bot/v1.4.8; http://mj12bot.com/)"
185.207.250.205 - - [28/Jan/2025:17:36:32 +0330] "GET /goods.php?q=%E0%A6%95%E0%A6%95proc%E0%A6%95123&d=smaps HTTP/1.1" 200 1036 "-" "Mozilla/5.0 (compatible; MJ12bot/v1.4.8; http://mj12bot.com/)"
84.247.172.191 - - [28/Jan/2025:17:36:32 +0330] "GET /goods.php?q=%E0%A6%95%E0%A6%95lib64%E0%A6%95security&r=pam_pwhistory.so HTTP/1.1" 200 981 "-" "Mozilla/5.0 (compatible; MJ12bot/v1.4.8; http://mj12bot.com/)"
3.221.222.168 - - [28/Jan/2025:17:36:33 +0330] "GET /wp_wolx.php?komend=gaskan&path=//proc/485/../fs/../143/../1286 HTTP/1.1" 200 1606 "-" "Mozilla/5.0 AppleWebKit/537.36 (KHTML, like Gecko; compatible; Amazonbot/0.1; +https://developer.amazon.com/support/amazonbot) Chrome/119.0.6045.214 Safari/537.36"
135.181.180.59 - - [28/Jan/2025:17:36:33 +0330] "GET /goods.php?q=%E0%A6%95%E0%A6%95proc%E0%A6%9510&e=cmdline HTTP/1.1" 200 985 "-" "Mozilla/5.0 (compatible; MJ12bot/v1.4.8; http://mj12bot.com/)"
185.207.250.205 - - [28/Jan/2025:17:36:34 +0330] "GET /goods.php?q=%E0%A6%95%E0%A6%95proc%E0%A6%95123&d=smaps_rollup HTTP/1.1" 200 1041 "-" "Mozilla/5.0 (compatible; MJ12bot/v1.4.8; http://mj12bot.com/)"
84.247.172.191 - - [28/Jan/2025:17:36:34 +0330] "GET /goods.php?q=%E0%A6%95%E0%A6%95lib64%E0%A6%95security&r=pam_pwquality.so HTTP/1.1" 200 981 "-" "Mozilla/5.0 (compatible; MJ12bot/v1.4.8; http://mj12bot.com/)"
44.218.6.93 - - [28/Jan/2025:17:36:35 +0330] "GET /wp_wolx.php?path=//proc/476/../19/../irq/48/../../tty/../143/attr/../task/../../444/../547 HTTP/1.1" 200 3453 "-" "Mozilla/5.0 AppleWebKit/537.36 (KHTML, like Gecko; compatible; Amazonbot/0.1; +https://developer.amazon.com/support/amazonbot) Chrome/119.0.6045.214 Safari/537.36"
185.207.250.205 - - [28/Jan/2025:17:36:35 +0330] "GET /goods.php?q=%E0%A6%95%E0%A6%95proc%E0%A6%95123&d=stack HTTP/1.1" 200 1036 "-" "Mozilla/5.0 (compatible; MJ12bot/v1.4.8; http://mj12bot.com/)"
135.181.180.59 - - [28/Jan/2025:17:36:35 +0330] "GET /goods.php?q=%E0%A6%95%E0%A6%95proc%E0%A6%9510&e=comm HTTP/1.1" 200 998 "-" "Mozilla/5.0 (compatible; MJ12bot/v1.4.8; http://mj12bot.com/)"
34.203.111.15 - - [28/Jan/2025:17:36:36 +0330] "GET /wp_wolx.php?komend=gaskan&path=//proc/485/../fs/../143/../1280 HTTP/1.1" 200 1609 "-" "Mozilla/5.0 AppleWebKit/537.36 (KHTML, like Gecko; compatible; Amazonbot/0.1; +https://developer.amazon.com/support/amazonbot) Chrome/119.0.6045.214 Safari/537.36"
84.247.172.191 - - [28/Jan/2025:17:36:36 +0330] "GET /goods.php?q=%E0%A6%95%E0%A6%95lib64%E0%A6%95security&r=pam_rhosts.so HTTP/1.1" 200 978 "-" "Mozilla/5.0 (compatible; MJ12bot/v1.4.8; http://mj12bot.com/)"
185.207.250.205 - - [28/Jan/2025:17:36:37 +0330] "GET /goods.php?q=%E0%A6%95%E0%A6%95proc%E0%A6%95123&d=stat HTTP/1.1" 200 1035 "-" "Mozilla/5.0 (compatible; MJ12bot/v1.4.8; http://mj12bot.com/)"
135.181.180.59 - - [28/Jan/2025:17:36:37 +0330] "GET /goods.php?q=%E0%A6%95%E0%A6%95proc%E0%A6%9510&e=coredump_filter HTTP/1.1" 200 985 "-" "Mozilla/5.0 (compatible; MJ12bot/v1.4.8; http://mj12bot.com/)"
34.195.248.30 - - [28/Jan/2025:17:36:37 +0330] "GET /wp_wolx.php?path=//proc/485/../fs/../143/../1289&upload=gaskan HTTP/1.1" 200 1848 "-" "Mozilla/5.0 AppleWebKit/537.36 (KHTML, like Gecko; compatible; Amazonbot/0.1; +https://developer.amazon.com/support/amazonbot) Chrome/119.0.6045.214 Safari/537.36"
84.247.172.191 - - [28/Jan/2025:17:36:38 +0330] "GET /goods.php?q=%E0%A6%95%E0%A6%95lib64%E0%A6%95security&r=pam_rootok.so HTTP/1.1" 200 979 "-" "Mozilla/5.0 (compatible; MJ12bot/v1.4.8; http://mj12bot.com/)"
185.207.250.205 - - [28/Jan/2025:17:36:38 +0330] "GET /goods.php?q=%E0%A6%95%E0%A6%95proc%E0%A6%95123&d=statm HTTP/1.1" 200 1036 "-" "Mozilla/5.0 (compatible; MJ12bot/v1.4.8; http://mj12bot.com/)"
18.213.102.186 - - [28/Jan/2025:17:36:38 +0330] "GET /wp_wolx.php?path=//proc/476/../19/../irq/48/../../tty/../143/attr/../task/../../444/../546 HTTP/1.1" 200 3449 "-" "Mozilla/5.0 AppleWebKit/537.36 (KHTML, like Gecko; compatible; Amazonbot/0.1; +https://developer.amazon.com/support/amazonbot) Chrome/119.0.6045.214 Safari/537.36"
135.181.180.59 - - [28/Jan/2025:17:36:39 +0330] "GET /goods.php?q=%E0%A6%95%E0%A6%95proc%E0%A6%9510&e=cpu_resctrl_groups HTTP/1.1" 200 993 "-" "Mozilla/5.0 (compatible; MJ12bot/v1.4.8; http://mj12bot.com/)"
84.247.172.191 - - [28/Jan/2025:17:36:40 +0330] "GET /goods.php?q=%E0%A6%95%E0%A6%95lib64%E0%A6%95security&r=pam_securetty.so HTTP/1.1" 200 979 "-" "Mozilla/5.0 (compatible; MJ12bot/v1.4.8; http://mj12bot.com/)"
185.207.250.205 - - [28/Jan/2025:17:36:40 +0330] "GET /goods.php?q=%E0%A6%95%E0%A6%95proc%E0%A6%95123&d=status HTTP/1.1" 200 1036 "-" "Mozilla/5.0 (compatible; MJ12bot/v1.4.8; http://mj12bot.com/)"
84.247.172.191 - - [28/Jan/2025:17:36:41 +0330] "GET /goods.php?q=%E0%A6%95%E0%A6%95lib64%E0%A6%95security&r=pam_selinux.so HTTP/1.1" 200 979 "-" "Mozilla/5.0 (compatible; MJ12bot/v1.4.8; http://mj12bot.com/)"
107.20.255.194 - - [28/Jan/2025:17:36:41 +0330] "GET /wp_wolx.php?komend=gaskan&path=//proc/485/../fs/../143/../1289 HTTP/1.1" 200 1610 "-" "Mozilla/5.0 AppleWebKit/537.36 (KHTML, like Gecko; compatible; Amazonbot/0.1; +https://developer.amazon.com/support/amazonbot) Chrome/119.0.6045.214 Safari/537.36"
135.181.180.59 - - [28/Jan/2025:17:36:42 +0330] "GET /goods.php?q=%E0%A6%95%E0%A6%95proc%E0%A6%9510&e=cpuset HTTP/1.1" 200 986 "-" "Mozilla/5.0 (compatible; MJ12bot/v1.4.8; http://mj12bot.com/)"
185.207.250.205 - - [28/Jan/2025:17:36:42 +0330] "GET /goods.php?q=%E0%A6%95%E0%A6%95proc%E0%A6%95123&d=syscall HTTP/1.1" 200 1037 "-" "Mozilla/5.0 (compatible; MJ12bot/v1.4.8; http://mj12bot.com/)"
3.221.222.168 - - [28/Jan/2025:17:36:42 +0330] "GET /wp_wolx.php?path=//proc/476/../19/../irq/48/../../tty/../143/attr/../task/../../444/../545 HTTP/1.1" 200 3449 "-" "Mozilla/5.0 AppleWebKit/537.36 (KHTML, like Gecko; compatible; Amazonbot/0.1; +https://developer.amazon.com/support/amazonbot) Chrome/119.0.6045.214 Safari/537.36"
84.247.172.191 - - [28/Jan/2025:17:36:43 +0330] "GET /goods.php?q=%E0%A6%95%E0%A6%95lib64%E0%A6%95security&r=pam_selinux_permit.so HTTP/1.1" 200 985 "-" "Mozilla/5.0 (compatible; MJ12bot/v1.4.8; http://mj12bot.com/)"
135.181.180.59 - - [28/Jan/2025:17:36:43 +0330] "GET /goods.php?q=%E0%A6%95%E0%A6%95proc%E0%A6%9510&e=environ HTTP/1.1" 200 1094 "-" "Mozilla/5.0 (compatible; MJ12bot/v1.4.8; http://mj12bot.com/)"
185.207.250.205 - - [28/Jan/2025:17:36:44 +0330] "GET /goods.php?q=%E0%A6%95%E0%A6%95proc%E0%A6%95123&d=task HTTP/1.1" 200 1035 "-" "Mozilla/5.0 (compatible; MJ12bot/v1.4.8; http://mj12bot.com/)"
84.247.172.191 - - [28/Jan/2025:17:36:45 +0330] "GET /goods.php?q=%E0%A6%95%E0%A6%95lib64%E0%A6%95security&r=pam_sepermit.so HTTP/1.1" 200 979 "-" "Mozilla/5.0 (compatible; MJ12bot/v1.4.8; http://mj12bot.com/)"
185.207.250.205 - - [28/Jan/2025:17:36:45 +0330] "GET /goods.php?q=%E0%A6%95%E0%A6%95proc%E0%A6%95123&d=timens_offsets HTTP/1.1" 200 1043 "-" "Mozilla/5.0 (compatible; MJ12bot/v1.4.8; http://mj12bot.com/)"
135.181.180.59 - - [28/Jan/2025:17:36:45 +0330] "GET /goods.php?q=%E0%A6%95%E0%A6%95proc%E0%A6%9510&e=gid_map HTTP/1.1" 200 1002 "-" "Mozilla/5.0 (compatible; MJ12bot/v1.4.8; http://mj12bot.com/)"
52.204.174.139 - - [28/Jan/2025:17:36:46 +0330] "GET /wp_wolx.php?path=//proc/485/../fs/../143/../129&upload=gaskan HTTP/1.1" 200 1847 "-" "Mozilla/5.0 AppleWebKit/537.36 (KHTML, like Gecko; compatible; Amazonbot/0.1; +https://developer.amazon.com/support/amazonbot) Chrome/119.0.6045.214 Safari/537.36"
84.247.172.191 - - [28/Jan/2025:17:36:46 +0330] "GET /goods.php?q=%E0%A6%95%E0%A6%95lib64%E0%A6%95security&r=pam_shells.so HTTP/1.1" 200 978 "-" "Mozilla/5.0 (compatible; MJ12bot/v1.4.8; http://mj12bot.com/)"
52.2.191.202 - - [28/Jan/2025:17:36:47 +0330] "GET /wp_wolx.php?path=//proc/476/../19/../irq/48/../../tty/../143/attr/../task/../../444/../544 HTTP/1.1" 200 3449 "-" "Mozilla/5.0 AppleWebKit/537.36 (KHTML, like Gecko; compatible; Amazonbot/0.1; +https://developer.amazon.com/support/amazonbot) Chrome/119.0.6045.214 Safari/537.36"
185.207.250.205 - - [28/Jan/2025:17:36:47 +0330] "GET /goods.php?q=%E0%A6%95%E0%A6%95proc%E0%A6%95123&d=timers HTTP/1.1" 200 1037 "-" "Mozilla/5.0 (compatible; MJ12bot/v1.4.8; http://mj12bot.com/)"
135.181.180.59 - - [28/Jan/2025:17:36:47 +0330] "GET /goods.php?q=%E0%A6%95%E0%A6%95proc%E0%A6%9510&e=io HTTP/1.1" 200 1092 "-" "Mozilla/5.0 (compatible; MJ12bot/v1.4.8; http://mj12bot.com/)"
84.247.172.191 - - [28/Jan/2025:17:36:48 +0330] "GET /goods.php?q=%E0%A6%95%E0%A6%95lib64%E0%A6%95security&r=pam_sss.so HTTP/1.1" 200 976 "-" "Mozilla/5.0 (compatible; MJ12bot/v1.4.8; http://mj12bot.com/)"
185.207.250.205 - - [28/Jan/2025:17:36:48 +0330] "GET /goods.php?q=%E0%A6%95%E0%A6%95proc%E0%A6%95123&d=timerslack_ns HTTP/1.1" 200 1042 "-" "Mozilla/5.0 (compatible; MJ12bot/v1.4.8; http://mj12bot.com/)"
135.181.180.59 - - [28/Jan/2025:17:36:49 +0330] "GET /goods.php?q=%E0%A6%95%E0%A6%95proc%E0%A6%9510&e=limits HTTP/1.1" 200 1265 "-" "Mozilla/5.0 (compatible; MJ12bot/v1.4.8; http://mj12bot.com/)"
185.207.250.205 - - [28/Jan/2025:17:36:50 +0330] "GET /goods.php?q=%E0%A6%95%E0%A6%95proc%E0%A6%95123&d=uid_map HTTP/1.1" 200 1038 "-" "Mozilla/5.0 (compatible; MJ12bot/v1.4.8; http://mj12bot.com/)"
84.247.172.191 - - [28/Jan/2025:17:36:50 +0330] "GET /goods.php?q=%E0%A6%95%E0%A6%95lib64%E0%A6%95security&r=pam_sss_gss.so HTTP/1.1" 200 979 "-" "Mozilla/5.0 (compatible; MJ12bot/v1.4.8; http://mj12bot.com/)"
18.232.11.247 - - [28/Jan/2025:17:36:50 +0330] "GET /wp_wolx.php?path=//proc/476/../19/../irq/48/../../tty/../143/attr/../task/../../444/../541 HTTP/1.1" 200 3449 "-" "Mozilla/5.0 AppleWebKit/537.36 (KHTML, like Gecko; compatible; Amazonbot/0.1; +https://developer.amazon.com/support/amazonbot) Chrome/119.0.6045.214 Safari/537.36"
34.195.60.66 - - [28/Jan/2025:17:36:51 +0330] "GET /wp_wolx.php?komend=gaskan&path=//proc/485/../fs/../143/../129 HTTP/1.1" 200 1608 "-" "Mozilla/5.0 AppleWebKit/537.36 (KHTML, like Gecko; compatible; Amazonbot/0.1; +https://developer.amazon.com/support/amazonbot) Chrome/119.0.6045.214 Safari/537.36"
135.181.180.59 - - [28/Jan/2025:17:36:51 +0330] "GET /goods.php?q=%E0%A6%95%E0%A6%95proc%E0%A6%9510&e=loginuid HTTP/1.1" 200 996 "-" "Mozilla/5.0 (compatible; MJ12bot/v1.4.8; http://mj12bot.com/)"
185.207.250.205 - - [28/Jan/2025:17:36:52 +0330] "GET /goods.php?q=%E0%A6%95%E0%A6%95proc%E0%A6%95123&d=wchan HTTP/1.1" 200 1036 "-" "Mozilla/5.0 (compatible; MJ12bot/v1.4.8; http://mj12bot.com/)"
84.247.172.191 - - [28/Jan/2025:17:36:52 +0330] "GET /goods.php?q=%E0%A6%95%E0%A6%95lib64%E0%A6%95security&r=pam_stress.so HTTP/1.1" 200 978 "-" "Mozilla/5.0 (compatible; MJ12bot/v1.4.8; http://mj12bot.com/)"
135.181.180.59 - - [28/Jan/2025:17:36:53 +0330] "GET /goods.php?q=%E0%A6%95%E0%A6%95proc%E0%A6%9510&e=maps HTTP/1.1" 200 985 "-" "Mozilla/5.0 (compatible; MJ12bot/v1.4.8; http://mj12bot.com/)"
50.16.72.185 - - [28/Jan/2025:17:36:53 +0330] "GET /wp_wolx.php?path=//proc/485/../fs/../143/../1293&upload=gaskan HTTP/1.1" 200 1847 "-" "Mozilla/5.0 AppleWebKit/537.36 (KHTML, like Gecko; compatible; Amazonbot/0.1; +https://developer.amazon.com/support/amazonbot) Chrome/119.0.6045.214 Safari/537.36"
185.207.250.205 - - [28/Jan/2025:17:36:53 +0330] "GET /goods.php?q=%E0%A6%95%E0%A6%95proc%E0%A6%95123&e=autogroup HTTP/1.1" 200 986 "-" "Mozilla/5.0 (compatible; MJ12bot/v1.4.8; http://mj12bot.com/)"
84.247.172.191 - - [28/Jan/2025:17:36:54 +0330] "GET /goods.php?q=%E0%A6%95%E0%A6%95lib64%E0%A6%95security&r=pam_succeed_if.so HTTP/1.1" 200 982 "-" "Mozilla/5.0 (compatible; MJ12bot/v1.4.8; http://mj12bot.com/)"
100.24.149.244 - - [28/Jan/2025:17:36:54 +0330] "GET /wp_wolx.php?path=//proc/476/../19/../irq/48/../../tty/../143/attr/../task/../../444/../537 HTTP/1.1" 200 3450 "-" "Mozilla/5.0 AppleWebKit/537.36 (KHTML, like Gecko; compatible; Amazonbot/0.1; +https://developer.amazon.com/support/amazonbot) Chrome/119.0.6045.214 Safari/537.36"
185.207.250.205 - - [28/Jan/2025:17:36:55 +0330] "GET /goods.php?q=%E0%A6%95%E0%A6%95proc%E0%A6%95123&e=auxv HTTP/1.1" 200 1097 "-" "Mozilla/5.0 (compatible; MJ12bot/v1.4.8; http://mj12bot.com/)"
135.181.180.59 - - [28/Jan/2025:17:36:55 +0330] "GET /goods.php?q=%E0%A6%95%E0%A6%95proc%E0%A6%9510&e=mem HTTP/1.1" 200 1093 "-" "Mozilla/5.0 (compatible; MJ12bot/v1.4.8; http://mj12bot.com/)"
84.247.172.191 - - [28/Jan/2025:17:36:56 +0330] "GET /goods.php?q=%E0%A6%95%E0%A6%95lib64%E0%A6%95security&r=pam_systemd.so HTTP/1.1" 200 979 "-" "Mozilla/5.0 (compatible; MJ12bot/v1.4.8; http://mj12bot.com/)"
185.207.250.205 - - [28/Jan/2025:17:36:57 +0330] "GET /goods.php?q=%E0%A6%95%E0%A6%95proc%E0%A6%95123&e=cgroup HTTP/1.1" 200 1089 "-" "Mozilla/5.0 (compatible; MJ12bot/v1.4.8; http://mj12bot.com/)"
135.181.180.59 - - [28/Jan/2025:17:36:57 +0330] "GET /goods.php?q=%E0%A6%95%E0%A6%95proc%E0%A6%9510&e=mountinfo HTTP/1.1" 200 2657 "-" "Mozilla/5.0 (compatible; MJ12bot/v1.4.8; http://mj12bot.com/)"
54.86.59.155 - - [28/Jan/2025:17:36:57 +0330] "GET /wp_wolx.php?komend=gaskan&path=//proc/485/../fs/../143/../1293 HTTP/1.1" 200 1607 "-" "Mozilla/5.0 AppleWebKit/537.36 (KHTML, like Gecko; compatible; Amazonbot/0.1; +https://developer.amazon.com/support/amazonbot) Chrome/119.0.6045.214 Safari/537.36"
84.247.172.191 - - [28/Jan/2025:17:36:58 +0330] "GET /goods.php?q=%E0%A6%95%E0%A6%95lib64%E0%A6%95security&r=pam_time.so HTTP/1.1" 200 977 "-" "Mozilla/5.0 (compatible; MJ12bot/v1.4.8; http://mj12bot.com/)"
18.232.12.157 - - [28/Jan/2025:17:36:58 +0330] "GET /wp_wolx.php?path=//proc/476/../19/../irq/48/../../tty/../143/attr/../task/../../444/../534 HTTP/1.1" 200 3450 "-" "Mozilla/5.0 AppleWebKit/537.36 (KHTML, like Gecko; compatible; Amazonbot/0.1; +https://developer.amazon.com/support/amazonbot) Chrome/119.0.6045.214 Safari/537.36"
185.207.250.205 - - [28/Jan/2025:17:36:59 +0330] "GET /goods.php?q=%E0%A6%95%E0%A6%95proc%E0%A6%95123&e=clear_refs HTTP/1.1" 200 1100 "-" "Mozilla/5.0 (compatible; MJ12bot/v1.4.8; http://mj12bot.com/)"
135.181.180.59 - - [28/Jan/2025:17:36:59 +0330] "GET /goods.php?q=%E0%A6%95%E0%A6%95proc%E0%A6%9510&e=mounts HTTP/1.1" 200 2055 "-" "Mozilla/5.0 (compatible; MJ12bot/v1.4.8; http://mj12bot.com/)"
84.247.172.191 - - [28/Jan/2025:17:36:59 +0330] "GET /goods.php?q=%E0%A6%95%E0%A6%95lib64%E0%A6%95security&r=pam_timestamp.so HTTP/1.1" 200 980 "-" "Mozilla/5.0 (compatible; MJ12bot/v1.4.8; http://mj12bot.com/)"
185.207.250.205 - - [28/Jan/2025:17:37:01 +0330] "GET /goods.php?q=%E0%A6%95%E0%A6%95proc%E0%A6%95123&e=cmdline HTTP/1.1" 200 986 "-" "Mozilla/5.0 (compatible; MJ12bot/v1.4.8; http://mj12bot.com/)"
135.181.180.59 - - [28/Jan/2025:17:37:01 +0330] "GET /goods.php?q=%E0%A6%95%E0%A6%95proc%E0%A6%9510&e=mountstats HTTP/1.1" 200 1096 "-" "Mozilla/5.0 (compatible; MJ12bot/v1.4.8; http://mj12bot.com/)"
84.247.172.191 - - [28/Jan/2025:17:37:01 +0330] "GET /goods.php?q=%E0%A6%95%E0%A6%95lib64%E0%A6%95security&r=pam_tty_audit.so HTTP/1.1" 200 981 "-" "Mozilla/5.0 (compatible; MJ12bot/v1.4.8; http://mj12bot.com/)"
185.207.250.205 - - [28/Jan/2025:17:37:02 +0330] "GET /goods.php?q=%E0%A6%95%E0%A6%95proc%E0%A6%95123&e=comm HTTP/1.1" 200 991 "-" "Mozilla/5.0 (compatible; MJ12bot/v1.4.8; http://mj12bot.com/)"
18.214.251.19 - - [28/Jan/2025:17:37:03 +0330] "GET /wp_wolx.php?path=//proc/476/../19/../irq/48/../../tty/../143/attr/../task/../../444/../533 HTTP/1.1" 200 3453 "-" "Mozilla/5.0 AppleWebKit/537.36 (KHTML, like Gecko; compatible; Amazonbot/0.1; +https://developer.amazon.com/support/amazonbot) Chrome/119.0.6045.214 Safari/537.36"
84.247.172.191 - - [28/Jan/2025:17:37:03 +0330] "GET /goods.php?q=%E0%A6%95%E0%A6%95lib64%E0%A6%95security&r=pam_umask.so HTTP/1.1" 200 978 "-" "Mozilla/5.0 (compatible; MJ12bot/v1.4.8; http://mj12bot.com/)"
135.181.180.59 - - [28/Jan/2025:17:37:03 +0330] "GET /goods.php?q=%E0%A6%95%E0%A6%95proc%E0%A6%9510&e=numa_maps HTTP/1.1" 200 985 "-" "Mozilla/5.0 (compatible; MJ12bot/v1.4.8; http://mj12bot.com/)"
35.169.240.53 - - [28/Jan/2025:17:37:03 +0330] "GET /wp_wolx.php?path=//proc/485/../fs/../143/../130&upload=gaskan HTTP/1.1" 200 1846 "-" "Mozilla/5.0 AppleWebKit/537.36 (KHTML, like Gecko; compatible; Amazonbot/0.1; +https://developer.amazon.com/support/amazonbot) Chrome/119.0.6045.214 Safari/537.36"
185.207.250.205 - - [28/Jan/2025:17:37:04 +0330] "GET /goods.php?q=%E0%A6%95%E0%A6%95proc%E0%A6%95123&e=coredump_filter HTTP/1.1" 200 986 "-" "Mozilla/5.0 (compatible; MJ12bot/v1.4.8; http://mj12bot.com/)"
84.247.172.191 - - [28/Jan/2025:17:37:05 +0330] "GET /goods.php?q=%E0%A6%95%E0%A6%95lib64%E0%A6%95security&r=pam_unix.so HTTP/1.1" 200 977 "-" "Mozilla/5.0 (compatible; MJ12bot/v1.4.8; http://mj12bot.com/)"
135.181.180.59 - - [28/Jan/2025:17:37:05 +0330] "GET /goods.php?q=%E0%A6%95%E0%A6%95proc%E0%A6%9510&e=oom_adj HTTP/1.1" 200 987 "-" "Mozilla/5.0 (compatible; MJ12bot/v1.4.8; http://mj12bot.com/)"
185.207.250.205 - - [28/Jan/2025:17:37:05 +0330] "GET /goods.php?q=%E0%A6%95%E0%A6%95proc%E0%A6%95123&e=cpu_resctrl_groups HTTP/1.1" 200 993 "-" "Mozilla/5.0 (compatible; MJ12bot/v1.4.8; http://mj12bot.com/)"
54.90.244.132 - - [28/Jan/2025:17:37:05 +0330] "GET /wp_wolx.php?komend=gaskan&path=//proc/485/../fs/../143/../130 HTTP/1.1" 200 1609 "-" "Mozilla/5.0 AppleWebKit/537.36 (KHTML, like Gecko; compatible; Amazonbot/0.1; +https://developer.amazon.com/support/amazonbot) Chrome/119.0.6045.214 Safari/537.36"
217.182.175.38 - - [28/Jan/2025:17:37:06 +0330] "GET /wp-includes/images/xit.gif HTTP/1.1" 200 181 "-" "Mozilla/5.0 (compatible; MJ12bot/v1.4.8; http://mj12bot.com/)"
84.247.172.191 - - [28/Jan/2025:17:37:06 +0330] "GET /goods.php?q=%E0%A6%95%E0%A6%95lib64%E0%A6%95security&r=pam_unix_acct.so HTTP/1.1" 200 981 "-" "Mozilla/5.0 (compatible; MJ12bot/v1.4.8; http://mj12bot.com/)"
3.212.205.90 - - [28/Jan/2025:17:37:06 +0330] "GET /wp_wolx.php?path=//proc/476/../19/../irq/48/../../tty/../143/attr/../task/../../444/../532 HTTP/1.1" 200 3451 "-" "Mozilla/5.0 AppleWebKit/537.36 (KHTML, like Gecko; compatible; Amazonbot/0.1; +https://developer.amazon.com/support/amazonbot) Chrome/119.0.6045.214 Safari/537.36"
135.181.180.59 - - [28/Jan/2025:17:37:07 +0330] "GET /goods.php?q=%E0%A6%95%E0%A6%95proc%E0%A6%9510&e=oom_score HTTP/1.1" 200 987 "-" "Mozilla/5.0 (compatible; MJ12bot/v1.4.8; http://mj12bot.com/)"
185.207.250.205 - - [28/Jan/2025:17:37:07 +0330] "GET /goods.php?q=%E0%A6%95%E0%A6%95proc%E0%A6%95123&e=cpuset HTTP/1.1" 200 986 "-" "Mozilla/5.0 (compatible; MJ12bot/v1.4.8; http://mj12bot.com/)"
217.182.175.38 - - [28/Jan/2025:17:37:08 +0330] "GET /wp-includes/interactivity-api/?C=D;O=A HTTP/1.1" 200 1272 "-" "Mozilla/5.0 (compatible; MJ12bot/v1.4.8; http://mj12bot.com/)"
84.247.172.191 - - [28/Jan/2025:17:37:08 +0330] "GET /goods.php?q=%E0%A6%95%E0%A6%95lib64%E0%A6%95security&r=pam_unix_auth.so HTTP/1.1" 200 981 "-" "Mozilla/5.0 (compatible; MJ12bot/v1.4.8; http://mj12bot.com/)"
185.207.250.205 - - [28/Jan/2025:17:37:09 +0330] "GET /goods.php?q=%E0%A6%95%E0%A6%95proc%E0%A6%95123&e=environ HTTP/1.1" 200 1098 "-" "Mozilla/5.0 (compatible; MJ12bot/v1.4.8; http://mj12bot.com/)"
135.181.180.59 - - [28/Jan/2025:17:37:09 +0330] "GET /goods.php?q=%E0%A6%95%E0%A6%95proc%E0%A6%9510&e=oom_score_adj HTTP/1.1" 200 987 "-" "Mozilla/5.0 (compatible; MJ12bot/v1.4.8; http://mj12bot.com/)"
18.215.49.176 - - [28/Jan/2025:17:37:09 +0330] "GET /wp_wolx.php?path=//proc/485/../fs/../143/../1301&upload=gaskan HTTP/1.1" 200 1848 "-" "Mozilla/5.0 AppleWebKit/537.36 (KHTML, like Gecko; compatible; Amazonbot/0.1; +https://developer.amazon.com/support/amazonbot) Chrome/119.0.6045.214 Safari/537.36"
217.182.175.38 - - [28/Jan/2025:17:37:09 +0330] "GET /wp-includes/interactivity-api/?C=M;O=A HTTP/1.1" 200 1272 "-" "Mozilla/5.0 (compatible; MJ12bot/v1.4.8; http://mj12bot.com/)"
84.247.172.191 - - [28/Jan/2025:17:37:10 +0330] "GET /goods.php?q=%E0%A6%95%E0%A6%95lib64%E0%A6%95security&r=pam_unix_passwd.so HTTP/1.1" 200 983 "-" "Mozilla/5.0 (compatible; MJ12bot/v1.4.8; http://mj12bot.com/)"
185.207.250.205 - - [28/Jan/2025:17:37:10 +0330] "GET /goods.php?q=%E0%A6%95%E0%A6%95proc%E0%A6%95123&e=gid_map HTTP/1.1" 200 1002 "-" "Mozilla/5.0 (compatible; MJ12bot/v1.4.8; http://mj12bot.com/)"
135.181.180.59 - - [28/Jan/2025:17:37:11 +0330] "GET /goods.php?q=%E0%A6%95%E0%A6%95proc%E0%A6%9510&e=pagemap HTTP/1.1" 200 1094 "-" "Mozilla/5.0 (compatible; MJ12bot/v1.4.8; http://mj12bot.com/)"
217.182.175.38 - - [28/Jan/2025:17:37:11 +0330] "GET /wp-includes/interactivity-api/?C=N;O=D HTTP/1.1" 200 1272 "-" "Mozilla/5.0 (compatible; MJ12bot/v1.4.8; http://mj12bot.com/)"
84.247.172.191 - - [28/Jan/2025:17:37:12 +0330] "GET /goods.php?q=%E0%A6%95%E0%A6%95lib64%E0%A6%95security&r=pam_unix_session.so HTTP/1.1" 200 983 "-" "Mozilla/5.0 (compatible; MJ12bot/v1.4.8; http://mj12bot.com/)"
185.207.250.205 - - [28/Jan/2025:17:37:12 +0330] "GET /goods.php?q=%E0%A6%95%E0%A6%95proc%E0%A6%95123&e=io HTTP/1.1" 200 1095 "-" "Mozilla/5.0 (compatible; MJ12bot/v1.4.8; http://mj12bot.com/)"
217.182.175.38 - - [28/Jan/2025:17:37:12 +0330] "GET /wp-includes/interactivity-api/?C=S;O=A HTTP/1.1" 200 1272 "-" "Mozilla/5.0 (compatible; MJ12bot/v1.4.8; http://mj12bot.com/)"
135.181.180.59 - - [28/Jan/2025:17:37:13 +0330] "GET /goods.php?q=%E0%A6%95%E0%A6%95proc%E0%A6%9510&e=patch_state HTTP/1.1" 200 1098 "-" "Mozilla/5.0 (compatible; MJ12bot/v1.4.8; http://mj12bot.com/)"
18.207.79.144 - - [28/Jan/2025:17:37:13 +0330] "GET /wp_wolx.php?komend=gaskan&path=//proc/485/../fs/../143/../1301 HTTP/1.1" 200 1610 "-" "Mozilla/5.0 AppleWebKit/537.36 (KHTML, like Gecko; compatible; Amazonbot/0.1; +https://developer.amazon.com/support/amazonbot) Chrome/119.0.6045.214 Safari/537.36"
84.247.172.191 - - [28/Jan/2025:17:37:13 +0330] "GET /goods.php?q=%E0%A6%95%E0%A6%95lib64%E0%A6%95security&r=pam_user_map.so HTTP/1.1" 200 980 "-" "Mozilla/5.0 (compatible; MJ12bot/v1.4.8; http://mj12bot.com/)"
185.207.250.205 - - [28/Jan/2025:17:37:14 +0330] "GET /goods.php?q=%E0%A6%95%E0%A6%95proc%E0%A6%95123&e=limits HTTP/1.1" 200 1265 "-" "Mozilla/5.0 (compatible; MJ12bot/v1.4.8; http://mj12bot.com/)"
217.182.175.38 - - [28/Jan/2025:17:37:14 +0330] "GET /wp-includes/interactivity-api/class-wp-interactivity-api-directives-processor.php HTTP/1.1" 200 226 "-" "Mozilla/5.0 (compatible; MJ12bot/v1.4.8; http://mj12bot.com/)"
100.28.133.214 - - [28/Jan/2025:17:37:15 +0330] "GET /wp_wolx.php?path=//proc/476/../19/../irq/48/../../tty/../143/attr/../task/../../444/../528 HTTP/1.1" 200 3442 "-" "Mozilla/5.0 AppleWebKit/537.36 (KHTML, like Gecko; compatible; Amazonbot/0.1; +https://developer.amazon.com/support/amazonbot) Chrome/119.0.6045.214 Safari/537.36"
135.181.180.59 - - [28/Jan/2025:17:37:15 +0330] "GET /goods.php?q=%E0%A6%95%E0%A6%95proc%E0%A6%9510&e=personality HTTP/1.1" 200 1097 "-" "Mozilla/5.0 (compatible; MJ12bot/v1.4.8; http://mj12bot.com/)"
84.247.172.191 - - [28/Jan/2025:17:37:15 +0330] "GET /goods.php?q=%E0%A6%95%E0%A6%95lib64%E0%A6%95security&r=pam_userdb.so HTTP/1.1" 200 978 "-" "Mozilla/5.0 (compatible; MJ12bot/v1.4.8; http://mj12bot.com/)"
185.207.250.205 - - [28/Jan/2025:17:37:15 +0330] "GET /goods.php?q=%E0%A6%95%E0%A6%95proc%E0%A6%95123&e=loginuid HTTP/1.1" 200 996 "-" "Mozilla/5.0 (compatible; MJ12bot/v1.4.8; http://mj12bot.com/)"
217.182.175.38 - - [28/Jan/2025:17:37:16 +0330] "GET /wp-includes/interactivity-api/class-wp-interactivity-api.php HTTP/1.1" 200 20 "-" "Mozilla/5.0 (compatible; MJ12bot/v1.4.8; http://mj12bot.com/)"
84.247.172.191 - - [28/Jan/2025:17:37:17 +0330] "GET /goods.php?q=%E0%A6%95%E0%A6%95lib64%E0%A6%95security&r=pam_usertype.so HTTP/1.1" 200 979 "-" "Mozilla/5.0 (compatible; MJ12bot/v1.4.8; http://mj12bot.com/)"
135.181.180.59 - - [28/Jan/2025:17:37:17 +0330] "GET /goods.php?q=%E0%A6%95%E0%A6%95proc%E0%A6%9510&e=projid_map HTTP/1.1" 200 1002 "-" "Mozilla/5.0 (compatible; MJ12bot/v1.4.8; http://mj12bot.com/)"
217.182.175.38 - - [28/Jan/2025:17:37:18 +0330] "GET /wp-includes/interactivity-api/interactivity-api.php HTTP/1.1" 200 20 "-" "Mozilla/5.0 (compatible; MJ12bot/v1.4.8; http://mj12bot.com/)"
84.247.172.191 - - [28/Jan/2025:17:37:19 +0330] "GET /goods.php?q=%E0%A6%95%E0%A6%95lib64%E0%A6%95security&r=pam_warn.so HTTP/1.1" 200 977 "-" "Mozilla/5.0 (compatible; MJ12bot/v1.4.8; http://mj12bot.com/)"
135.181.180.59 - - [28/Jan/2025:17:37:19 +0330] "GET /goods.php?q=%E0%A6%95%E0%A6%95proc%E0%A6%9510&e=sched HTTP/1.1" 200 1406 "-" "Mozilla/5.0 (compatible; MJ12bot/v1.4.8; http://mj12bot.com/)"
217.182.175.38 - - [28/Jan/2025:17:37:20 +0330] "GET /wp-includes/js/?C=D;O=A HTTP/1.1" 200 21273 "-" "Mozilla/5.0 (compatible; MJ12bot/v1.4.8; http://mj12bot.com/)"
54.84.250.51 - - [28/Jan/2025:17:37:20 +0330] "GET /wp_wolx.php?path=//proc/476/../19/../irq/48/../../tty/../143/attr/../task/../../444/../527 HTTP/1.1" 200 3438 "-" "Mozilla/5.0 AppleWebKit/537.36 (KHTML, like Gecko; compatible; Amazonbot/0.1; +https://developer.amazon.com/support/amazonbot) Chrome/119.0.6045.214 Safari/537.36"
84.247.172.191 - - [28/Jan/2025:17:37:21 +0330] "GET /goods.php?q=%E0%A6%95%E0%A6%95lib64%E0%A6%95security&r=pam_wheel.so HTTP/1.1" 200 978 "-" "Mozilla/5.0 (compatible; MJ12bot/v1.4.8; http://mj12bot.com/)"
135.181.180.59 - - [28/Jan/2025:17:37:21 +0330] "GET /goods.php?q=%E0%A6%95%E0%A6%95proc%E0%A6%9510&e=schedstat HTTP/1.1" 200 998 "-" "Mozilla/5.0 (compatible; MJ12bot/v1.4.8; http://mj12bot.com/)"
217.182.175.38 - - [28/Jan/2025:17:37:21 +0330] "GET /wp-includes/js/?C=M;O=A HTTP/1.1" 200 21273 "-" "Mozilla/5.0 (compatible; MJ12bot/v1.4.8; http://mj12bot.com/)"
52.23.112.144 - - [28/Jan/2025:17:37:22 +0330] "GET /wp_wolx.php?path=//proc/476/../19/../irq/48/../../tty/../143/attr/../task/../../444/../524 HTTP/1.1" 200 3438 "-" "Mozilla/5.0 AppleWebKit/537.36 (KHTML, like Gecko; compatible; Amazonbot/0.1; +https://developer.amazon.com/support/amazonbot) Chrome/119.0.6045.214 Safari/537.36"
84.247.172.191 - - [28/Jan/2025:17:37:22 +0330] "GET /goods.php?q=%E0%A6%95%E0%A6%95lib64%E0%A6%95security&r=pam_xauth.so HTTP/1.1" 200 978 "-" "Mozilla/5.0 (compatible; MJ12bot/v1.4.8; http://mj12bot.com/)"
217.182.175.38 - - [28/Jan/2025:17:37:23 +0330] "GET /wp-includes/js/?C=N;O=D HTTP/1.1" 200 21273 "-" "Mozilla/5.0 (compatible; MJ12bot/v1.4.8; http://mj12bot.com/)"
135.181.180.59 - - [28/Jan/2025:17:37:23 +0330] "GET /goods.php?q=%E0%A6%95%E0%A6%95proc%E0%A6%9510&e=sessionid HTTP/1.1" 200 996 "-" "Mozilla/5.0 (compatible; MJ12bot/v1.4.8; http://mj12bot.com/)"
3.232.39.98 - - [28/Jan/2025:17:37:24 +0330] "GET /wp_wolx.php?komend=gaskan&path=//proc/485/../fs/../143/../131 HTTP/1.1" 200 1606 "-" "Mozilla/5.0 AppleWebKit/537.36 (KHTML, like Gecko; compatible; Amazonbot/0.1; +https://developer.amazon.com/support/amazonbot) Chrome/119.0.6045.214 Safari/537.36"
84.247.172.191 - - [28/Jan/2025:17:37:25 +0330] "GET /goods.php?q=%E0%A6%95%E0%A6%95lib64%E0%A6%95sssd&d=conf HTTP/1.1" 200 1034 "-" "Mozilla/5.0 (compatible; MJ12bot/v1.4.8; http://mj12bot.com/)"
135.181.180.59 - - [28/Jan/2025:17:37:25 +0330] "GET /goods.php?q=%E0%A6%95%E0%A6%95proc%E0%A6%9510&e=setgroups HTTP/1.1" 200 990 "-" "Mozilla/5.0 (compatible; MJ12bot/v1.4.8; http://mj12bot.com/)"
217.182.175.38 - - [28/Jan/2025:17:37:25 +0330] "GET /wp-includes/js/?C=S;O=A HTTP/1.1" 200 21273 "-" "Mozilla/5.0 (compatible; MJ12bot/v1.4.8; http://mj12bot.com/)"
50.17.193.48 - - [28/Jan/2025:17:37:25 +0330] "GET /wp_wolx.php?path=//proc/485/../fs/../143/../1311&upload=gaskan HTTP/1.1" 200 1846 "-" "Mozilla/5.0 AppleWebKit/537.36 (KHTML, like Gecko; compatible; Amazonbot/0.1; +https://developer.amazon.com/support/amazonbot) Chrome/119.0.6045.214 Safari/537.36"
84.247.172.191 - - [28/Jan/2025:17:37:26 +0330] "GET /goods.php?q=%E0%A6%95%E0%A6%95lib64%E0%A6%95sssd&d=libifp_iface.so HTTP/1.1" 200 1042 "-" "Mozilla/5.0 (compatible; MJ12bot/v1.4.8; http://mj12bot.com/)"
34.206.249.188 - - [28/Jan/2025:17:37:26 +0330] "GET /wp_wolx.php?path=//proc/476/../19/../irq/48/../../tty/../143/attr/../task/../../444/../523 HTTP/1.1" 200 3438 "-" "Mozilla/5.0 AppleWebKit/537.36 (KHTML, like Gecko; compatible; Amazonbot/0.1; +https://developer.amazon.com/support/amazonbot) Chrome/119.0.6045.214 Safari/537.36"
217.182.175.38 - - [28/Jan/2025:17:37:27 +0330] "GET /wp-includes/js/admin-bar.js HTTP/1.1" 200 10547 "-" "Mozilla/5.0 (compatible; MJ12bot/v1.4.8; http://mj12bot.com/)"
135.181.180.59 - - [28/Jan/2025:17:37:27 +0330] "GET /goods.php?q=%E0%A6%95%E0%A6%95proc%E0%A6%9510&e=smaps HTTP/1.1" 200 985 "-" "Mozilla/5.0 (compatible; MJ12bot/v1.4.8; http://mj12bot.com/)"
84.247.172.191 - - [28/Jan/2025:17:37:28 +0330] "GET /goods.php?q=%E0%A6%95%E0%A6%95lib64%E0%A6%95sssd&d=libifp_iface_sync.so HTTP/1.1" 200 1045 "-" "Mozilla/5.0 (compatible; MJ12bot/v1.4.8; http://mj12bot.com/)"
217.182.175.38 - - [28/Jan/2025:17:37:29 +0330] "GET /wp-includes/js/admin-bar.min.js HTTP/1.1" 200 3487 "-" "Mozilla/5.0 (compatible; MJ12bot/v1.4.8; http://mj12bot.com/)"
135.181.180.59 - - [28/Jan/2025:17:37:29 +0330] "GET /goods.php?q=%E0%A6%95%E0%A6%95proc%E0%A6%9510&e=smaps_rollup HTTP/1.1" 200 985 "-" "Mozilla/5.0 (compatible; MJ12bot/v1.4.8; http://mj12bot.com/)"
84.247.172.191 - - [28/Jan/2025:17:37:29 +0330] "GET /goods.php?q=%E0%A6%95%E0%A6%95lib64%E0%A6%95sssd&d=libsss_cert.so HTTP/1.1" 200 1041 "-" "Mozilla/5.0 (compatible; MJ12bot/v1.4.8; http://mj12bot.com/)"
54.147.182.90 - - [28/Jan/2025:17:37:30 +0330] "GET /wp_wolx.php?path=//proc/476/../19/../irq/48/../../tty/../143/attr/../task/../../444/../522 HTTP/1.1" 200 3439 "-" "Mozilla/5.0 AppleWebKit/537.36 (KHTML, like Gecko; compatible; Amazonbot/0.1; +https://developer.amazon.com/support/amazonbot) Chrome/119.0.6045.214 Safari/537.36"
217.182.175.38 - - [28/Jan/2025:17:37:31 +0330] "GET /wp-includes/js/api-request.js HTTP/1.1" 200 3324 "-" "Mozilla/5.0 (compatible; MJ12bot/v1.4.8; http://mj12bot.com/)"
135.181.180.59 - - [28/Jan/2025:17:37:31 +0330] "GET /goods.php?q=%E0%A6%95%E0%A6%95proc%E0%A6%9510&e=stack HTTP/1.1" 200 1095 "-" "Mozilla/5.0 (compatible; MJ12bot/v1.4.8; http://mj12bot.com/)"
44.205.74.196 - - [28/Jan/2025:17:37:31 +0330] "GET /wp_wolx.php?komend=gaskan&path=//proc/485/../fs/../143/../1311 HTTP/1.1" 200 1609 "-" "Mozilla/5.0 AppleWebKit/537.36 (KHTML, like Gecko; compatible; Amazonbot/0.1; +https://developer.amazon.com/support/amazonbot) Chrome/119.0.6045.214 Safari/537.36"
84.247.172.191 - - [28/Jan/2025:17:37:31 +0330] "GET /goods.php?q=%E0%A6%95%E0%A6%95lib64%E0%A6%95sssd&d=libsss_child.so HTTP/1.1" 200 1041 "-" "Mozilla/5.0 (compatible; MJ12bot/v1.4.8; http://mj12bot.com/)"
217.182.175.38 - - [28/Jan/2025:17:37:32 +0330] "GET /wp-includes/js/api-request.min.js HTTP/1.1" 200 1023 "-" "Mozilla/5.0 (compatible; MJ12bot/v1.4.8; http://mj12bot.com/)"
135.181.180.59 - - [28/Jan/2025:17:37:33 +0330] "GET /goods.php?q=%E0%A6%95%E0%A6%95proc%E0%A6%9510&e=stat HTTP/1.1" 200 1065 "-" "Mozilla/5.0 (compatible; MJ12bot/v1.4.8; http://mj12bot.com/)"
84.247.172.191 - - [28/Jan/2025:17:37:33 +0330] "GET /goods.php?q=%E0%A6%95%E0%A6%95lib64%E0%A6%95sssd&d=libsss_crypt.so HTTP/1.1" 200 1041 "-" "Mozilla/5.0 (compatible; MJ12bot/v1.4.8; http://mj12bot.com/)"
34.192.67.98 - - [28/Jan/2025:17:37:33 +0330] "GET /wp_wolx.php?path=//proc/485/../fs/../143/../132&upload=gaskan HTTP/1.1" 200 1847 "-" "Mozilla/5.0 AppleWebKit/537.36 (KHTML, like Gecko; compatible; Amazonbot/0.1; +https://developer.amazon.com/support/amazonbot) Chrome/119.0.6045.214 Safari/537.36"
217.182.175.38 - - [28/Jan/2025:17:37:34 +0330] "GET /wp-includes/js/autosave.js HTTP/1.1" 200 22476 "-" "Mozilla/5.0 (compatible; MJ12bot/v1.4.8; http://mj12bot.com/)"
135.181.180.59 - - [28/Jan/2025:17:37:34 +0330] "GET /goods.php?q=%E0%A6%95%E0%A6%95proc%E0%A6%9510&e=statm HTTP/1.1" 200 989 "-" "Mozilla/5.0 (compatible; MJ12bot/v1.4.8; http://mj12bot.com/)"
84.247.172.191 - - [28/Jan/2025:17:37:34 +0330] "GET /goods.php?q=%E0%A6%95%E0%A6%95lib64%E0%A6%95sssd&d=libsss_debug.so HTTP/1.1" 200 1041 "-" "Mozilla/5.0 (compatible; MJ12bot/v1.4.8; http://mj12bot.com/)"
18.232.36.1 - - [28/Jan/2025:17:37:34 +0330] "GET /wp_wolx.php?path=//proc/476/../19/../irq/48/../../tty/../143/attr/../task/../../444/../521 HTTP/1.1" 200 3438 "-" "Mozilla/5.0 AppleWebKit/537.36 (KHTML, like Gecko; compatible; Amazonbot/0.1; +https://developer.amazon.com/support/amazonbot) Chrome/119.0.6045.214 Safari/537.36"
217.182.175.38 - - [28/Jan/2025:17:37:36 +0330] "GET /wp-includes/js/autosave.min.js HTTP/1.1" 200 5807 "-" "Mozilla/5.0 (compatible; MJ12bot/v1.4.8; http://mj12bot.com/)"
135.181.180.59 - - [28/Jan/2025:17:37:36 +0330] "GET /goods.php?q=%E0%A6%95%E0%A6%95proc%E0%A6%9510&e=status HTTP/1.1" 200 1280 "-" "Mozilla/5.0 (compatible; MJ12bot/v1.4.8; http://mj12bot.com/)"
84.247.172.191 - - [28/Jan/2025:17:37:36 +0330] "GET /goods.php?q=%E0%A6%95%E0%A6%95lib64%E0%A6%95sssd&d=libsss_files.so HTTP/1.1" 200 1041 "-" "Mozilla/5.0 (compatible; MJ12bot/v1.4.8; http://mj12bot.com/)"
3.221.156.96 - - [28/Jan/2025:17:37:37 +0330] "GET /wp_wolx.php?komend=gaskan&path=//proc/485/../fs/../143/../132 HTTP/1.1" 200 1606 "-" "Mozilla/5.0 AppleWebKit/537.36 (KHTML, like Gecko; compatible; Amazonbot/0.1; +https://developer.amazon.com/support/amazonbot) Chrome/119.0.6045.214 Safari/537.36"
217.182.175.38 - - [28/Jan/2025:17:37:38 +0330] "GET /wp-includes/js/backbone.js HTTP/1.1" 200 80390 "-" "Mozilla/5.0 (compatible; MJ12bot/v1.4.8; http://mj12bot.com/)"
84.247.172.191 - - [28/Jan/2025:17:37:38 +0330] "GET /goods.php?q=%E0%A6%95%E0%A6%95lib64%E0%A6%95sssd&d=libsss_iface.so HTTP/1.1" 200 1041 "-" "Mozilla/5.0 (compatible; MJ12bot/v1.4.8; http://mj12bot.com/)"
135.181.180.59 - - [28/Jan/2025:17:37:38 +0330] "GET /goods.php?q=%E0%A6%95%E0%A6%95proc%E0%A6%9510&e=syscall HTTP/1.1" 200 1094 "-" "Mozilla/5.0 (compatible; MJ12bot/v1.4.8; http://mj12bot.com/)"
184.73.167.217 - - [28/Jan/2025:17:37:38 +0330] "GET /wp_wolx.php?path=//proc/476/../19/../irq/48/../../tty/../143/attr/../task/../../444/../520 HTTP/1.1" 200 3443 "-" "Mozilla/5.0 AppleWebKit/537.36 (KHTML, like Gecko; compatible; Amazonbot/0.1; +https://developer.amazon.com/support/amazonbot) Chrome/119.0.6045.214 Safari/537.36"
84.247.172.191 - - [28/Jan/2025:17:37:40 +0330] "GET /goods.php?q=%E0%A6%95%E0%A6%95lib64%E0%A6%95sssd&d=libsss_iface_sync.so HTTP/1.1" 200 1045 "-" "Mozilla/5.0 (compatible; MJ12bot/v1.4.8; http://mj12bot.com/)"
217.182.175.38 - - [28/Jan/2025:17:37:40 +0330] "GET /wp-includes/js/backbone.min.js HTTP/1.1" 200 24278 "-" "Mozilla/5.0 (compatible; MJ12bot/v1.4.8; http://mj12bot.com/)"
135.181.180.59 - - [28/Jan/2025:17:37:40 +0330] "GET /goods.php?q=%E0%A6%95%E0%A6%95proc%E0%A6%9510&e=timens_offsets HTTP/1.1" 200 1007 "-" "Mozilla/5.0 (compatible; MJ12bot/v1.4.8; http://mj12bot.com/)"
3.216.227.216 - - [28/Jan/2025:17:37:41 +0330] "GET /wp_wolx.php?path=//proc/485/../fs/../143/../133&upload=gaskan HTTP/1.1" 200 1843 "-" "Mozilla/5.0 AppleWebKit/537.36 (KHTML, like Gecko; compatible; Amazonbot/0.1; +https://developer.amazon.com/support/amazonbot) Chrome/119.0.6045.214 Safari/537.36"
84.247.172.191 - - [28/Jan/2025:17:37:41 +0330] "GET /goods.php?q=%E0%A6%95%E0%A6%95lib64%E0%A6%95sssd&d=libsss_krb5_common.so HTTP/1.1" 200 1046 "-" "Mozilla/5.0 (compatible; MJ12bot/v1.4.8; http://mj12bot.com/)"
217.182.175.38 - - [28/Jan/2025:17:37:42 +0330] "GET /wp-includes/js/clipboard.js HTTP/1.1" 200 26807 "-" "Mozilla/5.0 (compatible; MJ12bot/v1.4.8; http://mj12bot.com/)"
135.181.180.59 - - [28/Jan/2025:17:37:42 +0330] "GET /goods.php?q=%E0%A6%95%E0%A6%95proc%E0%A6%9510&e=timers HTTP/1.1" 200 985 "-" "Mozilla/5.0 (compatible; MJ12bot/v1.4.8; http://mj12bot.com/)"
3.227.180.70 - - [28/Jan/2025:17:37:42 +0330] "GET /wp_wolx.php?path=//proc/476/../19/../irq/48/../../tty/../143/attr/../task/../../444/../519 HTTP/1.1" 200 3435 "-" "Mozilla/5.0 AppleWebKit/537.36 (KHTML, like Gecko; compatible; Amazonbot/0.1; +https://developer.amazon.com/support/amazonbot) Chrome/119.0.6045.214 Safari/537.36"
84.247.172.191 - - [28/Jan/2025:17:37:43 +0330] "GET /goods.php?q=%E0%A6%95%E0%A6%95lib64%E0%A6%95sssd&d=libsss_ldap_common.so HTTP/1.1" 200 1045 "-" "Mozilla/5.0 (compatible; MJ12bot/v1.4.8; http://mj12bot.com/)"
217.182.175.38 - - [28/Jan/2025:17:37:43 +0330] "GET /wp-includes/js/clipboard.min.js HTTP/1.1" 200 9009 "-" "Mozilla/5.0 (compatible; MJ12bot/v1.4.8; http://mj12bot.com/)"
135.181.180.59 - - [28/Jan/2025:17:37:44 +0330] "GET /goods.php?q=%E0%A6%95%E0%A6%95proc%E0%A6%9510&e=timerslack_ns HTTP/1.1" 200 985 "-" "Mozilla/5.0 (compatible; MJ12bot/v1.4.8; http://mj12bot.com/)"
84.247.172.191 - - [28/Jan/2025:17:37:45 +0330] "GET /goods.php?q=%E0%A6%95%E0%A6%95lib64%E0%A6%95sssd&d=libsss_sbus.so HTTP/1.1" 200 1040 "-" "Mozilla/5.0 (compatible; MJ12bot/v1.4.8; http://mj12bot.com/)"
217.182.175.38 - - [28/Jan/2025:17:37:45 +0330] "GET /wp-includes/js/codemirror/ HTTP/1.1" 200 2105 "-" "Mozilla/5.0 (compatible; MJ12bot/v1.4.8; http://mj12bot.com/)"
35.169.102.85 - - [28/Jan/2025:17:37:45 +0330] "GET /wp_wolx.php?komend=gaskan&path=//proc/485/../fs/../143/../133 HTTP/1.1" 200 1608 "-" "Mozilla/5.0 AppleWebKit/537.36 (KHTML, like Gecko; compatible; Amazonbot/0.1; +https://developer.amazon.com/support/amazonbot) Chrome/119.0.6045.214 Safari/537.36"
135.181.180.59 - - [28/Jan/2025:17:37:46 +0330] "GET /goods.php?q=%E0%A6%95%E0%A6%95proc%E0%A6%9510&e=uid_map HTTP/1.1" 200 1002 "-" "Mozilla/5.0 (compatible; MJ12bot/v1.4.8; http://mj12bot.com/)"
44.205.74.196 - - [28/Jan/2025:17:37:47 +0330] "GET /wp_wolx.php?path=//proc/476/../19/../irq/48/../../tty/../143/attr/../task/../../444/../518 HTTP/1.1" 200 3442 "-" "Mozilla/5.0 AppleWebKit/537.36 (KHTML, like Gecko; compatible; Amazonbot/0.1; +https://developer.amazon.com/support/amazonbot) Chrome/119.0.6045.214 Safari/537.36"
217.182.175.38 - - [28/Jan/2025:17:37:47 +0330] "GET /wp-includes/js/colorpicker.js HTTP/1.1" 200 29083 "-" "Mozilla/5.0 (compatible; MJ12bot/v1.4.8; http://mj12bot.com/)"
84.247.172.191 - - [28/Jan/2025:17:37:48 +0330] "GET /goods.php?q=%E0%A6%95%E0%A6%95lib64%E0%A6%95sssd&d=libsss_sbus_sync.so HTTP/1.1" 200 1044 "-" "Mozilla/5.0 (compatible; MJ12bot/v1.4.8; http://mj12bot.com/)"
135.181.180.59 - - [28/Jan/2025:17:37:48 +0330] "GET /goods.php?q=%E0%A6%95%E0%A6%95proc%E0%A6%9510&e=wchan HTTP/1.1" 200 986 "-" "Mozilla/5.0 (compatible; MJ12bot/v1.4.8; http://mj12bot.com/)"
217.182.175.38 - - [28/Jan/2025:17:37:49 +0330] "GET /wp-includes/js/colorpicker.min.js HTTP/1.1" 200 16517 "-" "Mozilla/5.0 (compatible; MJ12bot/v1.4.8; http://mj12bot.com/)"
3.209.174.110 - - [28/Jan/2025:17:37:49 +0330] "GET /wp_wolx.php?path=//proc/485/../fs/../143/../134&upload=gaskan HTTP/1.1" 200 1846 "-" "Mozilla/5.0 AppleWebKit/537.36 (KHTML, like Gecko; compatible; Amazonbot/0.1; +https://developer.amazon.com/support/amazonbot) Chrome/119.0.6045.214 Safari/537.36"
84.247.172.191 - - [28/Jan/2025:17:37:50 +0330] "GET /goods.php?q=%E0%A6%95%E0%A6%95lib64%E0%A6%95sssd&d=libsss_semanage.so HTTP/1.1" 200 1041 "-" "Mozilla/5.0 (compatible; MJ12bot/v1.4.8; http://mj12bot.com/)"
135.181.180.59 - - [28/Jan/2025:17:37:50 +0330] "GET /goods.php?q=%E0%A6%95%E0%A6%95proc%E0%A6%9510&r=attr HTTP/1.1" 200 966 "-" "Mozilla/5.0 (compatible; MJ12bot/v1.4.8; http://mj12bot.com/)"
217.182.175.38 - - [28/Jan/2025:17:37:51 +0330] "GET /wp-includes/js/comment-reply.js HTTP/1.1" 200 12513 "-" "Mozilla/5.0 (compatible; MJ12bot/v1.4.8; http://mj12bot.com/)"
52.204.71.8 - - [28/Jan/2025:17:37:51 +0330] "GET /wp_wolx.php?path=//proc/476/../19/../irq/48/../../tty/../143/attr/../task/../../444/../514 HTTP/1.1" 200 3419 "-" "Mozilla/5.0 AppleWebKit/537.36 (KHTML, like Gecko; compatible; Amazonbot/0.1; +https://developer.amazon.com/support/amazonbot) Chrome/119.0.6045.214 Safari/537.36"
84.247.172.191 - - [28/Jan/2025:17:37:51 +0330] "GET /goods.php?q=%E0%A6%95%E0%A6%95lib64%E0%A6%95sssd&d=libsss_simple.so HTTP/1.1" 200 1042 "-" "Mozilla/5.0 (compatible; MJ12bot/v1.4.8; http://mj12bot.com/)"
217.182.175.38 - - [28/Jan/2025:17:37:52 +0330] "GET /wp-includes/js/comment-reply.min.js HTTP/1.1" 200 3026 "-" "Mozilla/5.0 (compatible; MJ12bot/v1.4.8; http://mj12bot.com/)"
135.181.180.59 - - [28/Jan/2025:17:37:52 +0330] "GET /goods.php?q=%E0%A6%95%E0%A6%95proc%E0%A6%9510&r=autogroup HTTP/1.1" 200 968 "-" "Mozilla/5.0 (compatible; MJ12bot/v1.4.8; http://mj12bot.com/)"
84.247.172.191 - - [28/Jan/2025:17:37:53 +0330] "GET /goods.php?q=%E0%A6%95%E0%A6%95lib64%E0%A6%95sssd&d=libsss_util.so HTTP/1.1" 200 1041 "-" "Mozilla/5.0 (compatible; MJ12bot/v1.4.8; http://mj12bot.com/)"
52.200.142.199 - - [28/Jan/2025:17:37:53 +0330] "GET /wp_wolx.php?komend=gaskan&path=//proc/485/../fs/../143/../134 HTTP/1.1" 200 1608 "-" "Mozilla/5.0 AppleWebKit/537.36 (KHTML, like Gecko; compatible; Amazonbot/0.1; +https://developer.amazon.com/support/amazonbot) Chrome/119.0.6045.214 Safari/537.36"
