14.225.255.46 - - [09/Jan/2025:16:24:27 +0330] "GET /printenv.tmp HTTP/1.1" 404 - "-" "Mozilla/5.0 (Macintosh; Intel Mac OS X 10_12_3) AppleWebKit/537.36 (KHTML, like Gecko) Chrome/56.0.2924.87 Safari/537.36"
162.244.27.137 - - [09/Jan/2025:16:24:27 +0330] "GET /wp-includes/js/zxcvbn-async.js HTTP/1.1" 200 821 "-" "Mozilla/5.0 (compatible; MJ12bot/v1.4.8; http://mj12bot.com/)"
14.225.255.46 - - [09/Jan/2025:16:24:27 +0330] "GET /.flaskenv HTTP/1.1" 404 - "-" "Mozilla/5.0 (Macintosh; Intel Mac OS X 10_12_3) AppleWebKit/537.36 (KHTML, like Gecko) Chrome/56.0.2924.87 Safari/537.36"
14.225.255.46 - - [09/Jan/2025:16:24:28 +0330] "GET /.jenv-version HTTP/1.1" 404 - "-" "Mozilla/5.0 (Macintosh; Intel Mac OS X 10_12_3) AppleWebKit/537.36 (KHTML, like Gecko) Chrome/56.0.2924.87 Safari/537.36"
37.187.73.123 - - [09/Jan/2025:16:24:28 +0330] "GET /cd.php?fm=true&path=/home/webtaragh/tmp/pma_template_compiles_webtaragh/twig/c9/. HTTP/1.1" 200 23364 "-" "Mozilla/5.0 (compatible; MJ12bot/v1.4.8; http://mj12bot.com/)"
14.225.255.46 - - [09/Jan/2025:16:24:28 +0330] "GET /.env1 HTTP/1.1" 404 - "-" "Mozilla/5.0 (Macintosh; Intel Mac OS X 10_12_3) AppleWebKit/537.36 (KHTML, like Gecko) Chrome/56.0.2924.87 Safari/537.36"
14.225.255.46 - - [09/Jan/2025:16:24:28 +0330] "GET /.venv HTTP/1.1" 404 - "-" "Mozilla/5.0 (Macintosh; Intel Mac OS X 10_12_3) AppleWebKit/537.36 (KHTML, like Gecko) Chrome/56.0.2924.87 Safari/537.36"
14.225.255.46 - - [09/Jan/2025:16:24:29 +0330] "GET /env.prod.js HTTP/1.1" 404 - "-" "Mozilla/5.0 (Macintosh; Intel Mac OS X 10_12_3) AppleWebKit/537.36 (KHTML, like Gecko) Chrome/56.0.2924.87 Safari/537.36"
14.225.255.46 - - [09/Jan/2025:16:24:29 +0330] "GET /env.test.js HTTP/1.1" 404 - "-" "Mozilla/5.0 (Macintosh; Intel Mac OS X 10_12_3) AppleWebKit/537.36 (KHTML, like Gecko) Chrome/56.0.2924.87 Safari/537.36"
14.225.255.46 - - [09/Jan/2025:16:24:30 +0330] "GET /env.bak HTTP/1.1" 404 - "-" "Mozilla/5.0 (Macintosh; Intel Mac OS X 10_12_3) AppleWebKit/537.36 (KHTML, like Gecko) Chrome/56.0.2924.87 Safari/537.36"
37.187.73.123 - - [09/Jan/2025:16:24:30 +0330] "GET /cd.php?fm=true&path=/home/webtaragh/tmp/pma_template_compiles_webtaragh/twig/c9/.. HTTP/1.1" 200 73063 "-" "Mozilla/5.0 (compatible; MJ12bot/v1.4.8; http://mj12bot.com/)"
162.244.27.137 - - [09/Jan/2025:16:24:30 +0330] "GET /wp-includes/js/zxcvbn-async.min.js HTTP/1.1" 200 351 "-" "Mozilla/5.0 (compatible; MJ12bot/v1.4.8; http://mj12bot.com/)"
14.225.255.46 - - [09/Jan/2025:16:24:30 +0330] "GET /env.php HTTP/1.1" 404 - "-" "Mozilla/5.0 (Macintosh; Intel Mac OS X 10_12_3) AppleWebKit/537.36 (KHTML, like Gecko) Chrome/56.0.2924.87 Safari/537.36"
14.225.255.46 - - [09/Jan/2025:16:24:30 +0330] "GET /api/controllers/userController.js HTTP/1.1" 404 - "-" "Mozilla/5.0 (Macintosh; Intel Mac OS X 10_12_3) AppleWebKit/537.36 (KHTML, like Gecko) Chrome/56.0.2924.87 Safari/537.36"
14.225.255.46 - - [09/Jan/2025:16:24:31 +0330] "GET /docker-compose.yml HTTP/1.1" 404 - "-" "Mozilla/5.0 (Macintosh; Intel Mac OS X 10_12_3) AppleWebKit/537.36 (KHTML, like Gecko) Chrome/56.0.2924.87 Safari/537.36"
14.225.255.46 - - [09/Jan/2025:16:24:31 +0330] "GET /stable_build/Utilities/config.js HTTP/1.1" 404 - "-" "Mozilla/5.0 (Macintosh; Intel Mac OS X 10_12_3) AppleWebKit/537.36 (KHTML, like Gecko) Chrome/56.0.2924.87 Safari/537.36"
14.225.255.46 - - [09/Jan/2025:16:24:31 +0330] "GET /Utilities/cred.js HTTP/1.1" 404 - "-" "Mozilla/5.0 (Macintosh; Intel Mac OS X 10_12_3) AppleWebKit/537.36 (KHTML, like Gecko) Chrome/56.0.2924.87 Safari/537.36"
14.225.255.46 - - [09/Jan/2025:16:24:32 +0330] "GET /Utilities/config.js HTTP/1.1" 404 - "-" "Mozilla/5.0 (Macintosh; Intel Mac OS X 10_12_3) AppleWebKit/537.36 (KHTML, like Gecko) Chrome/56.0.2924.87 Safari/537.36"
14.225.255.46 - - [09/Jan/2025:16:24:32 +0330] "GET /middleware/config.js HTTP/1.1" 404 - "-" "Mozilla/5.0 (Macintosh; Intel Mac OS X 10_12_3) AppleWebKit/537.36 (KHTML, like Gecko) Chrome/56.0.2924.87 Safari/537.36"
162.244.27.137 - - [09/Jan/2025:16:24:32 +0330] "GET /wp-includes/js/zxcvbn.min.js HTTP/1.1" 200 822237 "-" "Mozilla/5.0 (compatible; MJ12bot/v1.4.8; http://mj12bot.com/)"
14.225.255.46 - - [09/Jan/2025:16:24:32 +0330] "GET /config/production.js HTTP/1.1" 404 - "-" "Mozilla/5.0 (Macintosh; Intel Mac OS X 10_12_3) AppleWebKit/537.36 (KHTML, like Gecko) Chrome/56.0.2924.87 Safari/537.36"
14.225.255.46 - - [09/Jan/2025:16:24:33 +0330] "GET /mail-service/dist/services/email.service.js HTTP/1.1" 404 - "-" "Mozilla/5.0 (Macintosh; Intel Mac OS X 10_12_3) AppleWebKit/537.36 (KHTML, like Gecko) Chrome/56.0.2924.87 Safari/537.36"
37.187.73.123 - - [09/Jan/2025:16:24:33 +0330] "GET /cd.php?fm=true&path=/home/webtaragh/tmp/pma_template_compiles_webtaragh/twig/cb/ HTTP/1.1" 200 23364 "-" "Mozilla/5.0 (compatible; MJ12bot/v1.4.8; http://mj12bot.com/)"
14.225.255.46 - - [09/Jan/2025:16:24:33 +0330] "GET /dist/services/email.service.js HTTP/1.1" 404 - "-" "Mozilla/5.0 (Macintosh; Intel Mac OS X 10_12_3) AppleWebKit/537.36 (KHTML, like Gecko) Chrome/56.0.2924.87 Safari/537.36"
14.225.255.46 - - [09/Jan/2025:16:24:34 +0330] "GET /leads-backend-nodejs/services/SES.js HTTP/1.1" 404 - "-" "Mozilla/5.0 (Macintosh; Intel Mac OS X 10_12_3) AppleWebKit/537.36 (KHTML, like Gecko) Chrome/56.0.2924.87 Safari/537.36"
14.225.255.46 - - [09/Jan/2025:16:24:34 +0330] "GET /leads-frontend-nodejs/services/SES.js HTTP/1.1" 404 - "-" "Mozilla/5.0 (Macintosh; Intel Mac OS X 10_12_3) AppleWebKit/537.36 (KHTML, like Gecko) Chrome/56.0.2924.87 Safari/537.36"
14.225.255.46 - - [09/Jan/2025:16:24:34 +0330] "GET /mup-aws.js HTTP/1.1" 404 - "-" "Mozilla/5.0 (Macintosh; Intel Mac OS X 10_12_3) AppleWebKit/537.36 (KHTML, like Gecko) Chrome/56.0.2924.87 Safari/537.36"
162.244.27.137 - - [09/Jan/2025:16:24:34 +0330] "GET /wp-includes/l10n/?C=D;O=A HTTP/1.1" 200 1643 "-" "Mozilla/5.0 (compatible; MJ12bot/v1.4.8; http://mj12bot.com/)"
14.225.255.46 - - [09/Jan/2025:16:24:35 +0330] "GET /api/Constants.js HTTP/1.1" 404 - "-" "Mozilla/5.0 (Macintosh; Intel Mac OS X 10_12_3) AppleWebKit/537.36 (KHTML, like Gecko) Chrome/56.0.2924.87 Safari/537.36"
37.187.73.123 - - [09/Jan/2025:16:24:35 +0330] "GET /cd.php?fm=true&path=/home/webtaragh/tmp/pma_template_compiles_webtaragh/twig/cb/. HTTP/1.1" 200 23364 "-" "Mozilla/5.0 (compatible; MJ12bot/v1.4.8; http://mj12bot.com/)"
14.225.255.46 - - [09/Jan/2025:16:24:35 +0330] "GET /knexfile.js HTTP/1.1" 404 - "-" "Mozilla/5.0 (Macintosh; Intel Mac OS X 10_12_3) AppleWebKit/537.36 (KHTML, like Gecko) Chrome/56.0.2924.87 Safari/537.36"
14.225.255.46 - - [09/Jan/2025:16:24:35 +0330] "GET /webpack-env.js HTTP/1.1" 404 - "-" "Mozilla/5.0 (Macintosh; Intel Mac OS X 10_12_3) AppleWebKit/537.36 (KHTML, like Gecko) Chrome/56.0.2924.87 Safari/537.36"
14.225.255.46 - - [09/Jan/2025:16:24:36 +0330] "GET /html/src/js/components/image-upload/image-upload-aws.js HTTP/1.1" 404 - "-" "Mozilla/5.0 (Macintosh; Intel Mac OS X 10_12_3) AppleWebKit/537.36 (KHTML, like Gecko) Chrome/56.0.2924.87 Safari/537.36"
162.244.27.137 - - [09/Jan/2025:16:24:36 +0330] "GET /wp-includes/l10n/?C=M;O=A HTTP/1.1" 200 1643 "-" "Mozilla/5.0 (compatible; MJ12bot/v1.4.8; http://mj12bot.com/)"
14.225.255.46 - - [09/Jan/2025:16:24:36 +0330] "GET /backend/app.js HTTP/1.1" 404 - "-" "Mozilla/5.0 (Macintosh; Intel Mac OS X 10_12_3) AppleWebKit/537.36 (KHTML, like Gecko) Chrome/56.0.2924.87 Safari/537.36"
37.187.73.123 - - [09/Jan/2025:16:24:36 +0330] "GET /cd.php?fm=true&path=/home/webtaragh/tmp/pma_template_compiles_webtaragh/twig/cb/.. HTTP/1.1" 200 73063 "-" "Mozilla/5.0 (compatible; MJ12bot/v1.4.8; http://mj12bot.com/)"
14.225.255.46 - - [09/Jan/2025:16:24:36 +0330] "GET /frontend/app.js HTTP/1.1" 404 - "-" "Mozilla/5.0 (Macintosh; Intel Mac OS X 10_12_3) AppleWebKit/537.36 (KHTML, like Gecko) Chrome/56.0.2924.87 Safari/537.36"
14.225.255.46 - - [09/Jan/2025:16:24:37 +0330] "GET /backend/src/helper.js HTTP/1.1" 404 - "-" "Mozilla/5.0 (Macintosh; Intel Mac OS X 10_12_3) AppleWebKit/537.36 (KHTML, like Gecko) Chrome/56.0.2924.87 Safari/537.36"
14.225.255.46 - - [09/Jan/2025:16:24:37 +0330] "GET /service/email.js HTTP/1.1" 404 - "-" "Mozilla/5.0 (Macintosh; Intel Mac OS X 10_12_3) AppleWebKit/537.36 (KHTML, like Gecko) Chrome/56.0.2924.87 Safari/537.36"
14.225.255.46 - - [09/Jan/2025:16:24:38 +0330] "GET /service/s3.js HTTP/1.1" 404 - "-" "Mozilla/5.0 (Macintosh; Intel Mac OS X 10_12_3) AppleWebKit/537.36 (KHTML, like Gecko) Chrome/56.0.2924.87 Safari/537.36"
162.244.27.137 - - [09/Jan/2025:16:24:38 +0330] "GET /wp-includes/l10n/?C=N;O=D HTTP/1.1" 200 1643 "-" "Mozilla/5.0 (compatible; MJ12bot/v1.4.8; http://mj12bot.com/)"
14.225.255.46 - - [09/Jan/2025:16:24:38 +0330] "GET /chat/talkative-twilio/config/twilio.js HTTP/1.1" 404 - "-" "Mozilla/5.0 (Macintosh; Intel Mac OS X 10_12_3) AppleWebKit/537.36 (KHTML, like Gecko) Chrome/56.0.2924.87 Safari/537.36"
37.187.73.123 - - [09/Jan/2025:16:24:38 +0330] "GET /cd.php?fm=true&path=/home/webtaragh/tmp/pma_template_compiles_webtaragh/twig/d1/ HTTP/1.1" 200 23364 "-" "Mozilla/5.0 (compatible; MJ12bot/v1.4.8; http://mj12bot.com/)"
14.225.255.46 - - [09/Jan/2025:16:24:39 +0330] "GET /src/config/config.js HTTP/1.1" 404 - "-" "Mozilla/5.0 (Macintosh; Intel Mac OS X 10_12_3) AppleWebKit/537.36 (KHTML, like Gecko) Chrome/56.0.2924.87 Safari/537.36"
14.225.255.46 - - [09/Jan/2025:16:24:39 +0330] "GET /config/constant.js HTTP/1.1" 404 - "-" "Mozilla/5.0 (Macintosh; Intel Mac OS X 10_12_3) AppleWebKit/537.36 (KHTML, like Gecko) Chrome/56.0.2924.87 Safari/537.36"
162.244.27.137 - - [09/Jan/2025:16:24:39 +0330] "GET /wp-includes/l10n/?C=S;O=A HTTP/1.1" 200 1643 "-" "Mozilla/5.0 (compatible; MJ12bot/v1.4.8; http://mj12bot.com/)"
14.225.255.46 - - [09/Jan/2025:16:24:40 +0330] "GET /application/configs/application.ini HTTP/1.1" 404 - "-" "Mozilla/5.0 (Macintosh; Intel Mac OS X 10_12_3) AppleWebKit/537.36 (KHTML, like Gecko) Chrome/56.0.2924.87 Safari/537.36"
14.225.255.46 - - [09/Jan/2025:16:24:40 +0330] "GET /administrator/components/com_ubackapi/aws_lambda_config.json HTTP/1.1" 404 - "-" "Mozilla/5.0 (Macintosh; Intel Mac OS X 10_12_3) AppleWebKit/537.36 (KHTML, like Gecko) Chrome/56.0.2924.87 Safari/537.36"
37.187.73.123 - - [09/Jan/2025:16:24:40 +0330] "GET /cd.php?fm=true&path=/home/webtaragh/tmp/pma_template_compiles_webtaragh/twig/d1/. HTTP/1.1" 200 23364 "-" "Mozilla/5.0 (compatible; MJ12bot/v1.4.8; http://mj12bot.com/)"
14.225.255.46 - - [09/Jan/2025:16:24:40 +0330] "GET /config/general-conf.js HTTP/1.1" 404 - "-" "Mozilla/5.0 (Macintosh; Intel Mac OS X 10_12_3) AppleWebKit/537.36 (KHTML, like Gecko) Chrome/56.0.2924.87 Safari/537.36"
14.225.255.46 - - [09/Jan/2025:16:24:41 +0330] "GET /node.js HTTP/1.1" 404 - "-" "Mozilla/5.0 (Macintosh; Intel Mac OS X 10_12_3) AppleWebKit/537.36 (KHTML, like Gecko) Chrome/56.0.2924.87 Safari/537.36"
14.225.255.46 - - [09/Jan/2025:16:24:41 +0330] "GET /config/custom.js HTTP/1.1" 404 - "-" "Mozilla/5.0 (Macintosh; Intel Mac OS X 10_12_3) AppleWebKit/537.36 (KHTML, like Gecko) Chrome/56.0.2924.87 Safari/537.36"
162.244.27.137 - - [09/Jan/2025:16:24:41 +0330] "GET /wp-includes/l10n/class-wp-translation-controller.php HTTP/1.1" 200 - "-" "Mozilla/5.0 (compatible; MJ12bot/v1.4.8; http://mj12bot.com/)"
14.225.255.46 - - [09/Jan/2025:16:24:41 +0330] "GET /sendgrid_email/.env HTTP/1.1" 404 - "-" "Mozilla/5.0 (Macintosh; Intel Mac OS X 10_12_3) AppleWebKit/537.36 (KHTML, like Gecko) Chrome/56.0.2924.87 Safari/537.36"
37.187.73.123 - - [09/Jan/2025:16:24:42 +0330] "GET /cd.php?fm=true&path=/home/webtaragh/tmp/pma_template_compiles_webtaragh/twig/d1/.. HTTP/1.1" 200 73063 "-" "Mozilla/5.0 (compatible; MJ12bot/v1.4.8; http://mj12bot.com/)"
14.225.255.46 - - [09/Jan/2025:16:24:42 +0330] "GET /wp-content/plugins/fluent-smtp/assets/admin/js/fluent-mail-admin-app.js HTTP/1.1" 404 - "-" "Mozilla/5.0 (Macintosh; Intel Mac OS X 10_12_3) AppleWebKit/537.36 (KHTML, like Gecko) Chrome/56.0.2924.87 Safari/537.36"
14.225.255.46 - - [09/Jan/2025:16:24:42 +0330] "GET /api/models/sns_getsmstype.js HTTP/1.1" 404 - "-" "Mozilla/5.0 (Macintosh; Intel Mac OS X 10_12_3) AppleWebKit/537.36 (KHTML, like Gecko) Chrome/56.0.2924.87 Safari/537.36"
14.225.255.46 - - [09/Jan/2025:16:24:43 +0330] "GET /mailgun/sendemail HTTP/1.1" 404 - "-" "Mozilla/5.0 (Macintosh; Intel Mac OS X 10_12_3) AppleWebKit/537.36 (KHTML, like Gecko) Chrome/56.0.2924.87 Safari/537.36"
14.225.255.46 - - [09/Jan/2025:16:24:43 +0330] "GET /ses_sendemail.js HTTP/1.1" 404 - "-" "Mozilla/5.0 (Macintosh; Intel Mac OS X 10_12_3) AppleWebKit/537.36 (KHTML, like Gecko) Chrome/56.0.2924.87 Safari/537.36"
162.244.27.137 - - [09/Jan/2025:16:24:43 +0330] "GET /wp-includes/l10n/class-wp-translation-file-mo.php HTTP/1.1" 200 320 "-" "Mozilla/5.0 (compatible; MJ12bot/v1.4.8; http://mj12bot.com/)"
14.225.255.46 - - [09/Jan/2025:16:24:43 +0330] "GET /lib/ses_sendemail.js HTTP/1.1" 404 - "-" "Mozilla/5.0 (Macintosh; Intel Mac OS X 10_12_3) AppleWebKit/537.36 (KHTML, like Gecko) Chrome/56.0.2924.87 Safari/537.36"
14.225.255.46 - - [09/Jan/2025:16:24:44 +0330] "GET /utils/email.js HTTP/1.1" 404 - "-" "Mozilla/5.0 (Macintosh; Intel Mac OS X 10_12_3) AppleWebKit/537.36 (KHTML, like Gecko) Chrome/56.0.2924.87 Safari/537.36"
37.187.73.123 - - [09/Jan/2025:16:24:44 +0330] "GET /cd.php?fm=true&path=/home/webtaragh/tmp/pma_template_compiles_webtaragh/twig/d6/ HTTP/1.1" 200 23364 "-" "Mozilla/5.0 (compatible; MJ12bot/v1.4.8; http://mj12bot.com/)"
14.225.255.46 - - [09/Jan/2025:16:24:44 +0330] "GET /api/src/mailer.ts HTTP/1.1" 404 - "-" "Mozilla/5.0 (Macintosh; Intel Mac OS X 10_12_3) AppleWebKit/537.36 (KHTML, like Gecko) Chrome/56.0.2924.87 Safari/537.36"
14.225.255.46 - - [09/Jan/2025:16:24:44 +0330] "GET /settings.js HTTP/1.1" 404 - "-" "Mozilla/5.0 (Macintosh; Intel Mac OS X 10_12_3) AppleWebKit/537.36 (KHTML, like Gecko) Chrome/56.0.2924.87 Safari/537.36"
14.225.255.46 - - [09/Jan/2025:16:24:45 +0330] "GET /config/index.js HTTP/1.1" 404 - "-" "Mozilla/5.0 (Macintosh; Intel Mac OS X 10_12_3) AppleWebKit/537.36 (KHTML, like Gecko) Chrome/56.0.2924.87 Safari/537.36"
14.225.255.46 - - [09/Jan/2025:16:24:45 +0330] "GET /config/nodemailer.js HTTP/1.1" 404 - "-" "Mozilla/5.0 (Macintosh; Intel Mac OS X 10_12_3) AppleWebKit/537.36 (KHTML, like Gecko) Chrome/56.0.2924.87 Safari/537.36"
162.244.27.137 - - [09/Jan/2025:16:24:45 +0330] "GET /wp-includes/l10n/class-wp-translation-file-php.php HTTP/1.1" 200 322 "-" "Mozilla/5.0 (compatible; MJ12bot/v1.4.8; http://mj12bot.com/)"
14.225.255.46 - - [09/Jan/2025:16:24:45 +0330] "GET /send-email.js HTTP/1.1" 404 - "-" "Mozilla/5.0 (Macintosh; Intel Mac OS X 10_12_3) AppleWebKit/537.36 (KHTML, like Gecko) Chrome/56.0.2924.87 Safari/537.36"
37.187.73.123 - - [09/Jan/2025:16:24:46 +0330] "GET /cd.php?fm=true&path=/home/webtaragh/tmp/pma_template_compiles_webtaragh/twig/d6/. HTTP/1.1" 200 23364 "-" "Mozilla/5.0 (compatible; MJ12bot/v1.4.8; http://mj12bot.com/)"
14.225.255.46 - - [09/Jan/2025:16:24:46 +0330] "GET /config/send-email.js HTTP/1.1" 404 - "-" "Mozilla/5.0 (Macintosh; Intel Mac OS X 10_12_3) AppleWebKit/537.36 (KHTML, like Gecko) Chrome/56.0.2924.87 Safari/537.36"
14.225.255.46 - - [09/Jan/2025:16:24:46 +0330] "GET /settings/send-email.js HTTP/1.1" 404 - "-" "Mozilla/5.0 (Macintosh; Intel Mac OS X 10_12_3) AppleWebKit/537.36 (KHTML, like Gecko) Chrome/56.0.2924.87 Safari/537.36"
14.225.255.46 - - [09/Jan/2025:16:24:47 +0330] "GET /Dockerfile.dev.server HTTP/1.1" 404 - "-" "Mozilla/5.0 (Macintosh; Intel Mac OS X 10_12_3) AppleWebKit/537.36 (KHTML, like Gecko) Chrome/56.0.2924.87 Safari/537.36"
14.225.255.46 - - [09/Jan/2025:16:24:47 +0330] "GET /docker/Dockerfile.dev.server HTTP/1.1" 404 - "-" "Mozilla/5.0 (Macintosh; Intel Mac OS X 10_12_3) AppleWebKit/537.36 (KHTML, like Gecko) Chrome/56.0.2924.87 Safari/537.36"
162.244.27.137 - - [09/Jan/2025:16:24:47 +0330] "GET /wp-includes/l10n/class-wp-translation-file.php HTTP/1.1" 200 - "-" "Mozilla/5.0 (compatible; MJ12bot/v1.4.8; http://mj12bot.com/)"
37.187.73.123 - - [09/Jan/2025:16:24:47 +0330] "GET /cd.php?fm=true&path=/home/webtaragh/tmp/pma_template_compiles_webtaragh/twig/d6/.. HTTP/1.1" 200 73063 "-" "Mozilla/5.0 (compatible; MJ12bot/v1.4.8; http://mj12bot.com/)"
14.225.255.46 - - [09/Jan/2025:16:24:47 +0330] "GET /server/config/config.js HTTP/1.1" 404 - "-" "Mozilla/5.0 (Macintosh; Intel Mac OS X 10_12_3) AppleWebKit/537.36 (KHTML, like Gecko) Chrome/56.0.2924.87 Safari/537.36"
14.225.255.46 - - [09/Jan/2025:16:24:48 +0330] "GET /jsconfig.json HTTP/1.1" 404 - "-" "Mozilla/5.0 (Macintosh; Intel Mac OS X 10_12_3) AppleWebKit/537.36 (KHTML, like Gecko) Chrome/56.0.2924.87 Safari/537.36"
14.225.255.46 - - [09/Jan/2025:16:24:49 +0330] "GET /api/db.js HTTP/1.1" 404 - "-" "Mozilla/5.0 (Macintosh; Intel Mac OS X 10_12_3) AppleWebKit/537.36 (KHTML, like Gecko) Chrome/56.0.2924.87 Safari/537.36"
14.225.255.46 - - [09/Jan/2025:16:24:49 +0330] "GET /scripts/email.js HTTP/1.1" 404 - "-" "Mozilla/5.0 (Macintosh; Intel Mac OS X 10_12_3) AppleWebKit/537.36 (KHTML, like Gecko) Chrome/56.0.2924.87 Safari/537.36"
37.187.73.123 - - [09/Jan/2025:16:24:49 +0330] "GET /cd.php?fm=true&path=/home/webtaragh/tmp/pma_template_compiles_webtaragh/twig/d9/ HTTP/1.1" 200 23364 "-" "Mozilla/5.0 (compatible; MJ12bot/v1.4.8; http://mj12bot.com/)"
162.244.27.137 - - [09/Jan/2025:16:24:49 +0330] "GET /wp-includes/l10n/class-wp-translations.php HTTP/1.1" 200 - "-" "Mozilla/5.0 (compatible; MJ12bot/v1.4.8; http://mj12bot.com/)"
14.225.255.46 - - [09/Jan/2025:16:24:49 +0330] "GET /scripts//.env.js HTTP/1.1" 404 - "-" "Mozilla/5.0 (Macintosh; Intel Mac OS X 10_12_3) AppleWebKit/537.36 (KHTML, like Gecko) Chrome/56.0.2924.87 Safari/537.36"
14.225.255.46 - - [09/Jan/2025:16:24:50 +0330] "GET /scripts/config.js HTTP/1.1" 404 - "-" "Mozilla/5.0 (Macintosh; Intel Mac OS X 10_12_3) AppleWebKit/537.36 (KHTML, like Gecko) Chrome/56.0.2924.87 Safari/537.36"
14.225.255.46 - - [09/Jan/2025:16:24:50 +0330] "GET /scripts/nodemailer.js HTTP/1.1" 404 - "-" "Mozilla/5.0 (Macintosh; Intel Mac OS X 10_12_3) AppleWebKit/537.36 (KHTML, like Gecko) Chrome/56.0.2924.87 Safari/537.36"
14.225.255.46 - - [09/Jan/2025:16:24:51 +0330] "GET /scripts/index.js HTTP/1.1" 404 - "-" "Mozilla/5.0 (Macintosh; Intel Mac OS X 10_12_3) AppleWebKit/537.36 (KHTML, like Gecko) Chrome/56.0.2924.87 Safari/537.36"
14.225.255.46 - - [09/Jan/2025:16:24:51 +0330] "GET /scripts/app.js HTTP/1.1" 404 - "-" "Mozilla/5.0 (Macintosh; Intel Mac OS X 10_12_3) AppleWebKit/537.36 (KHTML, like Gecko) Chrome/56.0.2924.87 Safari/537.36"
37.187.73.123 - - [09/Jan/2025:16:24:51 +0330] "GET /cd.php?fm=true&path=/home/webtaragh/tmp/pma_template_compiles_webtaragh/twig/d9/. HTTP/1.1" 200 23364 "-" "Mozilla/5.0 (compatible; MJ12bot/v1.4.8; http://mj12bot.com/)"
14.225.255.46 - - [09/Jan/2025:16:24:51 +0330] "GET /lib/email.js HTTP/1.1" 404 - "-" "Mozilla/5.0 (Macintosh; Intel Mac OS X 10_12_3) AppleWebKit/537.36 (KHTML, like Gecko) Chrome/56.0.2924.87 Safari/537.36"
162.244.27.137 - - [09/Jan/2025:16:24:51 +0330] "GET /wp-includes/php-compat/?C=D;O=A HTTP/1.1" 200 826 "-" "Mozilla/5.0 (compatible; MJ12bot/v1.4.8; http://mj12bot.com/)"
14.225.255.46 - - [09/Jan/2025:16:24:52 +0330] "GET /lib/config.js HTTP/1.1" 404 - "-" "Mozilla/5.0 (Macintosh; Intel Mac OS X 10_12_3) AppleWebKit/537.36 (KHTML, like Gecko) Chrome/56.0.2924.87 Safari/537.36"
14.225.255.46 - - [09/Jan/2025:16:24:52 +0330] "GET /static/js/main.141b0494.js HTTP/1.1" 404 - "-" "Mozilla/5.0 (Macintosh; Intel Mac OS X 10_12_3) AppleWebKit/537.36 (KHTML, like Gecko) Chrome/56.0.2924.87 Safari/537.36"
14.225.255.46 - - [09/Jan/2025:16:24:52 +0330] "GET /static/js/2.ca066a4b.chunk.js HTTP/1.1" 404 - "-" "Mozilla/5.0 (Macintosh; Intel Mac OS X 10_12_3) AppleWebKit/537.36 (KHTML, like Gecko) Chrome/56.0.2924.87 Safari/537.36"
37.187.73.123 - - [09/Jan/2025:16:24:53 +0330] "GET /cd.php?fm=true&path=/home/webtaragh/tmp/pma_template_compiles_webtaragh/twig/d9/.. HTTP/1.1" 200 73063 "-" "Mozilla/5.0 (compatible; MJ12bot/v1.4.8; http://mj12bot.com/)"
14.225.255.46 - - [09/Jan/2025:16:24:53 +0330] "GET /static/js/main.e85f7a37.js HTTP/1.1" 404 - "-" "Mozilla/5.0 (Macintosh; Intel Mac OS X 10_12_3) AppleWebKit/537.36 (KHTML, like Gecko) Chrome/56.0.2924.87 Safari/537.36"
14.225.255.46 - - [09/Jan/2025:16:24:53 +0330] "GET /config.py HTTP/1.1" 404 - "-" "Mozilla/5.0 (Macintosh; Intel Mac OS X 10_12_3) AppleWebKit/537.36 (KHTML, like Gecko) Chrome/56.0.2924.87 Safari/537.36"
162.244.27.137 - - [09/Jan/2025:16:24:53 +0330] "GET /wp-includes/php-compat/?C=M;O=A HTTP/1.1" 200 826 "-" "Mozilla/5.0 (compatible; MJ12bot/v1.4.8; http://mj12bot.com/)"
14.225.255.46 - - [09/Jan/2025:16:24:53 +0330] "GET /adm/.env.bak HTTP/1.1" 404 - "-" "Mozilla/5.0 (Macintosh; Intel Mac OS X 10_12_3) AppleWebKit/537.36 (KHTML, like Gecko) Chrome/56.0.2924.87 Safari/537.36"
14.225.255.46 - - [09/Jan/2025:16:24:54 +0330] "GET /adm/.env HTTP/1.1" 404 - "-" "Mozilla/5.0 (Macintosh; Intel Mac OS X 10_12_3) AppleWebKit/537.36 (KHTML, like Gecko) Chrome/56.0.2924.87 Safari/537.36"
37.187.73.123 - - [09/Jan/2025:16:24:55 +0330] "GET /cd.php?fm=true&path=/home/webtaragh/tmp/pma_template_compiles_webtaragh/twig/e1/ HTTP/1.1" 200 23364 "-" "Mozilla/5.0 (compatible; MJ12bot/v1.4.8; http://mj12bot.com/)"
162.244.27.137 - - [09/Jan/2025:16:24:55 +0330] "GET /wp-includes/php-compat/?C=N;O=D HTTP/1.1" 200 826 "-" "Mozilla/5.0 (compatible; MJ12bot/v1.4.8; http://mj12bot.com/)"
14.225.255.46 - - [09/Jan/2025:16:24:55 +0330] "GET /adm/config.env HTTP/1.1" 404 - "-" "Mozilla/5.0 (Macintosh; Intel Mac OS X 10_12_3) AppleWebKit/537.36 (KHTML, like Gecko) Chrome/56.0.2924.87 Safari/537.36"
14.225.255.46 - - [09/Jan/2025:16:24:56 +0330] "GET /adm/.env.dist HTTP/1.1" 404 - "-" "Mozilla/5.0 (Macintosh; Intel Mac OS X 10_12_3) AppleWebKit/537.36 (KHTML, like Gecko) Chrome/56.0.2924.87 Safari/537.36"
14.225.255.46 - - [09/Jan/2025:16:24:56 +0330] "GET /adm/.env.dev HTTP/1.1" 404 - "-" "Mozilla/5.0 (Macintosh; Intel Mac OS X 10_12_3) AppleWebKit/537.36 (KHTML, like Gecko) Chrome/56.0.2924.87 Safari/537.36"
37.187.73.123 - - [09/Jan/2025:16:24:56 +0330] "GET /cd.php?fm=true&path=/home/webtaragh/tmp/pma_template_compiles_webtaragh/twig/e1/. HTTP/1.1" 200 23364 "-" "Mozilla/5.0 (compatible; MJ12bot/v1.4.8; http://mj12bot.com/)"
14.225.255.46 - - [09/Jan/2025:16:24:57 +0330] "GET /adm/.env.local HTTP/1.1" 404 - "-" "Mozilla/5.0 (Macintosh; Intel Mac OS X 10_12_3) AppleWebKit/537.36 (KHTML, like Gecko) Chrome/56.0.2924.87 Safari/537.36"
162.244.27.137 - - [09/Jan/2025:16:24:57 +0330] "GET /wp-includes/php-compat/?C=S;O=A HTTP/1.1" 200 826 "-" "Mozilla/5.0 (compatible; MJ12bot/v1.4.8; http://mj12bot.com/)"
14.225.255.46 - - [09/Jan/2025:16:24:57 +0330] "GET /admin/.env.bak HTTP/1.1" 404 - "-" "Mozilla/5.0 (Macintosh; Intel Mac OS X 10_12_3) AppleWebKit/537.36 (KHTML, like Gecko) Chrome/56.0.2924.87 Safari/537.36"
14.225.255.46 - - [09/Jan/2025:16:24:57 +0330] "GET /admin/config.env HTTP/1.1" 404 - "-" "Mozilla/5.0 (Macintosh; Intel Mac OS X 10_12_3) AppleWebKit/537.36 (KHTML, like Gecko) Chrome/56.0.2924.87 Safari/537.36"
14.225.255.46 - - [09/Jan/2025:16:24:58 +0330] "GET /admin/.env.dist HTTP/1.1" 404 - "-" "Mozilla/5.0 (Macintosh; Intel Mac OS X 10_12_3) AppleWebKit/537.36 (KHTML, like Gecko) Chrome/56.0.2924.87 Safari/537.36"
37.187.73.123 - - [09/Jan/2025:16:24:58 +0330] "GET /cd.php?fm=true&path=/home/webtaragh/tmp/pma_template_compiles_webtaragh/twig/e1/.. HTTP/1.1" 200 73063 "-" "Mozilla/5.0 (compatible; MJ12bot/v1.4.8; http://mj12bot.com/)"
14.225.255.46 - - [09/Jan/2025:16:24:58 +0330] "GET /admin/.env.dev HTTP/1.1" 404 - "-" "Mozilla/5.0 (Macintosh; Intel Mac OS X 10_12_3) AppleWebKit/537.36 (KHTML, like Gecko) Chrome/56.0.2924.87 Safari/537.36"
14.225.255.46 - - [09/Jan/2025:16:24:58 +0330] "GET /admins/.env.bak HTTP/1.1" 404 - "-" "Mozilla/5.0 (Macintosh; Intel Mac OS X 10_12_3) AppleWebKit/537.36 (KHTML, like Gecko) Chrome/56.0.2924.87 Safari/537.36"
162.244.27.137 - - [09/Jan/2025:16:24:58 +0330] "GET /wp-includes/php-compat/readonly.php HTTP/1.1" 200 - "-" "Mozilla/5.0 (compatible; MJ12bot/v1.4.8; http://mj12bot.com/)"
14.225.255.46 - - [09/Jan/2025:16:24:59 +0330] "GET /admins/.env HTTP/1.1" 404 - "-" "Mozilla/5.0 (Macintosh; Intel Mac OS X 10_12_3) AppleWebKit/537.36 (KHTML, like Gecko) Chrome/56.0.2924.87 Safari/537.36"
14.225.255.46 - - [09/Jan/2025:16:24:59 +0330] "GET /admins/config.env HTTP/1.1" 404 - "-" "Mozilla/5.0 (Macintosh; Intel Mac OS X 10_12_3) AppleWebKit/537.36 (KHTML, like Gecko) Chrome/56.0.2924.87 Safari/537.36"
14.225.255.46 - - [09/Jan/2025:16:24:59 +0330] "GET /admins/.env.dist HTTP/1.1" 404 - "-" "Mozilla/5.0 (Macintosh; Intel Mac OS X 10_12_3) AppleWebKit/537.36 (KHTML, like Gecko) Chrome/56.0.2924.87 Safari/537.36"
14.225.255.46 - - [09/Jan/2025:16:25:00 +0330] "GET /admins/.env.dev HTTP/1.1" 404 - "-" "Mozilla/5.0 (Macintosh; Intel Mac OS X 10_12_3) AppleWebKit/537.36 (KHTML, like Gecko) Chrome/56.0.2924.87 Safari/537.36"
37.187.73.123 - - [09/Jan/2025:16:25:00 +0330] "GET /cd.php?fm=true&path=/home/webtaragh/tmp/pma_template_compiles_webtaragh/twig/e9/ HTTP/1.1" 200 23365 "-" "Mozilla/5.0 (compatible; MJ12bot/v1.4.8; http://mj12bot.com/)"
14.225.255.46 - - [09/Jan/2025:16:25:00 +0330] "GET /admins/.env.local HTTP/1.1" 404 - "-" "Mozilla/5.0 (Macintosh; Intel Mac OS X 10_12_3) AppleWebKit/537.36 (KHTML, like Gecko) Chrome/56.0.2924.87 Safari/537.36"
162.244.27.137 - - [09/Jan/2025:16:25:00 +0330] "GET /wp-includes/pomo/?C=D;O=A HTTP/1.1" 200 1706 "-" "Mozilla/5.0 (compatible; MJ12bot/v1.4.8; http://mj12bot.com/)"
14.225.255.46 - - [09/Jan/2025:16:25:01 +0330] "GET /administration/.env.bak HTTP/1.1" 404 - "-" "Mozilla/5.0 (Macintosh; Intel Mac OS X 10_12_3) AppleWebKit/537.36 (KHTML, like Gecko) Chrome/56.0.2924.87 Safari/537.36"
14.225.255.46 - - [09/Jan/2025:16:25:01 +0330] "GET /administration/.env HTTP/1.1" 404 - "-" "Mozilla/5.0 (Macintosh; Intel Mac OS X 10_12_3) AppleWebKit/537.36 (KHTML, like Gecko) Chrome/56.0.2924.87 Safari/537.36"
14.225.255.46 - - [09/Jan/2025:16:25:01 +0330] "GET /administration/config.env HTTP/1.1" 404 - "-" "Mozilla/5.0 (Macintosh; Intel Mac OS X 10_12_3) AppleWebKit/537.36 (KHTML, like Gecko) Chrome/56.0.2924.87 Safari/537.36"
14.225.255.46 - - [09/Jan/2025:16:25:02 +0330] "GET /administration/.env.dist HTTP/1.1" 404 - "-" "Mozilla/5.0 (Macintosh; Intel Mac OS X 10_12_3) AppleWebKit/537.36 (KHTML, like Gecko) Chrome/56.0.2924.87 Safari/537.36"
37.187.73.123 - - [09/Jan/2025:16:25:02 +0330] "GET /cd.php?fm=true&path=/home/webtaragh/tmp/pma_template_compiles_webtaragh/twig/e9/. HTTP/1.1" 200 23365 "-" "Mozilla/5.0 (compatible; MJ12bot/v1.4.8; http://mj12bot.com/)"
14.225.255.46 - - [09/Jan/2025:16:25:02 +0330] "GET /administration/.env.dev HTTP/1.1" 404 - "-" "Mozilla/5.0 (Macintosh; Intel Mac OS X 10_12_3) AppleWebKit/537.36 (KHTML, like Gecko) Chrome/56.0.2924.87 Safari/537.36"
162.244.27.137 - - [09/Jan/2025:16:25:02 +0330] "GET /wp-includes/pomo/?C=M;O=A HTTP/1.1" 200 1706 "-" "Mozilla/5.0 (compatible; MJ12bot/v1.4.8; http://mj12bot.com/)"
14.225.255.46 - - [09/Jan/2025:16:25:02 +0330] "GET /administration/.env.local HTTP/1.1" 404 - "-" "Mozilla/5.0 (Macintosh; Intel Mac OS X 10_12_3) AppleWebKit/537.36 (KHTML, like Gecko) Chrome/56.0.2924.87 Safari/537.36"
14.225.255.46 - - [09/Jan/2025:16:25:03 +0330] "GET /api/.env.bak HTTP/1.1" 404 - "-" "Mozilla/5.0 (Macintosh; Intel Mac OS X 10_12_3) AppleWebKit/537.36 (KHTML, like Gecko) Chrome/56.0.2924.87 Safari/537.36"
14.225.255.46 - - [09/Jan/2025:16:25:03 +0330] "GET /api/config.env HTTP/1.1" 404 - "-" "Mozilla/5.0 (Macintosh; Intel Mac OS X 10_12_3) AppleWebKit/537.36 (KHTML, like Gecko) Chrome/56.0.2924.87 Safari/537.36"
14.225.255.46 - - [09/Jan/2025:16:25:03 +0330] "GET /api/.env.dist HTTP/1.1" 404 - "-" "Mozilla/5.0 (Macintosh; Intel Mac OS X 10_12_3) AppleWebKit/537.36 (KHTML, like Gecko) Chrome/56.0.2924.87 Safari/537.36"
37.187.73.123 - - [09/Jan/2025:16:25:04 +0330] "GET /cd.php?fm=true&path=/home/webtaragh/tmp/pma_template_compiles_webtaragh/twig/e9/.. HTTP/1.1" 200 73063 "-" "Mozilla/5.0 (compatible; MJ12bot/v1.4.8; http://mj12bot.com/)"
14.225.255.46 - - [09/Jan/2025:16:25:05 +0330] "GET /api/.env.dev HTTP/1.1" 404 - "-" "Mozilla/5.0 (Macintosh; Intel Mac OS X 10_12_3) AppleWebKit/537.36 (KHTML, like Gecko) Chrome/56.0.2924.87 Safari/537.36"
162.244.27.137 - - [09/Jan/2025:16:25:05 +0330] "GET /wp-includes/pomo/?C=N;O=D HTTP/1.1" 200 1706 "-" "Mozilla/5.0 (compatible; MJ12bot/v1.4.8; http://mj12bot.com/)"
14.225.255.46 - - [09/Jan/2025:16:25:05 +0330] "GET /app/.env.bak HTTP/1.1" 404 - "-" "Mozilla/5.0 (Macintosh; Intel Mac OS X 10_12_3) AppleWebKit/537.36 (KHTML, like Gecko) Chrome/56.0.2924.87 Safari/537.36"
14.225.255.46 - - [09/Jan/2025:16:25:06 +0330] "GET /app/config.env HTTP/1.1" 404 - "-" "Mozilla/5.0 (Macintosh; Intel Mac OS X 10_12_3) AppleWebKit/537.36 (KHTML, like Gecko) Chrome/56.0.2924.87 Safari/537.36"
14.225.255.46 - - [09/Jan/2025:16:25:06 +0330] "GET /app/.env.dist HTTP/1.1" 404 - "-" "Mozilla/5.0 (Macintosh; Intel Mac OS X 10_12_3) AppleWebKit/537.36 (KHTML, like Gecko) Chrome/56.0.2924.87 Safari/537.36"
37.187.73.123 - - [09/Jan/2025:16:25:06 +0330] "GET /cd.php?fm=true&path=/home/webtaragh/tmp/pma_template_compiles_webtaragh/twig/ed/ HTTP/1.1" 200 23364 "-" "Mozilla/5.0 (compatible; MJ12bot/v1.4.8; http://mj12bot.com/)"
14.225.255.46 - - [09/Jan/2025:16:25:06 +0330] "GET /app/.env.dev HTTP/1.1" 404 - "-" "Mozilla/5.0 (Macintosh; Intel Mac OS X 10_12_3) AppleWebKit/537.36 (KHTML, like Gecko) Chrome/56.0.2924.87 Safari/537.36"
14.225.255.46 - - [09/Jan/2025:16:25:07 +0330] "GET /apis/.env.bak HTTP/1.1" 404 - "-" "Mozilla/5.0 (Macintosh; Intel Mac OS X 10_12_3) AppleWebKit/537.36 (KHTML, like Gecko) Chrome/56.0.2924.87 Safari/537.36"
37.187.73.123 - - [09/Jan/2025:16:25:08 +0330] "GET /cd.php?fm=true&path=/home/webtaragh/tmp/pma_template_compiles_webtaragh/twig/ed/. HTTP/1.1" 200 23364 "-" "Mozilla/5.0 (compatible; MJ12bot/v1.4.8; http://mj12bot.com/)"
162.244.27.137 - - [09/Jan/2025:16:25:08 +0330] "GET /wp-includes/pomo/?C=S;O=A HTTP/1.1" 200 1706 "-" "Mozilla/5.0 (compatible; MJ12bot/v1.4.8; http://mj12bot.com/)"
14.225.255.46 - - [09/Jan/2025:16:25:08 +0330] "GET /apis/config.env HTTP/1.1" 404 - "-" "Mozilla/5.0 (Macintosh; Intel Mac OS X 10_12_3) AppleWebKit/537.36 (KHTML, like Gecko) Chrome/56.0.2924.87 Safari/537.36"
14.225.255.46 - - [09/Jan/2025:16:25:08 +0330] "GET /apis/.env.dist HTTP/1.1" 404 - "-" "Mozilla/5.0 (Macintosh; Intel Mac OS X 10_12_3) AppleWebKit/537.36 (KHTML, like Gecko) Chrome/56.0.2924.87 Safari/537.36"
14.225.255.46 - - [09/Jan/2025:16:25:08 +0330] "GET /apis/.env.dev HTTP/1.1" 404 - "-" "Mozilla/5.0 (Macintosh; Intel Mac OS X 10_12_3) AppleWebKit/537.36 (KHTML, like Gecko) Chrome/56.0.2924.87 Safari/537.36"
14.225.255.46 - - [09/Jan/2025:16:25:09 +0330] "GET /back/.env.bak HTTP/1.1" 404 - "-" "Mozilla/5.0 (Macintosh; Intel Mac OS X 10_12_3) AppleWebKit/537.36 (KHTML, like Gecko) Chrome/56.0.2924.87 Safari/537.36"
14.225.255.46 - - [09/Jan/2025:16:25:09 +0330] "GET /back/config.env HTTP/1.1" 404 - "-" "Mozilla/5.0 (Macintosh; Intel Mac OS X 10_12_3) AppleWebKit/537.36 (KHTML, like Gecko) Chrome/56.0.2924.87 Safari/537.36"
37.187.73.123 - - [09/Jan/2025:16:25:09 +0330] "GET /cd.php?fm=true&path=/home/webtaragh/tmp/pma_template_compiles_webtaragh/twig/ed/.. HTTP/1.1" 200 73063 "-" "Mozilla/5.0 (compatible; MJ12bot/v1.4.8; http://mj12bot.com/)"
14.225.255.46 - - [09/Jan/2025:16:25:09 +0330] "GET /back/.env.dist HTTP/1.1" 404 - "-" "Mozilla/5.0 (Macintosh; Intel Mac OS X 10_12_3) AppleWebKit/537.36 (KHTML, like Gecko) Chrome/56.0.2924.87 Safari/537.36"
14.225.255.46 - - [09/Jan/2025:16:25:10 +0330] "GET /back/.env.dev HTTP/1.1" 404 - "-" "Mozilla/5.0 (Macintosh; Intel Mac OS X 10_12_3) AppleWebKit/537.36 (KHTML, like Gecko) Chrome/56.0.2924.87 Safari/537.36"
162.244.27.137 - - [09/Jan/2025:16:25:10 +0330] "GET /wp-includes/pomo/entry.php HTTP/1.1" 200 - "-" "Mozilla/5.0 (compatible; MJ12bot/v1.4.8; http://mj12bot.com/)"
14.225.255.46 - - [09/Jan/2025:16:25:10 +0330] "GET /back/.env.local HTTP/1.1" 404 - "-" "Mozilla/5.0 (Macintosh; Intel Mac OS X 10_12_3) AppleWebKit/537.36 (KHTML, like Gecko) Chrome/56.0.2924.87 Safari/537.36"
14.225.255.46 - - [09/Jan/2025:16:25:11 +0330] "GET /backend/.env.bak HTTP/1.1" 404 - "-" "Mozilla/5.0 (Macintosh; Intel Mac OS X 10_12_3) AppleWebKit/537.36 (KHTML, like Gecko) Chrome/56.0.2924.87 Safari/537.36"
14.225.255.46 - - [09/Jan/2025:16:25:11 +0330] "GET /backend/config.env HTTP/1.1" 404 - "-" "Mozilla/5.0 (Macintosh; Intel Mac OS X 10_12_3) AppleWebKit/537.36 (KHTML, like Gecko) Chrome/56.0.2924.87 Safari/537.36"
14.225.255.46 - - [09/Jan/2025:16:25:11 +0330] "GET /backend/.env.dist HTTP/1.1" 404 - "-" "Mozilla/5.0 (Macintosh; Intel Mac OS X 10_12_3) AppleWebKit/537.36 (KHTML, like Gecko) Chrome/56.0.2924.87 Safari/537.36"
37.187.73.123 - - [09/Jan/2025:16:25:11 +0330] "GET /cd.php?fm=true&path=/home/webtaragh/tmp/pma_template_compiles_webtaragh/twig/f9/ HTTP/1.1" 200 23365 "-" "Mozilla/5.0 (compatible; MJ12bot/v1.4.8; http://mj12bot.com/)"
14.225.255.46 - - [09/Jan/2025:16:25:12 +0330] "GET /backend/.env.dev HTTP/1.1" 404 - "-" "Mozilla/5.0 (Macintosh; Intel Mac OS X 10_12_3) AppleWebKit/537.36 (KHTML, like Gecko) Chrome/56.0.2924.87 Safari/537.36"
162.244.27.137 - - [09/Jan/2025:16:25:12 +0330] "GET /wp-includes/pomo/mo.php HTTP/1.1" 200 - "-" "Mozilla/5.0 (compatible; MJ12bot/v1.4.8; http://mj12bot.com/)"
14.225.255.46 - - [09/Jan/2025:16:25:12 +0330] "GET /backup/.env.bak HTTP/1.1" 404 - "-" "Mozilla/5.0 (Macintosh; Intel Mac OS X 10_12_3) AppleWebKit/537.36 (KHTML, like Gecko) Chrome/56.0.2924.87 Safari/537.36"
14.225.255.46 - - [09/Jan/2025:16:25:12 +0330] "GET /backup/config.env HTTP/1.1" 404 - "-" "Mozilla/5.0 (Macintosh; Intel Mac OS X 10_12_3) AppleWebKit/537.36 (KHTML, like Gecko) Chrome/56.0.2924.87 Safari/537.36"
37.187.73.123 - - [09/Jan/2025:16:25:13 +0330] "GET /cd.php?fm=true&path=/home/webtaragh/tmp/pma_template_compiles_webtaragh/twig/f9/. HTTP/1.1" 200 23365 "-" "Mozilla/5.0 (compatible; MJ12bot/v1.4.8; http://mj12bot.com/)"
14.225.255.46 - - [09/Jan/2025:16:25:14 +0330] "GET /backup/.env.dist HTTP/1.1" 404 - "-" "Mozilla/5.0 (Macintosh; Intel Mac OS X 10_12_3) AppleWebKit/537.36 (KHTML, like Gecko) Chrome/56.0.2924.87 Safari/537.36"
14.225.255.46 - - [09/Jan/2025:16:25:14 +0330] "GET /backup/.env.dev HTTP/1.1" 404 - "-" "Mozilla/5.0 (Macintosh; Intel Mac OS X 10_12_3) AppleWebKit/537.36 (KHTML, like Gecko) Chrome/56.0.2924.87 Safari/537.36"
162.244.27.137 - - [09/Jan/2025:16:25:14 +0330] "GET /wp-includes/pomo/plural-forms.php HTTP/1.1" 200 - "-" "Mozilla/5.0 (compatible; MJ12bot/v1.4.8; http://mj12bot.com/)"
14.225.255.46 - - [09/Jan/2025:16:25:14 +0330] "GET /beta/.env.bak HTTP/1.1" 404 - "-" "Mozilla/5.0 (Macintosh; Intel Mac OS X 10_12_3) AppleWebKit/537.36 (KHTML, like Gecko) Chrome/56.0.2924.87 Safari/537.36"
14.225.255.46 - - [09/Jan/2025:16:25:15 +0330] "GET /beta/config.env HTTP/1.1" 404 - "-" "Mozilla/5.0 (Macintosh; Intel Mac OS X 10_12_3) AppleWebKit/537.36 (KHTML, like Gecko) Chrome/56.0.2924.87 Safari/537.36"
37.187.73.123 - - [09/Jan/2025:16:25:15 +0330] "GET /cd.php?fm=true&path=/home/webtaragh/tmp/pma_template_compiles_webtaragh/twig/f9/.. HTTP/1.1" 200 73063 "-" "Mozilla/5.0 (compatible; MJ12bot/v1.4.8; http://mj12bot.com/)"
14.225.255.46 - - [09/Jan/2025:16:25:15 +0330] "GET /beta/.env.dist HTTP/1.1" 404 - "-" "Mozilla/5.0 (Macintosh; Intel Mac OS X 10_12_3) AppleWebKit/537.36 (KHTML, like Gecko) Chrome/56.0.2924.87 Safari/537.36"
14.225.255.46 - - [09/Jan/2025:16:25:15 +0330] "GET /beta/.env.dev HTTP/1.1" 404 - "-" "Mozilla/5.0 (Macintosh; Intel Mac OS X 10_12_3) AppleWebKit/537.36 (KHTML, like Gecko) Chrome/56.0.2924.87 Safari/537.36"
162.244.27.137 - - [09/Jan/2025:16:25:16 +0330] "GET /wp-includes/pomo/po.php HTTP/1.1" 200 - "-" "Mozilla/5.0 (compatible; MJ12bot/v1.4.8; http://mj12bot.com/)"
14.225.255.46 - - [09/Jan/2025:16:25:16 +0330] "GET /bot/.env.bak HTTP/1.1" 404 - "-" "Mozilla/5.0 (Macintosh; Intel Mac OS X 10_12_3) AppleWebKit/537.36 (KHTML, like Gecko) Chrome/56.0.2924.87 Safari/537.36"
14.225.255.46 - - [09/Jan/2025:16:25:17 +0330] "GET /bot/.env HTTP/1.1" 404 - "-" "Mozilla/5.0 (Macintosh; Intel Mac OS X 10_12_3) AppleWebKit/537.36 (KHTML, like Gecko) Chrome/56.0.2924.87 Safari/537.36"
37.187.73.123 - - [09/Jan/2025:16:25:17 +0330] "GET /cd.php?fm=true&path=/home/webtaragh/tmp/pma_template_compiles_webtaragh/twig/fb/ HTTP/1.1" 200 23364 "-" "Mozilla/5.0 (compatible; MJ12bot/v1.4.8; http://mj12bot.com/)"
14.225.255.46 - - [09/Jan/2025:16:25:17 +0330] "GET /bot/config.env HTTP/1.1" 404 - "-" "Mozilla/5.0 (Macintosh; Intel Mac OS X 10_12_3) AppleWebKit/537.36 (KHTML, like Gecko) Chrome/56.0.2924.87 Safari/537.36"
14.225.255.46 - - [09/Jan/2025:16:25:17 +0330] "GET /bot/.env.dist HTTP/1.1" 404 - "-" "Mozilla/5.0 (Macintosh; Intel Mac OS X 10_12_3) AppleWebKit/537.36 (KHTML, like Gecko) Chrome/56.0.2924.87 Safari/537.36"
14.225.255.46 - - [09/Jan/2025:16:25:18 +0330] "GET /bot/.env.dev HTTP/1.1" 404 - "-" "Mozilla/5.0 (Macintosh; Intel Mac OS X 10_12_3) AppleWebKit/537.36 (KHTML, like Gecko) Chrome/56.0.2924.87 Safari/537.36"
162.244.27.137 - - [09/Jan/2025:16:25:18 +0330] "GET /wp-includes/pomo/streams.php HTTP/1.1" 200 - "-" "Mozilla/5.0 (compatible; MJ12bot/v1.4.8; http://mj12bot.com/)"
14.225.255.46 - - [09/Jan/2025:16:25:18 +0330] "GET /bot/.env.local HTTP/1.1" 404 - "-" "Mozilla/5.0 (Macintosh; Intel Mac OS X 10_12_3) AppleWebKit/537.36 (KHTML, like Gecko) Chrome/56.0.2924.87 Safari/537.36"
14.225.255.46 - - [09/Jan/2025:16:25:18 +0330] "GET /client/.env.bak HTTP/1.1" 404 - "-" "Mozilla/5.0 (Macintosh; Intel Mac OS X 10_12_3) AppleWebKit/537.36 (KHTML, like Gecko) Chrome/56.0.2924.87 Safari/537.36"
37.187.73.123 - - [09/Jan/2025:16:25:19 +0330] "GET /cd.php?fm=true&path=/home/webtaragh/tmp/pma_template_compiles_webtaragh/twig/fb/. HTTP/1.1" 200 23364 "-" "Mozilla/5.0 (compatible; MJ12bot/v1.4.8; http://mj12bot.com/)"
14.225.255.46 - - [09/Jan/2025:16:25:19 +0330] "GET /client/config.env HTTP/1.1" 404 - "-" "Mozilla/5.0 (Macintosh; Intel Mac OS X 10_12_3) AppleWebKit/537.36 (KHTML, like Gecko) Chrome/56.0.2924.87 Safari/537.36"
14.225.255.46 - - [09/Jan/2025:16:25:19 +0330] "GET /client/.env.dist HTTP/1.1" 404 - "-" "Mozilla/5.0 (Macintosh; Intel Mac OS X 10_12_3) AppleWebKit/537.36 (KHTML, like Gecko) Chrome/56.0.2924.87 Safari/537.36"
14.225.255.46 - - [09/Jan/2025:16:25:20 +0330] "GET /client/.env.dev HTTP/1.1" 404 - "-" "Mozilla/5.0 (Macintosh; Intel Mac OS X 10_12_3) AppleWebKit/537.36 (KHTML, like Gecko) Chrome/56.0.2924.87 Safari/537.36"
162.244.27.137 - - [09/Jan/2025:16:25:20 +0330] "GET /wp-includes/pomo/translations.php HTTP/1.1" 200 - "-" "Mozilla/5.0 (compatible; MJ12bot/v1.4.8; http://mj12bot.com/)"
14.225.255.46 - - [09/Jan/2025:16:25:20 +0330] "GET /conf/.env.bak HTTP/1.1" 404 - "-" "Mozilla/5.0 (Macintosh; Intel Mac OS X 10_12_3) AppleWebKit/537.36 (KHTML, like Gecko) Chrome/56.0.2924.87 Safari/537.36"
37.187.73.123 - - [09/Jan/2025:16:25:20 +0330] "GET /cd.php?fm=true&path=/home/webtaragh/tmp/pma_template_compiles_webtaragh/twig/fb/.. HTTP/1.1" 200 73063 "-" "Mozilla/5.0 (compatible; MJ12bot/v1.4.8; http://mj12bot.com/)"
14.225.255.46 - - [09/Jan/2025:16:25:20 +0330] "GET /conf/config.env HTTP/1.1" 404 - "-" "Mozilla/5.0 (Macintosh; Intel Mac OS X 10_12_3) AppleWebKit/537.36 (KHTML, like Gecko) Chrome/56.0.2924.87 Safari/537.36"
14.225.255.46 - - [09/Jan/2025:16:25:21 +0330] "GET /conf/.env.dist HTTP/1.1" 404 - "-" "Mozilla/5.0 (Macintosh; Intel Mac OS X 10_12_3) AppleWebKit/537.36 (KHTML, like Gecko) Chrome/56.0.2924.87 Safari/537.36"
14.225.255.46 - - [09/Jan/2025:16:25:21 +0330] "GET /conf/.env.dev HTTP/1.1" 404 - "-" "Mozilla/5.0 (Macintosh; Intel Mac OS X 10_12_3) AppleWebKit/537.36 (KHTML, like Gecko) Chrome/56.0.2924.87 Safari/537.36"
14.225.255.46 - - [09/Jan/2025:16:25:21 +0330] "GET /conf/.env.local HTTP/1.1" 404 - "-" "Mozilla/5.0 (Macintosh; Intel Mac OS X 10_12_3) AppleWebKit/537.36 (KHTML, like Gecko) Chrome/56.0.2924.87 Safari/537.36"
162.244.27.137 - - [09/Jan/2025:16:25:21 +0330] "GET /wp-includes/rest-api/?C=D;O=A HTTP/1.1" 200 1758 "-" "Mozilla/5.0 (compatible; MJ12bot/v1.4.8; http://mj12bot.com/)"
14.225.255.46 - - [09/Jan/2025:16:25:22 +0330] "GET /config/.env.bak HTTP/1.1" 404 - "-" "Mozilla/5.0 (Macintosh; Intel Mac OS X 10_12_3) AppleWebKit/537.36 (KHTML, like Gecko) Chrome/56.0.2924.87 Safari/537.36"
14.225.255.46 - - [09/Jan/2025:16:25:22 +0330] "GET /config/config.env HTTP/1.1" 404 - "-" "Mozilla/5.0 (Macintosh; Intel Mac OS X 10_12_3) AppleWebKit/537.36 (KHTML, like Gecko) Chrome/56.0.2924.87 Safari/537.36"
14.225.255.46 - - [09/Jan/2025:16:25:22 +0330] "GET /config/.env.dist HTTP/1.1" 404 - "-" "Mozilla/5.0 (Macintosh; Intel Mac OS X 10_12_3) AppleWebKit/537.36 (KHTML, like Gecko) Chrome/56.0.2924.87 Safari/537.36"
37.187.73.123 - - [09/Jan/2025:16:25:23 +0330] "GET /cd.php?fm=true&path=/home/webtaragh/tmp/pma_template_compiles_webtaragh/twig/ff/ HTTP/1.1" 200 23365 "-" "Mozilla/5.0 (compatible; MJ12bot/v1.4.8; http://mj12bot.com/)"
162.244.27.137 - - [09/Jan/2025:16:25:23 +0330] "GET /wp-includes/rest-api/?C=M;O=A HTTP/1.1" 200 1758 "-" "Mozilla/5.0 (compatible; MJ12bot/v1.4.8; http://mj12bot.com/)"
14.225.255.46 - - [09/Jan/2025:16:25:23 +0330] "GET /config/.env.dev HTTP/1.1" 404 - "-" "Mozilla/5.0 (Macintosh; Intel Mac OS X 10_12_3) AppleWebKit/537.36 (KHTML, like Gecko) Chrome/56.0.2924.87 Safari/537.36"
14.225.255.46 - - [09/Jan/2025:16:25:24 +0330] "GET /config/.env.local HTTP/1.1" 404 - "-" "Mozilla/5.0 (Macintosh; Intel Mac OS X 10_12_3) AppleWebKit/537.36 (KHTML, like Gecko) Chrome/56.0.2924.87 Safari/537.36"
14.225.255.46 - - [09/Jan/2025:16:25:24 +0330] "GET /common/.env.bak HTTP/1.1" 404 - "-" "Mozilla/5.0 (Macintosh; Intel Mac OS X 10_12_3) AppleWebKit/537.36 (KHTML, like Gecko) Chrome/56.0.2924.87 Safari/537.36"
14.225.255.46 - - [09/Jan/2025:16:25:24 +0330] "GET /common/.env HTTP/1.1" 404 - "-" "Mozilla/5.0 (Macintosh; Intel Mac OS X 10_12_3) AppleWebKit/537.36 (KHTML, like Gecko) Chrome/56.0.2924.87 Safari/537.36"
37.187.73.123 - - [09/Jan/2025:16:25:24 +0330] "GET /cd.php?fm=true&path=/home/webtaragh/tmp/pma_template_compiles_webtaragh/twig/ff/. HTTP/1.1" 200 23365 "-" "Mozilla/5.0 (compatible; MJ12bot/v1.4.8; http://mj12bot.com/)"
14.225.255.46 - - [09/Jan/2025:16:25:25 +0330] "GET /common/config.env HTTP/1.1" 404 - "-" "Mozilla/5.0 (Macintosh; Intel Mac OS X 10_12_3) AppleWebKit/537.36 (KHTML, like Gecko) Chrome/56.0.2924.87 Safari/537.36"
14.225.255.46 - - [09/Jan/2025:16:25:25 +0330] "GET /common/.env.dist HTTP/1.1" 404 - "-" "Mozilla/5.0 (Macintosh; Intel Mac OS X 10_12_3) AppleWebKit/537.36 (KHTML, like Gecko) Chrome/56.0.2924.87 Safari/537.36"
162.244.27.137 - - [09/Jan/2025:16:25:25 +0330] "GET /wp-includes/rest-api/?C=N;O=D HTTP/1.1" 200 1758 "-" "Mozilla/5.0 (compatible; MJ12bot/v1.4.8; http://mj12bot.com/)"
14.225.255.46 - - [09/Jan/2025:16:25:25 +0330] "GET /common/.env.dev HTTP/1.1" 404 - "-" "Mozilla/5.0 (Macintosh; Intel Mac OS X 10_12_3) AppleWebKit/537.36 (KHTML, like Gecko) Chrome/56.0.2924.87 Safari/537.36"
14.225.255.46 - - [09/Jan/2025:16:25:26 +0330] "GET /common/.env.local HTTP/1.1" 404 - "-" "Mozilla/5.0 (Macintosh; Intel Mac OS X 10_12_3) AppleWebKit/537.36 (KHTML, like Gecko) Chrome/56.0.2924.87 Safari/537.36"
14.225.255.46 - - [09/Jan/2025:16:25:26 +0330] "GET /crm/.env.bak HTTP/1.1" 404 - "-" "Mozilla/5.0 (Macintosh; Intel Mac OS X 10_12_3) AppleWebKit/537.36 (KHTML, like Gecko) Chrome/56.0.2924.87 Safari/537.36"
37.187.73.123 - - [09/Jan/2025:16:25:26 +0330] "GET /cd.php?fm=true&path=/home/webtaragh/tmp/pma_template_compiles_webtaragh/twig/ff/.. HTTP/1.1" 200 73063 "-" "Mozilla/5.0 (compatible; MJ12bot/v1.4.8; http://mj12bot.com/)"
14.225.255.46 - - [09/Jan/2025:16:25:26 +0330] "GET /crm/config.env HTTP/1.1" 404 - "-" "Mozilla/5.0 (Macintosh; Intel Mac OS X 10_12_3) AppleWebKit/537.36 (KHTML, like Gecko) Chrome/56.0.2924.87 Safari/537.36"
14.225.255.46 - - [09/Jan/2025:16:25:27 +0330] "GET /crm/.env.dist HTTP/1.1" 404 - "-" "Mozilla/5.0 (Macintosh; Intel Mac OS X 10_12_3) AppleWebKit/537.36 (KHTML, like Gecko) Chrome/56.0.2924.87 Safari/537.36"
162.244.27.137 - - [09/Jan/2025:16:25:27 +0330] "GET /wp-includes/rest-api/?C=S;O=A HTTP/1.1" 200 1758 "-" "Mozilla/5.0 (compatible; MJ12bot/v1.4.8; http://mj12bot.com/)"
14.225.255.46 - - [09/Jan/2025:16:25:27 +0330] "GET /crm/.env.dev HTTP/1.1" 404 - "-" "Mozilla/5.0 (Macintosh; Intel Mac OS X 10_12_3) AppleWebKit/537.36 (KHTML, like Gecko) Chrome/56.0.2924.87 Safari/537.36"
14.225.255.46 - - [09/Jan/2025:16:25:28 +0330] "GET /current/.env.bak HTTP/1.1" 404 - "-" "Mozilla/5.0 (Macintosh; Intel Mac OS X 10_12_3) AppleWebKit/537.36 (KHTML, like Gecko) Chrome/56.0.2924.87 Safari/537.36"
14.225.255.46 - - [09/Jan/2025:16:25:28 +0330] "GET /current/config.env HTTP/1.1" 404 - "-" "Mozilla/5.0 (Macintosh; Intel Mac OS X 10_12_3) AppleWebKit/537.36 (KHTML, like Gecko) Chrome/56.0.2924.87 Safari/537.36"
37.187.73.123 - - [09/Jan/2025:16:25:28 +0330] "GET /cd.php?fm=true&path=/home/webtaragh/tmp/webalizer/ssl/webtaragh.ir/ HTTP/1.1" 200 65717 "-" "Mozilla/5.0 (compatible; MJ12bot/v1.4.8; http://mj12bot.com/)"
162.244.27.137 - - [09/Jan/2025:16:25:28 +0330] "GET /wp-includes/rest-api/class-wp-rest-request.php HTTP/1.1" 200 - "-" "Mozilla/5.0 (compatible; MJ12bot/v1.4.8; http://mj12bot.com/)"
14.225.255.46 - - [09/Jan/2025:16:25:29 +0330] "GET /current/.env.dist HTTP/1.1" 404 - "-" "Mozilla/5.0 (Macintosh; Intel Mac OS X 10_12_3) AppleWebKit/537.36 (KHTML, like Gecko) Chrome/56.0.2924.87 Safari/537.36"
14.225.255.46 - - [09/Jan/2025:16:25:29 +0330] "GET /current/.env.dev HTTP/1.1" 404 - "-" "Mozilla/5.0 (Macintosh; Intel Mac OS X 10_12_3) AppleWebKit/537.36 (KHTML, like Gecko) Chrome/56.0.2924.87 Safari/537.36"
14.225.255.46 - - [09/Jan/2025:16:25:29 +0330] "GET /cron/.env.bak HTTP/1.1" 404 - "-" "Mozilla/5.0 (Macintosh; Intel Mac OS X 10_12_3) AppleWebKit/537.36 (KHTML, like Gecko) Chrome/56.0.2924.87 Safari/537.36"
14.225.255.46 - - [09/Jan/2025:16:25:30 +0330] "GET /cron/config.env HTTP/1.1" 404 - "-" "Mozilla/5.0 (Macintosh; Intel Mac OS X 10_12_3) AppleWebKit/537.36 (KHTML, like Gecko) Chrome/56.0.2924.87 Safari/537.36"
37.187.73.123 - - [09/Jan/2025:16:25:30 +0330] "GET /cd.php?fm=true&path=/home/webtaragh/tmp/webalizer/ssl/webtaragh.ir/. HTTP/1.1" 200 65717 "-" "Mozilla/5.0 (compatible; MJ12bot/v1.4.8; http://mj12bot.com/)"
162.244.27.137 - - [09/Jan/2025:16:25:30 +0330] "GET /wp-includes/rest-api/class-wp-rest-response.php HTTP/1.1" 200 313 "-" "Mozilla/5.0 (compatible; MJ12bot/v1.4.8; http://mj12bot.com/)"
14.225.255.46 - - [09/Jan/2025:16:25:30 +0330] "GET /cron/.env.dist HTTP/1.1" 404 - "-" "Mozilla/5.0 (Macintosh; Intel Mac OS X 10_12_3) AppleWebKit/537.36 (KHTML, like Gecko) Chrome/56.0.2924.87 Safari/537.36"
14.225.255.46 - - [09/Jan/2025:16:25:31 +0330] "GET /cron/.env.dev HTTP/1.1" 404 - "-" "Mozilla/5.0 (Macintosh; Intel Mac OS X 10_12_3) AppleWebKit/537.36 (KHTML, like Gecko) Chrome/56.0.2924.87 Safari/537.36"
14.225.255.46 - - [09/Jan/2025:16:25:31 +0330] "GET /cms/.env.bak HTTP/1.1" 404 - "-" "Mozilla/5.0 (Macintosh; Intel Mac OS X 10_12_3) AppleWebKit/537.36 (KHTML, like Gecko) Chrome/56.0.2924.87 Safari/537.36"
14.225.255.46 - - [09/Jan/2025:16:25:31 +0330] "GET /cms/.env HTTP/1.1" 404 - "-" "Mozilla/5.0 (Macintosh; Intel Mac OS X 10_12_3) AppleWebKit/537.36 (KHTML, like Gecko) Chrome/56.0.2924.87 Safari/537.36"
14.225.255.46 - - [09/Jan/2025:16:25:32 +0330] "GET /cms/config.env HTTP/1.1" 404 - "-" "Mozilla/5.0 (Macintosh; Intel Mac OS X 10_12_3) AppleWebKit/537.36 (KHTML, like Gecko) Chrome/56.0.2924.87 Safari/537.36"
37.187.73.123 - - [09/Jan/2025:16:25:32 +0330] "GET /cd.php?fm=true&path=/home/webtaragh/tmp/webalizer/ssl/webtaragh.ir/.. HTTP/1.1" 200 22694 "-" "Mozilla/5.0 (compatible; MJ12bot/v1.4.8; http://mj12bot.com/)"
14.225.255.46 - - [09/Jan/2025:16:25:32 +0330] "GET /cms/.env.dist HTTP/1.1" 404 - "-" "Mozilla/5.0 (Macintosh; Intel Mac OS X 10_12_3) AppleWebKit/537.36 (KHTML, like Gecko) Chrome/56.0.2924.87 Safari/537.36"
162.244.27.137 - - [09/Jan/2025:16:25:32 +0330] "GET /wp-includes/rest-api/class-wp-rest-server.php HTTP/1.1" 200 - "-" "Mozilla/5.0 (compatible; MJ12bot/v1.4.8; http://mj12bot.com/)"
14.225.255.46 - - [09/Jan/2025:16:25:33 +0330] "GET /cms/.env.dev HTTP/1.1" 404 - "-" "Mozilla/5.0 (Macintosh; Intel Mac OS X 10_12_3) AppleWebKit/537.36 (KHTML, like Gecko) Chrome/56.0.2924.87 Safari/537.36"
14.225.255.46 - - [09/Jan/2025:16:25:33 +0330] "GET /cms/.env.local HTTP/1.1" 404 - "-" "Mozilla/5.0 (Macintosh; Intel Mac OS X 10_12_3) AppleWebKit/537.36 (KHTML, like Gecko) Chrome/56.0.2924.87 Safari/537.36"
14.225.255.46 - - [09/Jan/2025:16:25:33 +0330] "GET /default/.env.bak HTTP/1.1" 404 - "-" "Mozilla/5.0 (Macintosh; Intel Mac OS X 10_12_3) AppleWebKit/537.36 (KHTML, like Gecko) Chrome/56.0.2924.87 Safari/537.36"
14.225.255.46 - - [09/Jan/2025:16:25:34 +0330] "GET /default/config.env HTTP/1.1" 404 - "-" "Mozilla/5.0 (Macintosh; Intel Mac OS X 10_12_3) AppleWebKit/537.36 (KHTML, like Gecko) Chrome/56.0.2924.87 Safari/537.36"
37.187.73.123 - - [09/Jan/2025:16:25:34 +0330] "GET /cd.php?fm=true&rename=.coveralls.yml&path=/home/webtaragh/public_html/whmcs/vendor/punic/punic/ HTTP/1.1" 200 18374 "-" "Mozilla/5.0 (compatible; MJ12bot/v1.4.8; http://mj12bot.com/)"
14.225.255.46 - - [09/Jan/2025:16:25:34 +0330] "GET /default/.env.dist HTTP/1.1" 404 - "-" "Mozilla/5.0 (Macintosh; Intel Mac OS X 10_12_3) AppleWebKit/537.36 (KHTML, like Gecko) Chrome/56.0.2924.87 Safari/537.36"
162.244.27.137 - - [09/Jan/2025:16:25:34 +0330] "GET /wp-includes/rest-api/endpoints/ HTTP/1.1" 200 9337 "-" "Mozilla/5.0 (compatible; MJ12bot/v1.4.8; http://mj12bot.com/)"
