14.225.255.46 - - [09/Jan/2025:16:39:01 +0330] "GET /lara/api/phpinfo.php HTTP/1.1" 404 - "-" "Mozilla/5.0 (Macintosh; Intel Mac OS X 10_12_3) AppleWebKit/537.36 (KHTML, like Gecko) Chrome/56.0.2924.87 Safari/537.36"
14.225.255.46 - - [09/Jan/2025:16:39:01 +0330] "GET /lara/backend/phpinfo.php HTTP/1.1" 404 - "-" "Mozilla/5.0 (Macintosh; Intel Mac OS X 10_12_3) AppleWebKit/537.36 (KHTML, like Gecko) Chrome/56.0.2924.87 Safari/537.36"
14.225.255.46 - - [09/Jan/2025:16:39:01 +0330] "GET /lara/backup/phpinfo.php HTTP/1.1" 404 - "-" "Mozilla/5.0 (Macintosh; Intel Mac OS X 10_12_3) AppleWebKit/537.36 (KHTML, like Gecko) Chrome/56.0.2924.87 Safari/537.36"
14.225.255.46 - - [09/Jan/2025:16:39:02 +0330] "GET /lara/crm/phpinfo.php HTTP/1.1" 404 - "-" "Mozilla/5.0 (Macintosh; Intel Mac OS X 10_12_3) AppleWebKit/537.36 (KHTML, like Gecko) Chrome/56.0.2924.87 Safari/537.36"
14.225.255.46 - - [09/Jan/2025:16:39:03 +0330] "GET /lara/current/phpinfo.php HTTP/1.1" 404 - "-" "Mozilla/5.0 (Macintosh; Intel Mac OS X 10_12_3) AppleWebKit/537.36 (KHTML, like Gecko) Chrome/56.0.2924.87 Safari/537.36"
14.225.255.46 - - [09/Jan/2025:16:39:03 +0330] "GET /lara/dev/phpinfo.php HTTP/1.1" 404 - "-" "Mozilla/5.0 (Macintosh; Intel Mac OS X 10_12_3) AppleWebKit/537.36 (KHTML, like Gecko) Chrome/56.0.2924.87 Safari/537.36"
14.225.255.46 - - [09/Jan/2025:16:39:04 +0330] "GET /lara/develop/phpinfo.php HTTP/1.1" 404 - "-" "Mozilla/5.0 (Macintosh; Intel Mac OS X 10_12_3) AppleWebKit/537.36 (KHTML, like Gecko) Chrome/56.0.2924.87 Safari/537.36"
14.225.255.46 - - [09/Jan/2025:16:39:04 +0330] "GET /lara/development/phpinfo.php HTTP/1.1" 404 - "-" "Mozilla/5.0 (Macintosh; Intel Mac OS X 10_12_3) AppleWebKit/537.36 (KHTML, like Gecko) Chrome/56.0.2924.87 Safari/537.36"
14.225.255.46 - - [09/Jan/2025:16:39:04 +0330] "GET /lara/help/phpinfo.php HTTP/1.1" 404 - "-" "Mozilla/5.0 (Macintosh; Intel Mac OS X 10_12_3) AppleWebKit/537.36 (KHTML, like Gecko) Chrome/56.0.2924.87 Safari/537.36"
14.225.255.46 - - [09/Jan/2025:16:39:05 +0330] "GET /lara/helper/phpinfo.php HTTP/1.1" 404 - "-" "Mozilla/5.0 (Macintosh; Intel Mac OS X 10_12_3) AppleWebKit/537.36 (KHTML, like Gecko) Chrome/56.0.2924.87 Safari/537.36"
14.225.255.46 - - [09/Jan/2025:16:39:05 +0330] "GET /lara/lara/phpinfo.php HTTP/1.1" 404 - "-" "Mozilla/5.0 (Macintosh; Intel Mac OS X 10_12_3) AppleWebKit/537.36 (KHTML, like Gecko) Chrome/56.0.2924.87 Safari/537.36"
192.99.37.133 - - [09/Jan/2025:16:39:05 +0330] "GET /robots.txt HTTP/1.1" 404 - "-" "Mozilla/5.0 (compatible; MJ12bot/v1.4.8; http://mj12bot.com/)"
14.225.255.46 - - [09/Jan/2025:16:39:06 +0330] "GET /lara/laravel/phpinfo.php HTTP/1.1" 404 - "-" "Mozilla/5.0 (Macintosh; Intel Mac OS X 10_12_3) AppleWebKit/537.36 (KHTML, like Gecko) Chrome/56.0.2924.87 Safari/537.36"
14.225.255.46 - - [09/Jan/2025:16:39:06 +0330] "GET /lara/server/phpinfo.php HTTP/1.1" 404 - "-" "Mozilla/5.0 (Macintosh; Intel Mac OS X 10_12_3) AppleWebKit/537.36 (KHTML, like Gecko) Chrome/56.0.2924.87 Safari/537.36"
14.225.255.46 - - [09/Jan/2025:16:39:07 +0330] "GET /lara/service/phpinfo.php HTTP/1.1" 404 - "-" "Mozilla/5.0 (Macintosh; Intel Mac OS X 10_12_3) AppleWebKit/537.36 (KHTML, like Gecko) Chrome/56.0.2924.87 Safari/537.36"
192.99.37.133 - - [09/Jan/2025:16:39:07 +0330] "GET /wp-includes/sitemaps/providers/?C=D;O=D HTTP/1.1" 200 1270 "-" "Mozilla/5.0 (compatible; MJ12bot/v1.4.8; http://mj12bot.com/)"
14.225.255.46 - - [09/Jan/2025:16:39:08 +0330] "GET /lara/services/phpinfo.php HTTP/1.1" 404 - "-" "Mozilla/5.0 (Macintosh; Intel Mac OS X 10_12_3) AppleWebKit/537.36 (KHTML, like Gecko) Chrome/56.0.2924.87 Safari/537.36"
14.225.255.46 - - [09/Jan/2025:16:39:08 +0330] "GET /lara/xampp/phpinfo.php HTTP/1.1" 404 - "-" "Mozilla/5.0 (Macintosh; Intel Mac OS X 10_12_3) AppleWebKit/537.36 (KHTML, like Gecko) Chrome/56.0.2924.87 Safari/537.36"
14.225.255.46 - - [09/Jan/2025:16:39:08 +0330] "GET /lara/api/info.php HTTP/1.1" 404 - "-" "Mozilla/5.0 (Macintosh; Intel Mac OS X 10_12_3) AppleWebKit/537.36 (KHTML, like Gecko) Chrome/56.0.2924.87 Safari/537.36"
192.99.37.133 - - [09/Jan/2025:16:39:09 +0330] "GET /wp-includes/sitemaps/providers/?C=M;O=D HTTP/1.1" 200 1270 "-" "Mozilla/5.0 (compatible; MJ12bot/v1.4.8; http://mj12bot.com/)"
14.225.255.46 - - [09/Jan/2025:16:39:09 +0330] "GET /lara/backend/info.php HTTP/1.1" 404 - "-" "Mozilla/5.0 (Macintosh; Intel Mac OS X 10_12_3) AppleWebKit/537.36 (KHTML, like Gecko) Chrome/56.0.2924.87 Safari/537.36"
14.225.255.46 - - [09/Jan/2025:16:39:09 +0330] "GET /lara/backup/info.php HTTP/1.1" 404 - "-" "Mozilla/5.0 (Macintosh; Intel Mac OS X 10_12_3) AppleWebKit/537.36 (KHTML, like Gecko) Chrome/56.0.2924.87 Safari/537.36"
14.225.255.46 - - [09/Jan/2025:16:39:09 +0330] "GET /lara/crm/info.php HTTP/1.1" 404 - "-" "Mozilla/5.0 (Macintosh; Intel Mac OS X 10_12_3) AppleWebKit/537.36 (KHTML, like Gecko) Chrome/56.0.2924.87 Safari/537.36"
14.225.255.46 - - [09/Jan/2025:16:39:10 +0330] "GET /lara/current/info.php HTTP/1.1" 404 - "-" "Mozilla/5.0 (Macintosh; Intel Mac OS X 10_12_3) AppleWebKit/537.36 (KHTML, like Gecko) Chrome/56.0.2924.87 Safari/537.36"
14.225.255.46 - - [09/Jan/2025:16:39:10 +0330] "GET /lara/dev/info.php HTTP/1.1" 404 - "-" "Mozilla/5.0 (Macintosh; Intel Mac OS X 10_12_3) AppleWebKit/537.36 (KHTML, like Gecko) Chrome/56.0.2924.87 Safari/537.36"
192.99.37.133 - - [09/Jan/2025:16:39:10 +0330] "GET /wp-includes/sitemaps/providers/?C=N;O=A HTTP/1.1" 200 1270 "-" "Mozilla/5.0 (compatible; MJ12bot/v1.4.8; http://mj12bot.com/)"
14.225.255.46 - - [09/Jan/2025:16:39:10 +0330] "GET /lara/develop/info.php HTTP/1.1" 404 - "-" "Mozilla/5.0 (Macintosh; Intel Mac OS X 10_12_3) AppleWebKit/537.36 (KHTML, like Gecko) Chrome/56.0.2924.87 Safari/537.36"
14.225.255.46 - - [09/Jan/2025:16:39:11 +0330] "GET /lara/development/iinfo.php HTTP/1.1" 404 - "-" "Mozilla/5.0 (Macintosh; Intel Mac OS X 10_12_3) AppleWebKit/537.36 (KHTML, like Gecko) Chrome/56.0.2924.87 Safari/537.36"
14.225.255.46 - - [09/Jan/2025:16:39:11 +0330] "GET /lara/help/info.php HTTP/1.1" 404 - "-" "Mozilla/5.0 (Macintosh; Intel Mac OS X 10_12_3) AppleWebKit/537.36 (KHTML, like Gecko) Chrome/56.0.2924.87 Safari/537.36"
14.225.255.46 - - [09/Jan/2025:16:39:11 +0330] "GET /lara/helper/info.php HTTP/1.1" 404 - "-" "Mozilla/5.0 (Macintosh; Intel Mac OS X 10_12_3) AppleWebKit/537.36 (KHTML, like Gecko) Chrome/56.0.2924.87 Safari/537.36"
14.225.255.46 - - [09/Jan/2025:16:39:12 +0330] "GET /lara/lara/info.php HTTP/1.1" 404 - "-" "Mozilla/5.0 (Macintosh; Intel Mac OS X 10_12_3) AppleWebKit/537.36 (KHTML, like Gecko) Chrome/56.0.2924.87 Safari/537.36"
14.225.255.46 - - [09/Jan/2025:16:39:12 +0330] "GET /lara/laravel/info.php HTTP/1.1" 404 - "-" "Mozilla/5.0 (Macintosh; Intel Mac OS X 10_12_3) AppleWebKit/537.36 (KHTML, like Gecko) Chrome/56.0.2924.87 Safari/537.36"
192.99.37.133 - - [09/Jan/2025:16:39:12 +0330] "GET /wp-includes/sitemaps/providers/?C=S;O=D HTTP/1.1" 200 1270 "-" "Mozilla/5.0 (compatible; MJ12bot/v1.4.8; http://mj12bot.com/)"
14.225.255.46 - - [09/Jan/2025:16:39:12 +0330] "GET /lara/server/info.php HTTP/1.1" 404 - "-" "Mozilla/5.0 (Macintosh; Intel Mac OS X 10_12_3) AppleWebKit/537.36 (KHTML, like Gecko) Chrome/56.0.2924.87 Safari/537.36"
14.225.255.46 - - [09/Jan/2025:16:39:13 +0330] "GET /lara/service/info.php HTTP/1.1" 404 - "-" "Mozilla/5.0 (Macintosh; Intel Mac OS X 10_12_3) AppleWebKit/537.36 (KHTML, like Gecko) Chrome/56.0.2924.87 Safari/537.36"
14.225.255.46 - - [09/Jan/2025:16:39:14 +0330] "GET /lara/services/info.php HTTP/1.1" 404 - "-" "Mozilla/5.0 (Macintosh; Intel Mac OS X 10_12_3) AppleWebKit/537.36 (KHTML, like Gecko) Chrome/56.0.2924.87 Safari/537.36"
192.99.37.133 - - [09/Jan/2025:16:39:14 +0330] "GET /wp-includes/sodium_compat/lib/?C=D;O=D HTTP/1.1" 200 2338 "-" "Mozilla/5.0 (compatible; MJ12bot/v1.4.8; http://mj12bot.com/)"
14.225.255.46 - - [09/Jan/2025:16:39:14 +0330] "GET /lara/php-info.php HTTP/1.1" 404 - "-" "Mozilla/5.0 (Macintosh; Intel Mac OS X 10_12_3) AppleWebKit/537.36 (KHTML, like Gecko) Chrome/56.0.2924.87 Safari/537.36"
14.225.255.46 - - [09/Jan/2025:16:39:14 +0330] "GET /lara/linusadmin-phpinfo.php HTTP/1.1" 404 - "-" "Mozilla/5.0 (Macintosh; Intel Mac OS X 10_12_3) AppleWebKit/537.36 (KHTML, like Gecko) Chrome/56.0.2924.87 Safari/537.36"
14.225.255.46 - - [09/Jan/2025:16:39:15 +0330] "GET /lara/infos.php HTTP/1.1" 404 - "-" "Mozilla/5.0 (Macintosh; Intel Mac OS X 10_12_3) AppleWebKit/537.36 (KHTML, like Gecko) Chrome/56.0.2924.87 Safari/537.36"
14.225.255.46 - - [09/Jan/2025:16:39:15 +0330] "GET /lara/old_phpinfo.php HTTP/1.1" 404 - "-" "Mozilla/5.0 (Macintosh; Intel Mac OS X 10_12_3) AppleWebKit/537.36 (KHTML, like Gecko) Chrome/56.0.2924.87 Safari/537.36"
14.225.255.46 - - [09/Jan/2025:16:39:15 +0330] "GET /lara/temp.php HTTP/1.1" 404 - "-" "Mozilla/5.0 (Macintosh; Intel Mac OS X 10_12_3) AppleWebKit/537.36 (KHTML, like Gecko) Chrome/56.0.2924.87 Safari/537.36"
14.225.255.46 - - [09/Jan/2025:16:39:16 +0330] "GET /lara/time.php HTTP/1.1" 404 - "-" "Mozilla/5.0 (Macintosh; Intel Mac OS X 10_12_3) AppleWebKit/537.36 (KHTML, like Gecko) Chrome/56.0.2924.87 Safari/537.36"
192.99.37.133 - - [09/Jan/2025:16:39:16 +0330] "GET /wp-includes/sodium_compat/lib/?C=M;O=D HTTP/1.1" 200 2338 "-" "Mozilla/5.0 (compatible; MJ12bot/v1.4.8; http://mj12bot.com/)"
14.225.255.46 - - [09/Jan/2025:16:39:16 +0330] "GET /lara/phpversion.php HTTP/1.1" 404 - "-" "Mozilla/5.0 (Macintosh; Intel Mac OS X 10_12_3) AppleWebKit/537.36 (KHTML, like Gecko) Chrome/56.0.2924.87 Safari/537.36"
14.225.255.46 - - [09/Jan/2025:16:39:17 +0330] "GET /lara/pinfo.php HTTP/1.1" 404 - "-" "Mozilla/5.0 (Macintosh; Intel Mac OS X 10_12_3) AppleWebKit/537.36 (KHTML, like Gecko) Chrome/56.0.2924.87 Safari/537.36"
14.225.255.46 - - [09/Jan/2025:16:39:17 +0330] "GET /lara/i.php HTTP/1.1" 404 - "-" "Mozilla/5.0 (Macintosh; Intel Mac OS X 10_12_3) AppleWebKit/537.36 (KHTML, like Gecko) Chrome/56.0.2924.87 Safari/537.36"
192.99.37.133 - - [09/Jan/2025:16:39:17 +0330] "GET /wp-includes/sodium_compat/lib/?C=N;O=A HTTP/1.1" 200 2338 "-" "Mozilla/5.0 (compatible; MJ12bot/v1.4.8; http://mj12bot.com/)"
14.225.255.46 - - [09/Jan/2025:16:39:17 +0330] "GET /lara/asdf.php HTTP/1.1" 404 - "-" "Mozilla/5.0 (Macintosh; Intel Mac OS X 10_12_3) AppleWebKit/537.36 (KHTML, like Gecko) Chrome/56.0.2924.87 Safari/537.36"
14.225.255.46 - - [09/Jan/2025:16:39:18 +0330] "GET /live/xampp/info.php HTTP/1.1" 404 - "-" "Mozilla/5.0 (Macintosh; Intel Mac OS X 10_12_3) AppleWebKit/537.36 (KHTML, like Gecko) Chrome/56.0.2924.87 Safari/537.36"
14.225.255.46 - - [09/Jan/2025:16:39:18 +0330] "GET /live/xampp/phpinfo HTTP/1.1" 404 - "-" "Mozilla/5.0 (Macintosh; Intel Mac OS X 10_12_3) AppleWebKit/537.36 (KHTML, like Gecko) Chrome/56.0.2924.87 Safari/537.36"
14.225.255.46 - - [09/Jan/2025:16:39:18 +0330] "GET /live/_profiler/phpinfo HTTP/1.1" 404 - "-" "Mozilla/5.0 (Macintosh; Intel Mac OS X 10_12_3) AppleWebKit/537.36 (KHTML, like Gecko) Chrome/56.0.2924.87 Safari/537.36"
192.99.37.133 - - [09/Jan/2025:16:39:19 +0330] "GET /wp-includes/sodium_compat/lib/?C=S;O=D HTTP/1.1" 200 2338 "-" "Mozilla/5.0 (compatible; MJ12bot/v1.4.8; http://mj12bot.com/)"
14.225.255.46 - - [09/Jan/2025:16:39:19 +0330] "GET /live/phpinfo.php HTTP/1.1" 404 - "-" "Mozilla/5.0 (Macintosh; Intel Mac OS X 10_12_3) AppleWebKit/537.36 (KHTML, like Gecko) Chrome/56.0.2924.87 Safari/537.36"
14.225.255.46 - - [09/Jan/2025:16:39:20 +0330] "GET /live/phpinfo HTTP/1.1" 404 - "-" "Mozilla/5.0 (Macintosh; Intel Mac OS X 10_12_3) AppleWebKit/537.36 (KHTML, like Gecko) Chrome/56.0.2924.87 Safari/537.36"
14.225.255.46 - - [09/Jan/2025:16:39:20 +0330] "GET /live/info.php HTTP/1.1" 404 - "-" "Mozilla/5.0 (Macintosh; Intel Mac OS X 10_12_3) AppleWebKit/537.36 (KHTML, like Gecko) Chrome/56.0.2924.87 Safari/537.36"
14.225.255.46 - - [09/Jan/2025:16:39:20 +0330] "GET /live/php.ini HTTP/1.1" 404 - "-" "Mozilla/5.0 (Macintosh; Intel Mac OS X 10_12_3) AppleWebKit/537.36 (KHTML, like Gecko) Chrome/56.0.2924.87 Safari/537.36"
14.225.255.46 - - [09/Jan/2025:16:39:21 +0330] "GET /live/php.php HTTP/1.1" 404 - "-" "Mozilla/5.0 (Macintosh; Intel Mac OS X 10_12_3) AppleWebKit/537.36 (KHTML, like Gecko) Chrome/56.0.2924.87 Safari/537.36"
192.99.37.133 - - [09/Jan/2025:16:39:21 +0330] "GET /wp-includes/sodium_compat/namespaced/?C=D;O=D HTTP/1.1" 200 1393 "-" "Mozilla/5.0 (compatible; MJ12bot/v1.4.8; http://mj12bot.com/)"
14.225.255.46 - - [09/Jan/2025:16:39:21 +0330] "GET /live/infophp.php HTTP/1.1" 404 - "-" "Mozilla/5.0 (Macintosh; Intel Mac OS X 10_12_3) AppleWebKit/537.36 (KHTML, like Gecko) Chrome/56.0.2924.87 Safari/537.36"
14.225.255.46 - - [09/Jan/2025:16:39:21 +0330] "GET /live/test.php HTTP/1.1" 404 - "-" "Mozilla/5.0 (Macintosh; Intel Mac OS X 10_12_3) AppleWebKit/537.36 (KHTML, like Gecko) Chrome/56.0.2924.87 Safari/537.36"
14.225.255.46 - - [09/Jan/2025:16:39:21 +0330] "GET /live/dashboard/phpinfo.php HTTP/1.1" 404 - "-" "Mozilla/5.0 (Macintosh; Intel Mac OS X 10_12_3) AppleWebKit/537.36 (KHTML, like Gecko) Chrome/56.0.2924.87 Safari/537.36"
14.225.255.46 - - [09/Jan/2025:16:39:22 +0330] "GET /live/api/phpinfo.php HTTP/1.1" 404 - "-" "Mozilla/5.0 (Macintosh; Intel Mac OS X 10_12_3) AppleWebKit/537.36 (KHTML, like Gecko) Chrome/56.0.2924.87 Safari/537.36"
14.225.255.46 - - [09/Jan/2025:16:39:22 +0330] "GET /live/backend/phpinfo.php HTTP/1.1" 404 - "-" "Mozilla/5.0 (Macintosh; Intel Mac OS X 10_12_3) AppleWebKit/537.36 (KHTML, like Gecko) Chrome/56.0.2924.87 Safari/537.36"
192.99.37.133 - - [09/Jan/2025:16:39:22 +0330] "GET /wp-includes/sodium_compat/namespaced/?C=M;O=D HTTP/1.1" 200 1393 "-" "Mozilla/5.0 (compatible; MJ12bot/v1.4.8; http://mj12bot.com/)"
14.225.255.46 - - [09/Jan/2025:16:39:22 +0330] "GET /live/backup/phpinfo.php HTTP/1.1" 404 - "-" "Mozilla/5.0 (Macintosh; Intel Mac OS X 10_12_3) AppleWebKit/537.36 (KHTML, like Gecko) Chrome/56.0.2924.87 Safari/537.36"
14.225.255.46 - - [09/Jan/2025:16:39:23 +0330] "GET /live/crm/phpinfo.php HTTP/1.1" 404 - "-" "Mozilla/5.0 (Macintosh; Intel Mac OS X 10_12_3) AppleWebKit/537.36 (KHTML, like Gecko) Chrome/56.0.2924.87 Safari/537.36"
14.225.255.46 - - [09/Jan/2025:16:39:23 +0330] "GET /live/current/phpinfo.php HTTP/1.1" 404 - "-" "Mozilla/5.0 (Macintosh; Intel Mac OS X 10_12_3) AppleWebKit/537.36 (KHTML, like Gecko) Chrome/56.0.2924.87 Safari/537.36"
14.225.255.46 - - [09/Jan/2025:16:39:23 +0330] "GET /live/dev/phpinfo.php HTTP/1.1" 404 - "-" "Mozilla/5.0 (Macintosh; Intel Mac OS X 10_12_3) AppleWebKit/537.36 (KHTML, like Gecko) Chrome/56.0.2924.87 Safari/537.36"
14.225.255.46 - - [09/Jan/2025:16:39:24 +0330] "GET /live/develop/phpinfo.php HTTP/1.1" 404 - "-" "Mozilla/5.0 (Macintosh; Intel Mac OS X 10_12_3) AppleWebKit/537.36 (KHTML, like Gecko) Chrome/56.0.2924.87 Safari/537.36"
192.99.37.133 - - [09/Jan/2025:16:39:24 +0330] "GET /wp-includes/sodium_compat/namespaced/?C=N;O=A HTTP/1.1" 200 1393 "-" "Mozilla/5.0 (compatible; MJ12bot/v1.4.8; http://mj12bot.com/)"
14.225.255.46 - - [09/Jan/2025:16:39:24 +0330] "GET /live/development/phpinfo.php HTTP/1.1" 404 - "-" "Mozilla/5.0 (Macintosh; Intel Mac OS X 10_12_3) AppleWebKit/537.36 (KHTML, like Gecko) Chrome/56.0.2924.87 Safari/537.36"
14.225.255.46 - - [09/Jan/2025:16:39:25 +0330] "GET /live/help/phpinfo.php HTTP/1.1" 404 - "-" "Mozilla/5.0 (Macintosh; Intel Mac OS X 10_12_3) AppleWebKit/537.36 (KHTML, like Gecko) Chrome/56.0.2924.87 Safari/537.36"
14.225.255.46 - - [09/Jan/2025:16:39:25 +0330] "GET /live/helper/phpinfo.php HTTP/1.1" 404 - "-" "Mozilla/5.0 (Macintosh; Intel Mac OS X 10_12_3) AppleWebKit/537.36 (KHTML, like Gecko) Chrome/56.0.2924.87 Safari/537.36"
14.225.255.46 - - [09/Jan/2025:16:39:26 +0330] "GET /live/lara/phpinfo.php HTTP/1.1" 404 - "-" "Mozilla/5.0 (Macintosh; Intel Mac OS X 10_12_3) AppleWebKit/537.36 (KHTML, like Gecko) Chrome/56.0.2924.87 Safari/537.36"
192.99.37.133 - - [09/Jan/2025:16:39:26 +0330] "GET /wp-includes/sodium_compat/namespaced/?C=S;O=D HTTP/1.1" 200 1393 "-" "Mozilla/5.0 (compatible; MJ12bot/v1.4.8; http://mj12bot.com/)"
14.225.255.46 - - [09/Jan/2025:16:39:27 +0330] "GET /live/laravel/phpinfo.php HTTP/1.1" 404 - "-" "Mozilla/5.0 (Macintosh; Intel Mac OS X 10_12_3) AppleWebKit/537.36 (KHTML, like Gecko) Chrome/56.0.2924.87 Safari/537.36"
14.225.255.46 - - [09/Jan/2025:16:39:27 +0330] "GET /live/server/phpinfo.php HTTP/1.1" 404 - "-" "Mozilla/5.0 (Macintosh; Intel Mac OS X 10_12_3) AppleWebKit/537.36 (KHTML, like Gecko) Chrome/56.0.2924.87 Safari/537.36"
14.225.255.46 - - [09/Jan/2025:16:39:27 +0330] "GET /live/service/phpinfo.php HTTP/1.1" 404 - "-" "Mozilla/5.0 (Macintosh; Intel Mac OS X 10_12_3) AppleWebKit/537.36 (KHTML, like Gecko) Chrome/56.0.2924.87 Safari/537.36"
192.99.37.133 - - [09/Jan/2025:16:39:27 +0330] "GET /wp-includes/sodium_compat/namespaced/Core/?C=D;O=A HTTP/1.1" 200 3576 "-" "Mozilla/5.0 (compatible; MJ12bot/v1.4.8; http://mj12bot.com/)"
14.225.255.46 - - [09/Jan/2025:16:39:28 +0330] "GET /live/services/phpinfo.php HTTP/1.1" 404 - "-" "Mozilla/5.0 (Macintosh; Intel Mac OS X 10_12_3) AppleWebKit/537.36 (KHTML, like Gecko) Chrome/56.0.2924.87 Safari/537.36"
14.225.255.46 - - [09/Jan/2025:16:39:28 +0330] "GET /live/xampp/phpinfo.php HTTP/1.1" 404 - "-" "Mozilla/5.0 (Macintosh; Intel Mac OS X 10_12_3) AppleWebKit/537.36 (KHTML, like Gecko) Chrome/56.0.2924.87 Safari/537.36"
14.225.255.46 - - [09/Jan/2025:16:39:28 +0330] "GET /live/api/info.php HTTP/1.1" 404 - "-" "Mozilla/5.0 (Macintosh; Intel Mac OS X 10_12_3) AppleWebKit/537.36 (KHTML, like Gecko) Chrome/56.0.2924.87 Safari/537.36"
14.225.255.46 - - [09/Jan/2025:16:39:29 +0330] "GET /live/backend/info.php HTTP/1.1" 404 - "-" "Mozilla/5.0 (Macintosh; Intel Mac OS X 10_12_3) AppleWebKit/537.36 (KHTML, like Gecko) Chrome/56.0.2924.87 Safari/537.36"
192.99.37.133 - - [09/Jan/2025:16:39:29 +0330] "GET /wp-includes/sodium_compat/namespaced/Core/?C=M;O=A HTTP/1.1" 200 3576 "-" "Mozilla/5.0 (compatible; MJ12bot/v1.4.8; http://mj12bot.com/)"
14.225.255.46 - - [09/Jan/2025:16:39:30 +0330] "GET /live/backup/info.php HTTP/1.1" 404 - "-" "Mozilla/5.0 (Macintosh; Intel Mac OS X 10_12_3) AppleWebKit/537.36 (KHTML, like Gecko) Chrome/56.0.2924.87 Safari/537.36"
14.225.255.46 - - [09/Jan/2025:16:39:30 +0330] "GET /live/crm/info.php HTTP/1.1" 404 - "-" "Mozilla/5.0 (Macintosh; Intel Mac OS X 10_12_3) AppleWebKit/537.36 (KHTML, like Gecko) Chrome/56.0.2924.87 Safari/537.36"
14.225.255.46 - - [09/Jan/2025:16:39:31 +0330] "GET /live/current/info.php HTTP/1.1" 404 - "-" "Mozilla/5.0 (Macintosh; Intel Mac OS X 10_12_3) AppleWebKit/537.36 (KHTML, like Gecko) Chrome/56.0.2924.87 Safari/537.36"
192.99.37.133 - - [09/Jan/2025:16:39:31 +0330] "GET /wp-includes/sodium_compat/namespaced/Core/?C=N;O=D HTTP/1.1" 200 3576 "-" "Mozilla/5.0 (compatible; MJ12bot/v1.4.8; http://mj12bot.com/)"
14.225.255.46 - - [09/Jan/2025:16:39:31 +0330] "GET /live/dev/info.php HTTP/1.1" 404 - "-" "Mozilla/5.0 (Macintosh; Intel Mac OS X 10_12_3) AppleWebKit/537.36 (KHTML, like Gecko) Chrome/56.0.2924.87 Safari/537.36"
14.225.255.46 - - [09/Jan/2025:16:39:31 +0330] "GET /live/develop/info.php HTTP/1.1" 404 - "-" "Mozilla/5.0 (Macintosh; Intel Mac OS X 10_12_3) AppleWebKit/537.36 (KHTML, like Gecko) Chrome/56.0.2924.87 Safari/537.36"
14.225.255.46 - - [09/Jan/2025:16:39:32 +0330] "GET /live/development/iinfo.php HTTP/1.1" 404 - "-" "Mozilla/5.0 (Macintosh; Intel Mac OS X 10_12_3) AppleWebKit/537.36 (KHTML, like Gecko) Chrome/56.0.2924.87 Safari/537.36"
14.225.255.46 - - [09/Jan/2025:16:39:32 +0330] "GET /live/help/info.php HTTP/1.1" 404 - "-" "Mozilla/5.0 (Macintosh; Intel Mac OS X 10_12_3) AppleWebKit/537.36 (KHTML, like Gecko) Chrome/56.0.2924.87 Safari/537.36"
192.99.37.133 - - [09/Jan/2025:16:39:32 +0330] "GET /wp-includes/sodium_compat/namespaced/Core/?C=S;O=A HTTP/1.1" 200 3576 "-" "Mozilla/5.0 (compatible; MJ12bot/v1.4.8; http://mj12bot.com/)"
14.225.255.46 - - [09/Jan/2025:16:39:32 +0330] "GET /live/helper/info.php HTTP/1.1" 404 - "-" "Mozilla/5.0 (Macintosh; Intel Mac OS X 10_12_3) AppleWebKit/537.36 (KHTML, like Gecko) Chrome/56.0.2924.87 Safari/537.36"
14.225.255.46 - - [09/Jan/2025:16:39:33 +0330] "GET /live/lara/info.php HTTP/1.1" 404 - "-" "Mozilla/5.0 (Macintosh; Intel Mac OS X 10_12_3) AppleWebKit/537.36 (KHTML, like Gecko) Chrome/56.0.2924.87 Safari/537.36"
14.225.255.46 - - [09/Jan/2025:16:39:33 +0330] "GET /live/laravel/info.php HTTP/1.1" 404 - "-" "Mozilla/5.0 (Macintosh; Intel Mac OS X 10_12_3) AppleWebKit/537.36 (KHTML, like Gecko) Chrome/56.0.2924.87 Safari/537.36"
14.225.255.46 - - [09/Jan/2025:16:39:33 +0330] "GET /live/server/info.php HTTP/1.1" 404 - "-" "Mozilla/5.0 (Macintosh; Intel Mac OS X 10_12_3) AppleWebKit/537.36 (KHTML, like Gecko) Chrome/56.0.2924.87 Safari/537.36"
14.225.255.46 - - [09/Jan/2025:16:39:34 +0330] "GET /live/service/info.php HTTP/1.1" 404 - "-" "Mozilla/5.0 (Macintosh; Intel Mac OS X 10_12_3) AppleWebKit/537.36 (KHTML, like Gecko) Chrome/56.0.2924.87 Safari/537.36"
14.225.255.46 - - [09/Jan/2025:16:39:35 +0330] "GET /live/services/info.php HTTP/1.1" 404 - "-" "Mozilla/5.0 (Macintosh; Intel Mac OS X 10_12_3) AppleWebKit/537.36 (KHTML, like Gecko) Chrome/56.0.2924.87 Safari/537.36"
192.99.37.133 - - [09/Jan/2025:16:39:34 +0330] "GET /wp-includes/sodium_compat/namespaced/Core/BLAKE2b.php HTTP/1.1" 200 336 "-" "Mozilla/5.0 (compatible; MJ12bot/v1.4.8; http://mj12bot.com/)"
14.225.255.46 - - [09/Jan/2025:16:39:35 +0330] "GET /live/php-info.php HTTP/1.1" 404 - "-" "Mozilla/5.0 (Macintosh; Intel Mac OS X 10_12_3) AppleWebKit/537.36 (KHTML, like Gecko) Chrome/56.0.2924.87 Safari/537.36"
14.225.255.46 - - [09/Jan/2025:16:39:35 +0330] "GET /live/linusadmin-phpinfo.php HTTP/1.1" 404 - "-" "Mozilla/5.0 (Macintosh; Intel Mac OS X 10_12_3) AppleWebKit/537.36 (KHTML, like Gecko) Chrome/56.0.2924.87 Safari/537.36"
14.225.255.46 - - [09/Jan/2025:16:39:35 +0330] "GET /live/infos.php HTTP/1.1" 404 - "-" "Mozilla/5.0 (Macintosh; Intel Mac OS X 10_12_3) AppleWebKit/537.36 (KHTML, like Gecko) Chrome/56.0.2924.87 Safari/537.36"
14.225.255.46 - - [09/Jan/2025:16:39:36 +0330] "GET /live/old_phpinfo.php HTTP/1.1" 404 - "-" "Mozilla/5.0 (Macintosh; Intel Mac OS X 10_12_3) AppleWebKit/537.36 (KHTML, like Gecko) Chrome/56.0.2924.87 Safari/537.36"
192.99.37.133 - - [09/Jan/2025:16:39:36 +0330] "GET /wp-includes/sodium_compat/namespaced/Core/ChaCha20/ HTTP/1.1" 200 1086 "-" "Mozilla/5.0 (compatible; MJ12bot/v1.4.8; http://mj12bot.com/)"
14.225.255.46 - - [09/Jan/2025:16:39:36 +0330] "GET /live/temp.php HTTP/1.1" 404 - "-" "Mozilla/5.0 (Macintosh; Intel Mac OS X 10_12_3) AppleWebKit/537.36 (KHTML, like Gecko) Chrome/56.0.2924.87 Safari/537.36"
14.225.255.46 - - [09/Jan/2025:16:39:36 +0330] "GET /live/time.php HTTP/1.1" 404 - "-" "Mozilla/5.0 (Macintosh; Intel Mac OS X 10_12_3) AppleWebKit/537.36 (KHTML, like Gecko) Chrome/56.0.2924.87 Safari/537.36"
14.225.255.46 - - [09/Jan/2025:16:39:37 +0330] "GET /live/phpversion.php HTTP/1.1" 404 - "-" "Mozilla/5.0 (Macintosh; Intel Mac OS X 10_12_3) AppleWebKit/537.36 (KHTML, like Gecko) Chrome/56.0.2924.87 Safari/537.36"
14.225.255.46 - - [09/Jan/2025:16:39:37 +0330] "GET /live/pinfo.php HTTP/1.1" 404 - "-" "Mozilla/5.0 (Macintosh; Intel Mac OS X 10_12_3) AppleWebKit/537.36 (KHTML, like Gecko) Chrome/56.0.2924.87 Safari/537.36"
14.225.255.46 - - [09/Jan/2025:16:39:37 +0330] "GET /live/i.php HTTP/1.1" 404 - "-" "Mozilla/5.0 (Macintosh; Intel Mac OS X 10_12_3) AppleWebKit/537.36 (KHTML, like Gecko) Chrome/56.0.2924.87 Safari/537.36"
192.99.37.133 - - [09/Jan/2025:16:39:38 +0330] "GET /wp-includes/sodium_compat/namespaced/Core/ChaCha20.php HTTP/1.1" 200 339 "-" "Mozilla/5.0 (compatible; MJ12bot/v1.4.8; http://mj12bot.com/)"
14.225.255.46 - - [09/Jan/2025:16:39:38 +0330] "GET /live/asdf.php HTTP/1.1" 404 - "-" "Mozilla/5.0 (Macintosh; Intel Mac OS X 10_12_3) AppleWebKit/537.36 (KHTML, like Gecko) Chrome/56.0.2924.87 Safari/537.36"
14.225.255.46 - - [09/Jan/2025:16:39:38 +0330] "GET /laravel/xampp/info.php HTTP/1.1" 404 - "-" "Mozilla/5.0 (Macintosh; Intel Mac OS X 10_12_3) AppleWebKit/537.36 (KHTML, like Gecko) Chrome/56.0.2924.87 Safari/537.36"
14.225.255.46 - - [09/Jan/2025:16:39:38 +0330] "GET /laravel/xampp/phpinfo HTTP/1.1" 404 - "-" "Mozilla/5.0 (Macintosh; Intel Mac OS X 10_12_3) AppleWebKit/537.36 (KHTML, like Gecko) Chrome/56.0.2924.87 Safari/537.36"
14.225.255.46 - - [09/Jan/2025:16:39:39 +0330] "GET /laravel/_profiler/phpinfo HTTP/1.1" 404 - "-" "Mozilla/5.0 (Macintosh; Intel Mac OS X 10_12_3) AppleWebKit/537.36 (KHTML, like Gecko) Chrome/56.0.2924.87 Safari/537.36"
14.225.255.46 - - [09/Jan/2025:16:39:39 +0330] "GET /laravel/phpinfo HTTP/1.1" 404 - "-" "Mozilla/5.0 (Macintosh; Intel Mac OS X 10_12_3) AppleWebKit/537.36 (KHTML, like Gecko) Chrome/56.0.2924.87 Safari/537.36"
14.225.255.46 - - [09/Jan/2025:16:39:39 +0330] "GET /laravel/php.ini HTTP/1.1" 404 - "-" "Mozilla/5.0 (Macintosh; Intel Mac OS X 10_12_3) AppleWebKit/537.36 (KHTML, like Gecko) Chrome/56.0.2924.87 Safari/537.36"
192.99.37.133 - - [09/Jan/2025:16:39:39 +0330] "GET /wp-includes/sodium_compat/namespaced/Core/Curve25519/ HTTP/1.1" 200 1254 "-" "Mozilla/5.0 (compatible; MJ12bot/v1.4.8; http://mj12bot.com/)"
14.225.255.46 - - [09/Jan/2025:16:39:40 +0330] "GET /laravel/php.php HTTP/1.1" 404 - "-" "Mozilla/5.0 (Macintosh; Intel Mac OS X 10_12_3) AppleWebKit/537.36 (KHTML, like Gecko) Chrome/56.0.2924.87 Safari/537.36"
14.225.255.46 - - [09/Jan/2025:16:39:40 +0330] "GET /laravel/infophp.php HTTP/1.1" 404 - "-" "Mozilla/5.0 (Macintosh; Intel Mac OS X 10_12_3) AppleWebKit/537.36 (KHTML, like Gecko) Chrome/56.0.2924.87 Safari/537.36"
14.225.255.46 - - [09/Jan/2025:16:39:40 +0330] "GET /laravel/test.php HTTP/1.1" 404 - "-" "Mozilla/5.0 (Macintosh; Intel Mac OS X 10_12_3) AppleWebKit/537.36 (KHTML, like Gecko) Chrome/56.0.2924.87 Safari/537.36"
14.225.255.46 - - [09/Jan/2025:16:39:41 +0330] "GET /laravel/dashboard/phpinfo.php HTTP/1.1" 404 - "-" "Mozilla/5.0 (Macintosh; Intel Mac OS X 10_12_3) AppleWebKit/537.36 (KHTML, like Gecko) Chrome/56.0.2924.87 Safari/537.36"
192.99.37.133 - - [09/Jan/2025:16:39:41 +0330] "GET /wp-includes/sodium_compat/namespaced/Core/Curve25519.php HTTP/1.1" 200 345 "-" "Mozilla/5.0 (compatible; MJ12bot/v1.4.8; http://mj12bot.com/)"
14.225.255.46 - - [09/Jan/2025:16:39:41 +0330] "GET /laravel/api/phpinfo.php HTTP/1.1" 404 - "-" "Mozilla/5.0 (Macintosh; Intel Mac OS X 10_12_3) AppleWebKit/537.36 (KHTML, like Gecko) Chrome/56.0.2924.87 Safari/537.36"
14.225.255.46 - - [09/Jan/2025:16:39:41 +0330] "GET /laravel/backend/phpinfo.php HTTP/1.1" 404 - "-" "Mozilla/5.0 (Macintosh; Intel Mac OS X 10_12_3) AppleWebKit/537.36 (KHTML, like Gecko) Chrome/56.0.2924.87 Safari/537.36"
14.225.255.46 - - [09/Jan/2025:16:39:42 +0330] "GET /laravel/backup/phpinfo.php HTTP/1.1" 404 - "-" "Mozilla/5.0 (Macintosh; Intel Mac OS X 10_12_3) AppleWebKit/537.36 (KHTML, like Gecko) Chrome/56.0.2924.87 Safari/537.36"
14.225.255.46 - - [09/Jan/2025:16:39:42 +0330] "GET /laravel/crm/phpinfo.php HTTP/1.1" 404 - "-" "Mozilla/5.0 (Macintosh; Intel Mac OS X 10_12_3) AppleWebKit/537.36 (KHTML, like Gecko) Chrome/56.0.2924.87 Safari/537.36"
14.225.255.46 - - [09/Jan/2025:16:39:42 +0330] "GET /laravel/current/phpinfo.php HTTP/1.1" 404 - "-" "Mozilla/5.0 (Macintosh; Intel Mac OS X 10_12_3) AppleWebKit/537.36 (KHTML, like Gecko) Chrome/56.0.2924.87 Safari/537.36"
14.225.255.46 - - [09/Jan/2025:16:39:43 +0330] "GET /laravel/dev/phpinfo.php HTTP/1.1" 404 - "-" "Mozilla/5.0 (Macintosh; Intel Mac OS X 10_12_3) AppleWebKit/537.36 (KHTML, like Gecko) Chrome/56.0.2924.87 Safari/537.36"
192.99.37.133 - - [09/Jan/2025:16:39:43 +0330] "GET /wp-includes/sodium_compat/namespaced/Core/Ed25519.php HTTP/1.1" 200 336 "-" "Mozilla/5.0 (compatible; MJ12bot/v1.4.8; http://mj12bot.com/)"
14.225.255.46 - - [09/Jan/2025:16:39:43 +0330] "GET /laravel/develop/phpinfo.php HTTP/1.1" 404 - "-" "Mozilla/5.0 (Macintosh; Intel Mac OS X 10_12_3) AppleWebKit/537.36 (KHTML, like Gecko) Chrome/56.0.2924.87 Safari/537.36"
14.225.255.46 - - [09/Jan/2025:16:39:43 +0330] "GET /laravel/development/phpinfo.php HTTP/1.1" 404 - "-" "Mozilla/5.0 (Macintosh; Intel Mac OS X 10_12_3) AppleWebKit/537.36 (KHTML, like Gecko) Chrome/56.0.2924.87 Safari/537.36"
14.225.255.46 - - [09/Jan/2025:16:39:44 +0330] "GET /laravel/help/phpinfo.php HTTP/1.1" 404 - "-" "Mozilla/5.0 (Macintosh; Intel Mac OS X 10_12_3) AppleWebKit/537.36 (KHTML, like Gecko) Chrome/56.0.2924.87 Safari/537.36"
14.225.255.46 - - [09/Jan/2025:16:39:44 +0330] "GET /laravel/helper/phpinfo.php HTTP/1.1" 404 - "-" "Mozilla/5.0 (Macintosh; Intel Mac OS X 10_12_3) AppleWebKit/537.36 (KHTML, like Gecko) Chrome/56.0.2924.87 Safari/537.36"
14.225.255.46 - - [09/Jan/2025:16:39:44 +0330] "GET /laravel/lara/phpinfo.php HTTP/1.1" 404 - "-" "Mozilla/5.0 (Macintosh; Intel Mac OS X 10_12_3) AppleWebKit/537.36 (KHTML, like Gecko) Chrome/56.0.2924.87 Safari/537.36"
192.99.37.133 - - [09/Jan/2025:16:39:44 +0330] "GET /wp-includes/sodium_compat/namespaced/Core/HChaCha20.php HTTP/1.1" 200 342 "-" "Mozilla/5.0 (compatible; MJ12bot/v1.4.8; http://mj12bot.com/)"
14.225.255.46 - - [09/Jan/2025:16:39:45 +0330] "GET /laravel/laravel/phpinfo.php HTTP/1.1" 404 - "-" "Mozilla/5.0 (Macintosh; Intel Mac OS X 10_12_3) AppleWebKit/537.36 (KHTML, like Gecko) Chrome/56.0.2924.87 Safari/537.36"
14.225.255.46 - - [09/Jan/2025:16:39:45 +0330] "GET /laravel/server/phpinfo.php HTTP/1.1" 404 - "-" "Mozilla/5.0 (Macintosh; Intel Mac OS X 10_12_3) AppleWebKit/537.36 (KHTML, like Gecko) Chrome/56.0.2924.87 Safari/537.36"
192.99.37.133 - - [09/Jan/2025:16:39:46 +0330] "GET /wp-includes/sodium_compat/namespaced/Core/HSalsa20.php HTTP/1.1" 200 339 "-" "Mozilla/5.0 (compatible; MJ12bot/v1.4.8; http://mj12bot.com/)"
14.225.255.46 - - [09/Jan/2025:16:39:46 +0330] "GET /laravel/service/phpinfo.php HTTP/1.1" 404 - "-" "Mozilla/5.0 (Macintosh; Intel Mac OS X 10_12_3) AppleWebKit/537.36 (KHTML, like Gecko) Chrome/56.0.2924.87 Safari/537.36"
14.225.255.46 - - [09/Jan/2025:16:39:47 +0330] "GET /laravel/services/phpinfo.php HTTP/1.1" 404 - "-" "Mozilla/5.0 (Macintosh; Intel Mac OS X 10_12_3) AppleWebKit/537.36 (KHTML, like Gecko) Chrome/56.0.2924.87 Safari/537.36"
14.225.255.46 - - [09/Jan/2025:16:39:47 +0330] "GET /laravel/xampp/phpinfo.php HTTP/1.1" 404 - "-" "Mozilla/5.0 (Macintosh; Intel Mac OS X 10_12_3) AppleWebKit/537.36 (KHTML, like Gecko) Chrome/56.0.2924.87 Safari/537.36"
14.225.255.46 - - [09/Jan/2025:16:39:47 +0330] "GET /laravel/api/info.php HTTP/1.1" 404 - "-" "Mozilla/5.0 (Macintosh; Intel Mac OS X 10_12_3) AppleWebKit/537.36 (KHTML, like Gecko) Chrome/56.0.2924.87 Safari/537.36"
14.225.255.46 - - [09/Jan/2025:16:39:48 +0330] "GET /laravel/backend/info.php HTTP/1.1" 404 - "-" "Mozilla/5.0 (Macintosh; Intel Mac OS X 10_12_3) AppleWebKit/537.36 (KHTML, like Gecko) Chrome/56.0.2924.87 Safari/537.36"
192.99.37.133 - - [09/Jan/2025:16:39:48 +0330] "GET /wp-includes/sodium_compat/namespaced/Core/Poly1305/ HTTP/1.1" 200 909 "-" "Mozilla/5.0 (compatible; MJ12bot/v1.4.8; http://mj12bot.com/)"
14.225.255.46 - - [09/Jan/2025:16:39:48 +0330] "GET /laravel/backup/info.php HTTP/1.1" 404 - "-" "Mozilla/5.0 (Macintosh; Intel Mac OS X 10_12_3) AppleWebKit/537.36 (KHTML, like Gecko) Chrome/56.0.2924.87 Safari/537.36"
14.225.255.46 - - [09/Jan/2025:16:39:48 +0330] "GET /laravel/crm/info.php HTTP/1.1" 404 - "-" "Mozilla/5.0 (Macintosh; Intel Mac OS X 10_12_3) AppleWebKit/537.36 (KHTML, like Gecko) Chrome/56.0.2924.87 Safari/537.36"
14.225.255.46 - - [09/Jan/2025:16:39:49 +0330] "GET /laravel/current/info.php HTTP/1.1" 404 - "-" "Mozilla/5.0 (Macintosh; Intel Mac OS X 10_12_3) AppleWebKit/537.36 (KHTML, like Gecko) Chrome/56.0.2924.87 Safari/537.36"
14.225.255.46 - - [09/Jan/2025:16:39:49 +0330] "GET /laravel/dev/info.php HTTP/1.1" 404 - "-" "Mozilla/5.0 (Macintosh; Intel Mac OS X 10_12_3) AppleWebKit/537.36 (KHTML, like Gecko) Chrome/56.0.2924.87 Safari/537.36"
14.225.255.46 - - [09/Jan/2025:16:39:50 +0330] "GET /laravel/develop/info.php HTTP/1.1" 404 - "-" "Mozilla/5.0 (Macintosh; Intel Mac OS X 10_12_3) AppleWebKit/537.36 (KHTML, like Gecko) Chrome/56.0.2924.87 Safari/537.36"
192.99.37.133 - - [09/Jan/2025:16:39:50 +0330] "GET /wp-includes/sodium_compat/namespaced/Core/Poly1305.php HTTP/1.1" 200 339 "-" "Mozilla/5.0 (compatible; MJ12bot/v1.4.8; http://mj12bot.com/)"
14.225.255.46 - - [09/Jan/2025:16:39:50 +0330] "GET /laravel/development/iinfo.php HTTP/1.1" 404 - "-" "Mozilla/5.0 (Macintosh; Intel Mac OS X 10_12_3) AppleWebKit/537.36 (KHTML, like Gecko) Chrome/56.0.2924.87 Safari/537.36"
14.225.255.46 - - [09/Jan/2025:16:39:50 +0330] "GET /laravel/help/info.php HTTP/1.1" 404 - "-" "Mozilla/5.0 (Macintosh; Intel Mac OS X 10_12_3) AppleWebKit/537.36 (KHTML, like Gecko) Chrome/56.0.2924.87 Safari/537.36"
14.225.255.46 - - [09/Jan/2025:16:39:51 +0330] "GET /laravel/helper/info.php HTTP/1.1" 404 - "-" "Mozilla/5.0 (Macintosh; Intel Mac OS X 10_12_3) AppleWebKit/537.36 (KHTML, like Gecko) Chrome/56.0.2924.87 Safari/537.36"
14.225.255.46 - - [09/Jan/2025:16:39:51 +0330] "GET /laravel/lara/info.php HTTP/1.1" 404 - "-" "Mozilla/5.0 (Macintosh; Intel Mac OS X 10_12_3) AppleWebKit/537.36 (KHTML, like Gecko) Chrome/56.0.2924.87 Safari/537.36"
192.99.37.133 - - [09/Jan/2025:16:39:51 +0330] "GET /wp-includes/sodium_compat/namespaced/Core/Salsa20.php HTTP/1.1" 200 336 "-" "Mozilla/5.0 (compatible; MJ12bot/v1.4.8; http://mj12bot.com/)"
14.225.255.46 - - [09/Jan/2025:16:39:52 +0330] "GET /laravel/laravel/info.php HTTP/1.1" 404 - "-" "Mozilla/5.0 (Macintosh; Intel Mac OS X 10_12_3) AppleWebKit/537.36 (KHTML, like Gecko) Chrome/56.0.2924.87 Safari/537.36"
14.225.255.46 - - [09/Jan/2025:16:39:52 +0330] "GET /laravel/server/info.php HTTP/1.1" 404 - "-" "Mozilla/5.0 (Macintosh; Intel Mac OS X 10_12_3) AppleWebKit/537.36 (KHTML, like Gecko) Chrome/56.0.2924.87 Safari/537.36"
14.225.255.46 - - [09/Jan/2025:16:39:53 +0330] "GET /laravel/service/info.php HTTP/1.1" 404 - "-" "Mozilla/5.0 (Macintosh; Intel Mac OS X 10_12_3) AppleWebKit/537.36 (KHTML, like Gecko) Chrome/56.0.2924.87 Safari/537.36"
14.225.255.46 - - [09/Jan/2025:16:39:53 +0330] "GET /laravel/services/info.php HTTP/1.1" 404 - "-" "Mozilla/5.0 (Macintosh; Intel Mac OS X 10_12_3) AppleWebKit/537.36 (KHTML, like Gecko) Chrome/56.0.2924.87 Safari/537.36"
192.99.37.133 - - [09/Jan/2025:16:39:53 +0330] "GET /wp-includes/sodium_compat/namespaced/Core/SipHash.php HTTP/1.1" 200 336 "-" "Mozilla/5.0 (compatible; MJ12bot/v1.4.8; http://mj12bot.com/)"
14.225.255.46 - - [09/Jan/2025:16:39:53 +0330] "GET /laravel/php-info.php HTTP/1.1" 404 - "-" "Mozilla/5.0 (Macintosh; Intel Mac OS X 10_12_3) AppleWebKit/537.36 (KHTML, like Gecko) Chrome/56.0.2924.87 Safari/537.36"
14.225.255.46 - - [09/Jan/2025:16:39:54 +0330] "GET /laravel/linusadmin-phpinfo.php HTTP/1.1" 404 - "-" "Mozilla/5.0 (Macintosh; Intel Mac OS X 10_12_3) AppleWebKit/537.36 (KHTML, like Gecko) Chrome/56.0.2924.87 Safari/537.36"
14.225.255.46 - - [09/Jan/2025:16:39:54 +0330] "GET /laravel/infos.php HTTP/1.1" 404 - "-" "Mozilla/5.0 (Macintosh; Intel Mac OS X 10_12_3) AppleWebKit/537.36 (KHTML, like Gecko) Chrome/56.0.2924.87 Safari/537.36"
14.225.255.46 - - [09/Jan/2025:16:39:54 +0330] "GET /laravel/old_phpinfo.php HTTP/1.1" 404 - "-" "Mozilla/5.0 (Macintosh; Intel Mac OS X 10_12_3) AppleWebKit/537.36 (KHTML, like Gecko) Chrome/56.0.2924.87 Safari/537.36"
192.99.37.133 - - [09/Jan/2025:16:39:55 +0330] "GET /wp-includes/sodium_compat/namespaced/Core/Util.php HTTP/1.1" 200 327 "-" "Mozilla/5.0 (compatible; MJ12bot/v1.4.8; http://mj12bot.com/)"
14.225.255.46 - - [09/Jan/2025:16:39:55 +0330] "GET /laravel/temp.php HTTP/1.1" 404 - "-" "Mozilla/5.0 (Macintosh; Intel Mac OS X 10_12_3) AppleWebKit/537.36 (KHTML, like Gecko) Chrome/56.0.2924.87 Safari/537.36"
14.225.255.46 - - [09/Jan/2025:16:39:55 +0330] "GET /laravel/time.php HTTP/1.1" 404 - "-" "Mozilla/5.0 (Macintosh; Intel Mac OS X 10_12_3) AppleWebKit/537.36 (KHTML, like Gecko) Chrome/56.0.2924.87 Safari/537.36"
14.225.255.46 - - [09/Jan/2025:16:39:55 +0330] "GET /laravel/phpversion.php HTTP/1.1" 404 - "-" "Mozilla/5.0 (Macintosh; Intel Mac OS X 10_12_3) AppleWebKit/537.36 (KHTML, like Gecko) Chrome/56.0.2924.87 Safari/537.36"
14.225.255.46 - - [09/Jan/2025:16:39:56 +0330] "GET /laravel/pinfo.php HTTP/1.1" 404 - "-" "Mozilla/5.0 (Macintosh; Intel Mac OS X 10_12_3) AppleWebKit/537.36 (KHTML, like Gecko) Chrome/56.0.2924.87 Safari/537.36"
14.225.255.46 - - [09/Jan/2025:16:39:56 +0330] "GET /laravel/i.php HTTP/1.1" 404 - "-" "Mozilla/5.0 (Macintosh; Intel Mac OS X 10_12_3) AppleWebKit/537.36 (KHTML, like Gecko) Chrome/56.0.2924.87 Safari/537.36"
192.99.37.133 - - [09/Jan/2025:16:39:56 +0330] "GET /wp-includes/sodium_compat/namespaced/Core/X25519.php HTTP/1.1" 200 333 "-" "Mozilla/5.0 (compatible; MJ12bot/v1.4.8; http://mj12bot.com/)"
14.225.255.46 - - [09/Jan/2025:16:39:56 +0330] "GET /laravel/asdf.php HTTP/1.1" 404 - "-" "Mozilla/5.0 (Macintosh; Intel Mac OS X 10_12_3) AppleWebKit/537.36 (KHTML, like Gecko) Chrome/56.0.2924.87 Safari/537.36"
14.225.255.46 - - [09/Jan/2025:16:39:57 +0330] "GET /market/xampp/info.php HTTP/1.1" 404 - "-" "Mozilla/5.0 (Macintosh; Intel Mac OS X 10_12_3) AppleWebKit/537.36 (KHTML, like Gecko) Chrome/56.0.2924.87 Safari/537.36"
14.225.255.46 - - [09/Jan/2025:16:39:57 +0330] "GET /market/xampp/phpinfo HTTP/1.1" 404 - "-" "Mozilla/5.0 (Macintosh; Intel Mac OS X 10_12_3) AppleWebKit/537.36 (KHTML, like Gecko) Chrome/56.0.2924.87 Safari/537.36"
192.99.37.133 - - [09/Jan/2025:16:39:58 +0330] "GET /wp-includes/sodium_compat/namespaced/Core/XChaCha20.php HTTP/1.1" 200 342 "-" "Mozilla/5.0 (compatible; MJ12bot/v1.4.8; http://mj12bot.com/)"
14.225.255.46 - - [09/Jan/2025:16:39:58 +0330] "GET /market/_profiler/phpinfo HTTP/1.1" 404 - "-" "Mozilla/5.0 (Macintosh; Intel Mac OS X 10_12_3) AppleWebKit/537.36 (KHTML, like Gecko) Chrome/56.0.2924.87 Safari/537.36"
14.225.255.46 - - [09/Jan/2025:16:39:58 +0330] "GET /market/phpinfo.php HTTP/1.1" 404 - "-" "Mozilla/5.0 (Macintosh; Intel Mac OS X 10_12_3) AppleWebKit/537.36 (KHTML, like Gecko) Chrome/56.0.2924.87 Safari/537.36"
14.225.255.46 - - [09/Jan/2025:16:39:59 +0330] "GET /market/phpinfo HTTP/1.1" 404 - "-" "Mozilla/5.0 (Macintosh; Intel Mac OS X 10_12_3) AppleWebKit/537.36 (KHTML, like Gecko) Chrome/56.0.2924.87 Safari/537.36"
14.225.255.46 - - [09/Jan/2025:16:39:59 +0330] "GET /market/info.php HTTP/1.1" 404 - "-" "Mozilla/5.0 (Macintosh; Intel Mac OS X 10_12_3) AppleWebKit/537.36 (KHTML, like Gecko) Chrome/56.0.2924.87 Safari/537.36"
14.225.255.46 - - [09/Jan/2025:16:39:59 +0330] "GET /market/php.ini HTTP/1.1" 404 - "-" "Mozilla/5.0 (Macintosh; Intel Mac OS X 10_12_3) AppleWebKit/537.36 (KHTML, like Gecko) Chrome/56.0.2924.87 Safari/537.36"
192.99.37.133 - - [09/Jan/2025:16:40:00 +0330] "GET /wp-includes/sodium_compat/namespaced/Core/Xsalsa20.php HTTP/1.1" 200 339 "-" "Mozilla/5.0 (compatible; MJ12bot/v1.4.8; http://mj12bot.com/)"
14.225.255.46 - - [09/Jan/2025:16:40:00 +0330] "GET /market/php.php HTTP/1.1" 404 - "-" "Mozilla/5.0 (Macintosh; Intel Mac OS X 10_12_3) AppleWebKit/537.36 (KHTML, like Gecko) Chrome/56.0.2924.87 Safari/537.36"
14.225.255.46 - - [09/Jan/2025:16:40:00 +0330] "GET /market/infophp.php HTTP/1.1" 404 - "-" "Mozilla/5.0 (Macintosh; Intel Mac OS X 10_12_3) AppleWebKit/537.36 (KHTML, like Gecko) Chrome/56.0.2924.87 Safari/537.36"
14.225.255.46 - - [09/Jan/2025:16:40:00 +0330] "GET /market/test.php HTTP/1.1" 404 - "-" "Mozilla/5.0 (Macintosh; Intel Mac OS X 10_12_3) AppleWebKit/537.36 (KHTML, like Gecko) Chrome/56.0.2924.87 Safari/537.36"
14.225.255.46 - - [09/Jan/2025:16:40:01 +0330] "GET /market/dashboard/phpinfo.php HTTP/1.1" 404 - "-" "Mozilla/5.0 (Macintosh; Intel Mac OS X 10_12_3) AppleWebKit/537.36 (KHTML, like Gecko) Chrome/56.0.2924.87 Safari/537.36"
14.225.255.46 - - [09/Jan/2025:16:40:01 +0330] "GET /market/api/phpinfo.php HTTP/1.1" 404 - "-" "Mozilla/5.0 (Macintosh; Intel Mac OS X 10_12_3) AppleWebKit/537.36 (KHTML, like Gecko) Chrome/56.0.2924.87 Safari/537.36"
192.99.37.133 - - [09/Jan/2025:16:40:01 +0330] "GET /wp-includes/sodium_compat/src/?C=D;O=D HTTP/1.1" 200 2095 "-" "Mozilla/5.0 (compatible; MJ12bot/v1.4.8; http://mj12bot.com/)"
14.225.255.46 - - [09/Jan/2025:16:40:01 +0330] "GET /market/backend/phpinfo.php HTTP/1.1" 404 - "-" "Mozilla/5.0 (Macintosh; Intel Mac OS X 10_12_3) AppleWebKit/537.36 (KHTML, like Gecko) Chrome/56.0.2924.87 Safari/537.36"
14.225.255.46 - - [09/Jan/2025:16:40:02 +0330] "GET /market/backup/phpinfo.php HTTP/1.1" 404 - "-" "Mozilla/5.0 (Macintosh; Intel Mac OS X 10_12_3) AppleWebKit/537.36 (KHTML, like Gecko) Chrome/56.0.2924.87 Safari/537.36"
14.225.255.46 - - [09/Jan/2025:16:40:02 +0330] "GET /market/crm/phpinfo.php HTTP/1.1" 404 - "-" "Mozilla/5.0 (Macintosh; Intel Mac OS X 10_12_3) AppleWebKit/537.36 (KHTML, like Gecko) Chrome/56.0.2924.87 Safari/537.36"
14.225.255.46 - - [09/Jan/2025:16:40:03 +0330] "GET /market/current/phpinfo.php HTTP/1.1" 404 - "-" "Mozilla/5.0 (Macintosh; Intel Mac OS X 10_12_3) AppleWebKit/537.36 (KHTML, like Gecko) Chrome/56.0.2924.87 Safari/537.36"
192.99.37.133 - - [09/Jan/2025:16:40:03 +0330] "GET /wp-includes/sodium_compat/src/?C=M;O=D HTTP/1.1" 200 2095 "-" "Mozilla/5.0 (compatible; MJ12bot/v1.4.8; http://mj12bot.com/)"
14.225.255.46 - - [09/Jan/2025:16:40:03 +0330] "GET /market/dev/phpinfo.php HTTP/1.1" 404 - "-" "Mozilla/5.0 (Macintosh; Intel Mac OS X 10_12_3) AppleWebKit/537.36 (KHTML, like Gecko) Chrome/56.0.2924.87 Safari/537.36"
14.225.255.46 - - [09/Jan/2025:16:40:03 +0330] "GET /market/develop/phpinfo.php HTTP/1.1" 404 - "-" "Mozilla/5.0 (Macintosh; Intel Mac OS X 10_12_3) AppleWebKit/537.36 (KHTML, like Gecko) Chrome/56.0.2924.87 Safari/537.36"
14.225.255.46 - - [09/Jan/2025:16:40:04 +0330] "GET /market/development/phpinfo.php HTTP/1.1" 404 - "-" "Mozilla/5.0 (Macintosh; Intel Mac OS X 10_12_3) AppleWebKit/537.36 (KHTML, like Gecko) Chrome/56.0.2924.87 Safari/537.36"
14.225.255.46 - - [09/Jan/2025:16:40:04 +0330] "GET /market/help/phpinfo.php HTTP/1.1" 404 - "-" "Mozilla/5.0 (Macintosh; Intel Mac OS X 10_12_3) AppleWebKit/537.36 (KHTML, like Gecko) Chrome/56.0.2924.87 Safari/537.36"
14.225.255.46 - - [09/Jan/2025:16:40:04 +0330] "GET /market/helper/phpinfo.php HTTP/1.1" 404 - "-" "Mozilla/5.0 (Macintosh; Intel Mac OS X 10_12_3) AppleWebKit/537.36 (KHTML, like Gecko) Chrome/56.0.2924.87 Safari/537.36"
192.99.37.133 - - [09/Jan/2025:16:40:05 +0330] "GET /wp-includes/sodium_compat/src/?C=N;O=A HTTP/1.1" 200 2095 "-" "Mozilla/5.0 (compatible; MJ12bot/v1.4.8; http://mj12bot.com/)"
14.225.255.46 - - [09/Jan/2025:16:40:05 +0330] "GET /market/lara/phpinfo.php HTTP/1.1" 404 - "-" "Mozilla/5.0 (Macintosh; Intel Mac OS X 10_12_3) AppleWebKit/537.36 (KHTML, like Gecko) Chrome/56.0.2924.87 Safari/537.36"
14.225.255.46 - - [09/Jan/2025:16:40:05 +0330] "GET /market/laravel/phpinfo.php HTTP/1.1" 404 - "-" "Mozilla/5.0 (Macintosh; Intel Mac OS X 10_12_3) AppleWebKit/537.36 (KHTML, like Gecko) Chrome/56.0.2924.87 Safari/537.36"
14.225.255.46 - - [09/Jan/2025:16:40:05 +0330] "GET /market/server/phpinfo.php HTTP/1.1" 404 - "-" "Mozilla/5.0 (Macintosh; Intel Mac OS X 10_12_3) AppleWebKit/537.36 (KHTML, like Gecko) Chrome/56.0.2924.87 Safari/537.36"
14.225.255.46 - - [09/Jan/2025:16:40:06 +0330] "GET /market/service/phpinfo.php HTTP/1.1" 404 - "-" "Mozilla/5.0 (Macintosh; Intel Mac OS X 10_12_3) AppleWebKit/537.36 (KHTML, like Gecko) Chrome/56.0.2924.87 Safari/537.36"
14.225.255.46 - - [09/Jan/2025:16:40:06 +0330] "GET /market/services/phpinfo.php HTTP/1.1" 404 - "-" "Mozilla/5.0 (Macintosh; Intel Mac OS X 10_12_3) AppleWebKit/537.36 (KHTML, like Gecko) Chrome/56.0.2924.87 Safari/537.36"
192.99.37.133 - - [09/Jan/2025:16:40:06 +0330] "GET /wp-includes/sodium_compat/src/?C=S;O=D HTTP/1.1" 200 2095 "-" "Mozilla/5.0 (compatible; MJ12bot/v1.4.8; http://mj12bot.com/)"
14.225.255.46 - - [09/Jan/2025:16:40:06 +0330] "GET /market/xampp/phpinfo.php HTTP/1.1" 404 - "-" "Mozilla/5.0 (Macintosh; Intel Mac OS X 10_12_3) AppleWebKit/537.36 (KHTML, like Gecko) Chrome/56.0.2924.87 Safari/537.36"
14.225.255.46 - - [09/Jan/2025:16:40:07 +0330] "GET /market/api/info.php HTTP/1.1" 404 - "-" "Mozilla/5.0 (Macintosh; Intel Mac OS X 10_12_3) AppleWebKit/537.36 (KHTML, like Gecko) Chrome/56.0.2924.87 Safari/537.36"
14.225.255.46 - - [09/Jan/2025:16:40:07 +0330] "GET /market/backend/info.php HTTP/1.1" 404 - "-" "Mozilla/5.0 (Macintosh; Intel Mac OS X 10_12_3) AppleWebKit/537.36 (KHTML, like Gecko) Chrome/56.0.2924.87 Safari/537.36"
14.225.255.46 - - [09/Jan/2025:16:40:07 +0330] "GET /market/backup/info.php HTTP/1.1" 404 - "-" "Mozilla/5.0 (Macintosh; Intel Mac OS X 10_12_3) AppleWebKit/537.36 (KHTML, like Gecko) Chrome/56.0.2924.87 Safari/537.36"
14.225.255.46 - - [09/Jan/2025:16:40:08 +0330] "GET /market/crm/info.php HTTP/1.1" 404 - "-" "Mozilla/5.0 (Macintosh; Intel Mac OS X 10_12_3) AppleWebKit/537.36 (KHTML, like Gecko) Chrome/56.0.2924.87 Safari/537.36"
192.99.37.133 - - [09/Jan/2025:16:40:08 +0330] "GET /wp-includes/sodium_compat/src/Core/?C=D;O=A HTTP/1.1" 200 4977 "-" "Mozilla/5.0 (compatible; MJ12bot/v1.4.8; http://mj12bot.com/)"
14.225.255.46 - - [09/Jan/2025:16:40:08 +0330] "GET /market/current/info.php HTTP/1.1" 404 - "-" "Mozilla/5.0 (Macintosh; Intel Mac OS X 10_12_3) AppleWebKit/537.36 (KHTML, like Gecko) Chrome/56.0.2924.87 Safari/537.36"
14.225.255.46 - - [09/Jan/2025:16:40:08 +0330] "GET /market/dev/info.php HTTP/1.1" 404 - "-" "Mozilla/5.0 (Macintosh; Intel Mac OS X 10_12_3) AppleWebKit/537.36 (KHTML, like Gecko) Chrome/56.0.2924.87 Safari/537.36"
14.225.255.46 - - [09/Jan/2025:16:40:09 +0330] "GET /market/develop/info.php HTTP/1.1" 404 - "-" "Mozilla/5.0 (Macintosh; Intel Mac OS X 10_12_3) AppleWebKit/537.36 (KHTML, like Gecko) Chrome/56.0.2924.87 Safari/537.36"
14.225.255.46 - - [09/Jan/2025:16:40:09 +0330] "GET /market/development/iinfo.php HTTP/1.1" 404 - "-" "Mozilla/5.0 (Macintosh; Intel Mac OS X 10_12_3) AppleWebKit/537.36 (KHTML, like Gecko) Chrome/56.0.2924.87 Safari/537.36"
14.225.255.46 - - [09/Jan/2025:16:40:09 +0330] "GET /market/help/info.php HTTP/1.1" 404 - "-" "Mozilla/5.0 (Macintosh; Intel Mac OS X 10_12_3) AppleWebKit/537.36 (KHTML, like Gecko) Chrome/56.0.2924.87 Safari/537.36"
192.99.37.133 - - [09/Jan/2025:16:40:10 +0330] "GET /wp-includes/sodium_compat/src/Core/?C=M;O=A HTTP/1.1" 200 4977 "-" "Mozilla/5.0 (compatible; MJ12bot/v1.4.8; http://mj12bot.com/)"
14.225.255.46 - - [09/Jan/2025:16:40:10 +0330] "GET /market/helper/info.php HTTP/1.1" 404 - "-" "Mozilla/5.0 (Macintosh; Intel Mac OS X 10_12_3) AppleWebKit/537.36 (KHTML, like Gecko) Chrome/56.0.2924.87 Safari/537.36"
14.225.255.46 - - [09/Jan/2025:16:40:10 +0330] "GET /market/lara/info.php HTTP/1.1" 404 - "-" "Mozilla/5.0 (Macintosh; Intel Mac OS X 10_12_3) AppleWebKit/537.36 (KHTML, like Gecko) Chrome/56.0.2924.87 Safari/537.36"
14.225.255.46 - - [09/Jan/2025:16:40:11 +0330] "GET /market/laravel/info.php HTTP/1.1" 404 - "-" "Mozilla/5.0 (Macintosh; Intel Mac OS X 10_12_3) AppleWebKit/537.36 (KHTML, like Gecko) Chrome/56.0.2924.87 Safari/537.36"
14.225.255.46 - - [09/Jan/2025:16:40:11 +0330] "GET /market/server/info.php HTTP/1.1" 404 - "-" "Mozilla/5.0 (Macintosh; Intel Mac OS X 10_12_3) AppleWebKit/537.36 (KHTML, like Gecko) Chrome/56.0.2924.87 Safari/537.36"
14.225.255.46 - - [09/Jan/2025:16:40:11 +0330] "GET /market/service/info.php HTTP/1.1" 404 - "-" "Mozilla/5.0 (Macintosh; Intel Mac OS X 10_12_3) AppleWebKit/537.36 (KHTML, like Gecko) Chrome/56.0.2924.87 Safari/537.36"
192.99.37.133 - - [09/Jan/2025:16:40:11 +0330] "GET /wp-includes/sodium_compat/src/Core/?C=N;O=D HTTP/1.1" 200 4977 "-" "Mozilla/5.0 (compatible; MJ12bot/v1.4.8; http://mj12bot.com/)"
14.225.255.46 - - [09/Jan/2025:16:40:12 +0330] "GET /market/services/info.php HTTP/1.1" 404 - "-" "Mozilla/5.0 (Macintosh; Intel Mac OS X 10_12_3) AppleWebKit/537.36 (KHTML, like Gecko) Chrome/56.0.2924.87 Safari/537.36"
14.225.255.46 - - [09/Jan/2025:16:40:12 +0330] "GET /market/php-info.php HTTP/1.1" 404 - "-" "Mozilla/5.0 (Macintosh; Intel Mac OS X 10_12_3) AppleWebKit/537.36 (KHTML, like Gecko) Chrome/56.0.2924.87 Safari/537.36"
14.225.255.46 - - [09/Jan/2025:16:40:12 +0330] "GET /market/linusadmin-phpinfo.php HTTP/1.1" 404 - "-" "Mozilla/5.0 (Macintosh; Intel Mac OS X 10_12_3) AppleWebKit/537.36 (KHTML, like Gecko) Chrome/56.0.2924.87 Safari/537.36"
14.225.255.46 - - [09/Jan/2025:16:40:13 +0330] "GET /market/infos.php HTTP/1.1" 404 - "-" "Mozilla/5.0 (Macintosh; Intel Mac OS X 10_12_3) AppleWebKit/537.36 (KHTML, like Gecko) Chrome/56.0.2924.87 Safari/537.36"
14.225.255.46 - - [09/Jan/2025:16:40:13 +0330] "GET /market/old_phpinfo.php HTTP/1.1" 404 - "-" "Mozilla/5.0 (Macintosh; Intel Mac OS X 10_12_3) AppleWebKit/537.36 (KHTML, like Gecko) Chrome/56.0.2924.87 Safari/537.36"
192.99.37.133 - - [09/Jan/2025:16:40:13 +0330] "GET /wp-includes/sodium_compat/src/Core/?C=S;O=A HTTP/1.1" 200 4977 "-" "Mozilla/5.0 (compatible; MJ12bot/v1.4.8; http://mj12bot.com/)"
14.225.255.46 - - [09/Jan/2025:16:40:13 +0330] "GET /market/temp.php HTTP/1.1" 404 - "-" "Mozilla/5.0 (Macintosh; Intel Mac OS X 10_12_3) AppleWebKit/537.36 (KHTML, like Gecko) Chrome/56.0.2924.87 Safari/537.36"
14.225.255.46 - - [09/Jan/2025:16:40:14 +0330] "GET /market/time.php HTTP/1.1" 404 - "-" "Mozilla/5.0 (Macintosh; Intel Mac OS X 10_12_3) AppleWebKit/537.36 (KHTML, like Gecko) Chrome/56.0.2924.87 Safari/537.36"
14.225.255.46 - - [09/Jan/2025:16:40:15 +0330] "GET /market/phpversion.php HTTP/1.1" 404 - "-" "Mozilla/5.0 (Macintosh; Intel Mac OS X 10_12_3) AppleWebKit/537.36 (KHTML, like Gecko) Chrome/56.0.2924.87 Safari/537.36"
192.99.37.133 - - [09/Jan/2025:16:40:15 +0330] "GET /wp-includes/sodium_compat/src/Core/AEGIS/ HTTP/1.1" 200 1066 "-" "Mozilla/5.0 (compatible; MJ12bot/v1.4.8; http://mj12bot.com/)"
14.225.255.46 - - [09/Jan/2025:16:40:15 +0330] "GET /market/pinfo.php HTTP/1.1" 404 - "-" "Mozilla/5.0 (Macintosh; Intel Mac OS X 10_12_3) AppleWebKit/537.36 (KHTML, like Gecko) Chrome/56.0.2924.87 Safari/537.36"
