185.230.138.50 - - [09/Jan/2025:16:07:51 +0330] "GET /wp-includes/html-api/class-wp-html-processor.php HTTP/1.1" 200 322 "-" "Mozilla/5.0 (compatible; MJ12bot/v1.4.8; http://mj12bot.com/)"
195.191.219.132 - - [09/Jan/2025:16:07:53 +0330] "GET /wp-includes/comment.php HTTP/1.1" 200 - "-" "Mozilla/5.0 (compatible; MJ12bot/v1.4.8; http://mj12bot.com/)"
185.230.138.50 - - [09/Jan/2025:16:07:53 +0330] "GET /wp-includes/html-api/class-wp-html-span.php HTTP/1.1" 200 - "-" "Mozilla/5.0 (compatible; MJ12bot/v1.4.8; http://mj12bot.com/)"
185.230.138.50 - - [09/Jan/2025:16:07:54 +0330] "GET /wp-includes/html-api/class-wp-html-stack-event.php HTTP/1.1" 200 - "-" "Mozilla/5.0 (compatible; MJ12bot/v1.4.8; http://mj12bot.com/)"
195.191.219.132 - - [09/Jan/2025:16:07:54 +0330] "GET /wp-includes/compat.php HTTP/1.1" 200 259 "-" "Mozilla/5.0 (compatible; MJ12bot/v1.4.8; http://mj12bot.com/)"
185.230.138.50 - - [09/Jan/2025:16:07:56 +0330] "GET /wp-includes/html-api/class-wp-html-tag-processor.php HTTP/1.1" 200 - "-" "Mozilla/5.0 (compatible; MJ12bot/v1.4.8; http://mj12bot.com/)"
195.191.219.132 - - [09/Jan/2025:16:07:56 +0330] "GET /wp-includes/cron.php HTTP/1.1" 200 - "-" "Mozilla/5.0 (compatible; MJ12bot/v1.4.8; http://mj12bot.com/)"
185.230.138.50 - - [09/Jan/2025:16:07:57 +0330] "GET /wp-includes/html-api/class-wp-html-text-replacement.php HTTP/1.1" 200 - "-" "Mozilla/5.0 (compatible; MJ12bot/v1.4.8; http://mj12bot.com/)"
195.191.219.132 - - [09/Jan/2025:16:07:58 +0330] "GET /wp-includes/css/ HTTP/1.1" 200 12444 "-" "Mozilla/5.0 (compatible; MJ12bot/v1.4.8; http://mj12bot.com/)"
185.230.138.50 - - [09/Jan/2025:16:07:59 +0330] "GET /wp-includes/html-api/class-wp-html-token.php HTTP/1.1" 200 - "-" "Mozilla/5.0 (compatible; MJ12bot/v1.4.8; http://mj12bot.com/)"
195.191.219.132 - - [09/Jan/2025:16:08:00 +0330] "GET /wp-includes/customize/ HTTP/1.1" 200 8270 "-" "Mozilla/5.0 (compatible; MJ12bot/v1.4.8; http://mj12bot.com/)"
185.230.138.50 - - [09/Jan/2025:16:08:01 +0330] "GET /wp-includes/html-api/class-wp-html-unsupported-exception.php HTTP/1.1" 200 - "-" "Mozilla/5.0 (compatible; MJ12bot/v1.4.8; http://mj12bot.com/)"
195.191.219.132 - - [09/Jan/2025:16:08:02 +0330] "GET /wp-includes/date.php HTTP/1.1" 200 260 "-" "Mozilla/5.0 (compatible; MJ12bot/v1.4.8; http://mj12bot.com/)"
185.230.138.50 - - [09/Jan/2025:16:08:02 +0330] "GET /wp-includes/html-api/html5-named-character-references.php HTTP/1.1" 200 329 "-" "Mozilla/5.0 (compatible; MJ12bot/v1.4.8; http://mj12bot.com/)"
185.230.138.50 - - [09/Jan/2025:16:08:04 +0330] "GET /wp-includes/images/?C=D;O=A HTTP/1.1" 200 5768 "-" "Mozilla/5.0 (compatible; MJ12bot/v1.4.8; http://mj12bot.com/)"
195.191.219.132 - - [09/Jan/2025:16:08:04 +0330] "GET /wp-includes/default-constants.php HTTP/1.1" 200 - "-" "Mozilla/5.0 (compatible; MJ12bot/v1.4.8; http://mj12bot.com/)"
185.230.138.50 - - [09/Jan/2025:16:08:05 +0330] "GET /wp-includes/images/?C=M;O=A HTTP/1.1" 200 5768 "-" "Mozilla/5.0 (compatible; MJ12bot/v1.4.8; http://mj12bot.com/)"
195.191.219.132 - - [09/Jan/2025:16:08:06 +0330] "GET /wp-includes/default-filters.php HTTP/1.1" 200 276 "-" "Mozilla/5.0 (compatible; MJ12bot/v1.4.8; http://mj12bot.com/)"
185.230.138.50 - - [09/Jan/2025:16:08:07 +0330] "GET /wp-includes/images/?C=N;O=D HTTP/1.1" 200 5768 "-" "Mozilla/5.0 (compatible; MJ12bot/v1.4.8; http://mj12bot.com/)"
185.230.138.50 - - [09/Jan/2025:16:08:08 +0330] "GET /wp-includes/images/?C=S;O=A HTTP/1.1" 200 5768 "-" "Mozilla/5.0 (compatible; MJ12bot/v1.4.8; http://mj12bot.com/)"
195.191.219.132 - - [09/Jan/2025:16:08:08 +0330] "GET /wp-includes/default-widgets.php HTTP/1.1" 200 275 "-" "Mozilla/5.0 (compatible; MJ12bot/v1.4.8; http://mj12bot.com/)"
185.230.138.50 - - [09/Jan/2025:16:08:10 +0330] "GET /wp-includes/images/admin-bar-sprite-2x.png HTTP/1.1" 200 3999 "-" "Mozilla/5.0 (compatible; MJ12bot/v1.4.8; http://mj12bot.com/)"
195.191.219.132 - - [09/Jan/2025:16:08:11 +0330] "GET /wp-includes/deprecated.php HTTP/1.1" 200 - "-" "Mozilla/5.0 (compatible; MJ12bot/v1.4.8; http://mj12bot.com/)"
185.230.138.50 - - [09/Jan/2025:16:08:12 +0330] "GET /wp-includes/images/admin-bar-sprite.png HTTP/1.1" 200 2467 "-" "Mozilla/5.0 (compatible; MJ12bot/v1.4.8; http://mj12bot.com/)"
195.191.219.132 - - [09/Jan/2025:16:08:13 +0330] "GET /wp-includes/embed-template.php HTTP/1.1" 200 280 "-" "Mozilla/5.0 (compatible; MJ12bot/v1.4.8; http://mj12bot.com/)"
185.230.138.50 - - [09/Jan/2025:16:08:13 +0330] "GET /wp-includes/images/arrow-pointer-blue-2x.png HTTP/1.1" 200 1666 "-" "Mozilla/5.0 (compatible; MJ12bot/v1.4.8; http://mj12bot.com/)"
185.230.138.50 - - [09/Jan/2025:16:08:15 +0330] "GET /wp-includes/images/arrow-pointer-blue.png HTTP/1.1" 200 793 "-" "Mozilla/5.0 (compatible; MJ12bot/v1.4.8; http://mj12bot.com/)"
195.191.219.132 - - [09/Jan/2025:16:08:15 +0330] "GET /wp-includes/embed.php HTTP/1.1" 200 - "-" "Mozilla/5.0 (compatible; MJ12bot/v1.4.8; http://mj12bot.com/)"
185.230.138.50 - - [09/Jan/2025:16:08:16 +0330] "GET /wp-includes/images/blank.gif HTTP/1.1" 200 43 "-" "Mozilla/5.0 (compatible; MJ12bot/v1.4.8; http://mj12bot.com/)"
195.191.219.132 - - [09/Jan/2025:16:08:17 +0330] "GET /wp-includes/error-protection.php HTTP/1.1" 200 - "-" "Mozilla/5.0 (compatible; MJ12bot/v1.4.8; http://mj12bot.com/)"
185.230.138.50 - - [09/Jan/2025:16:08:18 +0330] "GET /wp-includes/images/crystal/ HTTP/1.1" 200 2450 "-" "Mozilla/5.0 (compatible; MJ12bot/v1.4.8; http://mj12bot.com/)"
195.191.219.132 - - [09/Jan/2025:16:08:19 +0330] "GET /wp-includes/feed-atom-comments.php HTTP/1.1" 200 287 "-" "Mozilla/5.0 (compatible; MJ12bot/v1.4.8; http://mj12bot.com/)"
185.230.138.50 - - [09/Jan/2025:16:08:19 +0330] "GET /wp-includes/images/down_arrow-2x.gif HTTP/1.1" 200 84 "-" "Mozilla/5.0 (compatible; MJ12bot/v1.4.8; http://mj12bot.com/)"
185.230.138.50 - - [09/Jan/2025:16:08:21 +0330] "GET /wp-includes/images/down_arrow.gif HTTP/1.1" 200 59 "-" "Mozilla/5.0 (compatible; MJ12bot/v1.4.8; http://mj12bot.com/)"
195.191.219.132 - - [09/Jan/2025:16:08:21 +0330] "GET /wp-includes/feed-atom.php HTTP/1.1" 200 269 "-" "Mozilla/5.0 (compatible; MJ12bot/v1.4.8; http://mj12bot.com/)"
185.230.138.50 - - [09/Jan/2025:16:08:22 +0330] "GET /wp-includes/images/icon-pointer-flag-2x.png HTTP/1.1" 200 1369 "-" "Mozilla/5.0 (compatible; MJ12bot/v1.4.8; http://mj12bot.com/)"
195.191.219.132 - - [09/Jan/2025:16:08:23 +0330] "GET /wp-includes/feed-rdf.php HTTP/1.1" 200 267 "-" "Mozilla/5.0 (compatible; MJ12bot/v1.4.8; http://mj12bot.com/)"
185.230.138.50 - - [09/Jan/2025:16:08:24 +0330] "GET /wp-includes/images/icon-pointer-flag.png HTTP/1.1" 200 783 "-" "Mozilla/5.0 (compatible; MJ12bot/v1.4.8; http://mj12bot.com/)"
195.191.219.132 - - [09/Jan/2025:16:08:25 +0330] "GET /wp-includes/feed-rss.php HTTP/1.1" 200 267 "-" "Mozilla/5.0 (compatible; MJ12bot/v1.4.8; http://mj12bot.com/)"
185.230.138.50 - - [09/Jan/2025:16:08:25 +0330] "GET /wp-includes/images/media/ HTTP/1.1" 200 3877 "-" "Mozilla/5.0 (compatible; MJ12bot/v1.4.8; http://mj12bot.com/)"
185.230.138.50 - - [09/Jan/2025:16:08:27 +0330] "GET /wp-includes/images/rss-2x.png HTTP/1.1" 200 1306 "-" "Mozilla/5.0 (compatible; MJ12bot/v1.4.8; http://mj12bot.com/)"
195.191.219.132 - - [09/Jan/2025:16:08:28 +0330] "GET /wp-includes/feed-rss2-comments.php HTTP/1.1" 200 287 "-" "Mozilla/5.0 (compatible; MJ12bot/v1.4.8; http://mj12bot.com/)"
185.230.138.50 - - [09/Jan/2025:16:08:28 +0330] "GET /wp-includes/images/rss.png HTTP/1.1" 200 608 "-" "Mozilla/5.0 (compatible; MJ12bot/v1.4.8; http://mj12bot.com/)"
185.230.138.50 - - [09/Jan/2025:16:08:29 +0330] "GET /wp-includes/images/smilies/ HTTP/1.1" 200 5397 "-" "Mozilla/5.0 (compatible; MJ12bot/v1.4.8; http://mj12bot.com/)"
195.191.219.132 - - [09/Jan/2025:16:08:30 +0330] "GET /wp-includes/feed-rss2.php HTTP/1.1" 200 269 "-" "Mozilla/5.0 (compatible; MJ12bot/v1.4.8; http://mj12bot.com/)"
185.230.138.50 - - [09/Jan/2025:16:08:31 +0330] "GET /wp-includes/images/spinner-2x.gif HTTP/1.1" 200 7536 "-" "Mozilla/5.0 (compatible; MJ12bot/v1.4.8; http://mj12bot.com/)"
195.191.219.132 - - [09/Jan/2025:16:08:32 +0330] "GET /wp-includes/feed.php HTTP/1.1" 200 - "-" "Mozilla/5.0 (compatible; MJ12bot/v1.4.8; http://mj12bot.com/)"
185.230.138.50 - - [09/Jan/2025:16:08:33 +0330] "GET /wp-includes/images/spinner.gif HTTP/1.1" 200 3656 "-" "Mozilla/5.0 (compatible; MJ12bot/v1.4.8; http://mj12bot.com/)"
195.191.219.132 - - [09/Jan/2025:16:08:34 +0330] "GET /wp-includes/fonts/ HTTP/1.1" 500 45616 "-" "Mozilla/5.0 (compatible; MJ12bot/v1.4.8; http://mj12bot.com/)"
185.230.138.50 - - [09/Jan/2025:16:08:34 +0330] "GET /wp-includes/images/toggle-arrow-2x.png HTTP/1.1" 200 354 "-" "Mozilla/5.0 (compatible; MJ12bot/v1.4.8; http://mj12bot.com/)"
185.230.138.50 - - [09/Jan/2025:16:08:36 +0330] "GET /wp-includes/images/toggle-arrow.png HTTP/1.1" 200 289 "-" "Mozilla/5.0 (compatible; MJ12bot/v1.4.8; http://mj12bot.com/)"
195.191.219.132 - - [09/Jan/2025:16:08:36 +0330] "GET /wp-includes/fonts.php HTTP/1.1" 200 - "-" "Mozilla/5.0 (compatible; MJ12bot/v1.4.8; http://mj12bot.com/)"
185.230.138.50 - - [09/Jan/2025:16:08:37 +0330] "GET /wp-includes/images/uploader-icons-2x.png HTTP/1.1" 200 3542 "-" "Mozilla/5.0 (compatible; MJ12bot/v1.4.8; http://mj12bot.com/)"
195.191.219.132 - - [09/Jan/2025:16:08:38 +0330] "GET /wp-includes/formatting.php HTTP/1.1" 200 - "-" "Mozilla/5.0 (compatible; MJ12bot/v1.4.8; http://mj12bot.com/)"
185.230.138.50 - - [09/Jan/2025:16:08:39 +0330] "GET /wp-includes/images/uploader-icons.png HTTP/1.1" 200 1556 "-" "Mozilla/5.0 (compatible; MJ12bot/v1.4.8; http://mj12bot.com/)"
195.191.219.132 - - [09/Jan/2025:16:08:39 +0330] "GET /wp-includes/functions.php HTTP/1.1" 200 261 "-" "Mozilla/5.0 (compatible; MJ12bot/v1.4.8; http://mj12bot.com/)"
185.230.138.50 - - [09/Jan/2025:16:08:40 +0330] "GET /wp-includes/images/w-logo-blue-white-bg.png HTTP/1.1" 200 4119 "-" "Mozilla/5.0 (compatible; MJ12bot/v1.4.8; http://mj12bot.com/)"
195.191.219.132 - - [09/Jan/2025:16:08:41 +0330] "GET /wp-includes/functions.wp-scripts.php HTTP/1.1" 200 - "-" "Mozilla/5.0 (compatible; MJ12bot/v1.4.8; http://mj12bot.com/)"
185.230.138.50 - - [09/Jan/2025:16:08:42 +0330] "GET /wp-includes/images/w-logo-blue.png HTTP/1.1" 200 3113 "-" "Mozilla/5.0 (compatible; MJ12bot/v1.4.8; http://mj12bot.com/)"
195.191.219.132 - - [09/Jan/2025:16:08:43 +0330] "GET /wp-includes/functions.wp-styles.php HTTP/1.1" 200 - "-" "Mozilla/5.0 (compatible; MJ12bot/v1.4.8; http://mj12bot.com/)"
185.230.138.50 - - [09/Jan/2025:16:08:44 +0330] "GET /wp-includes/images/wpicons-2x.png HTTP/1.1" 200 14931 "-" "Mozilla/5.0 (compatible; MJ12bot/v1.4.8; http://mj12bot.com/)"
195.191.219.132 - - [09/Jan/2025:16:08:45 +0330] "GET /wp-includes/general-template.php HTTP/1.1" 200 - "-" "Mozilla/5.0 (compatible; MJ12bot/v1.4.8; http://mj12bot.com/)"
185.230.138.50 - - [09/Jan/2025:16:08:45 +0330] "GET /wp-includes/images/wpicons.png HTTP/1.1" 200 7086 "-" "Mozilla/5.0 (compatible; MJ12bot/v1.4.8; http://mj12bot.com/)"
185.230.138.50 - - [09/Jan/2025:16:08:47 +0330] "GET /wp-includes/images/wpspin-2x.gif HTTP/1.1" 200 8875 "-" "Mozilla/5.0 (compatible; MJ12bot/v1.4.8; http://mj12bot.com/)"
195.191.219.132 - - [09/Jan/2025:16:08:47 +0330] "GET /wp-includes/global-styles-and-settings.php HTTP/1.1" 200 - "-" "Mozilla/5.0 (compatible; MJ12bot/v1.4.8; http://mj12bot.com/)"
185.230.138.50 - - [09/Jan/2025:16:08:49 +0330] "GET /wp-includes/images/wpspin.gif HTTP/1.1" 200 2052 "-" "Mozilla/5.0 (compatible; MJ12bot/v1.4.8; http://mj12bot.com/)"
195.191.219.132 - - [09/Jan/2025:16:08:50 +0330] "GET /wp-includes/html-api/ HTTP/1.1" 200 3467 "-" "Mozilla/5.0 (compatible; MJ12bot/v1.4.8; http://mj12bot.com/)"
185.230.138.50 - - [09/Jan/2025:16:08:51 +0330] "GET /wp-includes/images/xit-2x.gif HTTP/1.1" 200 825 "-" "Mozilla/5.0 (compatible; MJ12bot/v1.4.8; http://mj12bot.com/)"
195.191.219.132 - - [09/Jan/2025:16:08:52 +0330] "GET /wp-includes/http.php HTTP/1.1" 200 - "-" "Mozilla/5.0 (compatible; MJ12bot/v1.4.8; http://mj12bot.com/)"
185.230.138.50 - - [09/Jan/2025:16:08:52 +0330] "GET /wp-includes/images/xit.gif HTTP/1.1" 200 181 "-" "Mozilla/5.0 (compatible; MJ12bot/v1.4.8; http://mj12bot.com/)"
185.230.138.50 - - [09/Jan/2025:16:08:53 +0330] "GET /wp-includes/interactivity-api/?C=D;O=A HTTP/1.1" 200 1272 "-" "Mozilla/5.0 (compatible; MJ12bot/v1.4.8; http://mj12bot.com/)"
195.191.219.132 - - [09/Jan/2025:16:08:54 +0330] "GET /wp-includes/https-detection.php HTTP/1.1" 200 - "-" "Mozilla/5.0 (compatible; MJ12bot/v1.4.8; http://mj12bot.com/)"
185.230.138.50 - - [09/Jan/2025:16:08:55 +0330] "GET /wp-includes/interactivity-api/?C=M;O=A HTTP/1.1" 200 1272 "-" "Mozilla/5.0 (compatible; MJ12bot/v1.4.8; http://mj12bot.com/)"
195.191.219.132 - - [09/Jan/2025:16:08:56 +0330] "GET /wp-includes/https-migration.php HTTP/1.1" 200 - "-" "Mozilla/5.0 (compatible; MJ12bot/v1.4.8; http://mj12bot.com/)"
185.230.138.50 - - [09/Jan/2025:16:08:56 +0330] "GET /wp-includes/interactivity-api/?C=N;O=D HTTP/1.1" 200 1272 "-" "Mozilla/5.0 (compatible; MJ12bot/v1.4.8; http://mj12bot.com/)"
185.230.138.50 - - [09/Jan/2025:16:08:58 +0330] "GET /wp-includes/interactivity-api/?C=S;O=A HTTP/1.1" 200 1272 "-" "Mozilla/5.0 (compatible; MJ12bot/v1.4.8; http://mj12bot.com/)"
195.191.219.132 - - [09/Jan/2025:16:08:59 +0330] "GET /wp-includes/images/ HTTP/1.1" 200 5768 "-" "Mozilla/5.0 (compatible; MJ12bot/v1.4.8; http://mj12bot.com/)"
185.230.138.50 - - [09/Jan/2025:16:08:59 +0330] "GET /wp-includes/interactivity-api/class-wp-interactivity-api-directives-processor.php HTTP/1.1" 200 386 "-" "Mozilla/5.0 (compatible; MJ12bot/v1.4.8; http://mj12bot.com/)"
185.230.138.50 - - [09/Jan/2025:16:09:01 +0330] "GET /wp-includes/interactivity-api/class-wp-interactivity-api.php HTTP/1.1" 200 - "-" "Mozilla/5.0 (compatible; MJ12bot/v1.4.8; http://mj12bot.com/)"
195.191.219.132 - - [09/Jan/2025:16:09:02 +0330] "GET /wp-includes/interactivity-api/ HTTP/1.1" 200 1272 "-" "Mozilla/5.0 (compatible; MJ12bot/v1.4.8; http://mj12bot.com/)"
185.230.138.50 - - [09/Jan/2025:16:09:02 +0330] "GET /wp-includes/interactivity-api/interactivity-api.php HTTP/1.1" 200 - "-" "Mozilla/5.0 (compatible; MJ12bot/v1.4.8; http://mj12bot.com/)"
185.230.138.50 - - [09/Jan/2025:16:09:04 +0330] "GET /wp-includes/js/?C=D;O=A HTTP/1.1" 200 21273 "-" "Mozilla/5.0 (compatible; MJ12bot/v1.4.8; http://mj12bot.com/)"
195.191.219.132 - - [09/Jan/2025:16:09:04 +0330] "GET /wp-includes/js/ HTTP/1.1" 200 21273 "-" "Mozilla/5.0 (compatible; MJ12bot/v1.4.8; http://mj12bot.com/)"
185.230.138.50 - - [09/Jan/2025:16:09:05 +0330] "GET /wp-includes/js/?C=M;O=A HTTP/1.1" 200 21273 "-" "Mozilla/5.0 (compatible; MJ12bot/v1.4.8; http://mj12bot.com/)"
195.191.219.132 - - [09/Jan/2025:16:09:06 +0330] "GET /wp-includes/kses.php HTTP/1.1" 200 - "-" "Mozilla/5.0 (compatible; MJ12bot/v1.4.8; http://mj12bot.com/)"
185.230.138.50 - - [09/Jan/2025:16:09:07 +0330] "GET /wp-includes/js/?C=N;O=D HTTP/1.1" 200 21273 "-" "Mozilla/5.0 (compatible; MJ12bot/v1.4.8; http://mj12bot.com/)"
195.191.219.132 - - [09/Jan/2025:16:09:08 +0330] "GET /wp-includes/l10n/ HTTP/1.1" 200 1643 "-" "Mozilla/5.0 (compatible; MJ12bot/v1.4.8; http://mj12bot.com/)"
185.230.138.50 - - [09/Jan/2025:16:09:09 +0330] "GET /wp-includes/js/?C=S;O=A HTTP/1.1" 200 21273 "-" "Mozilla/5.0 (compatible; MJ12bot/v1.4.8; http://mj12bot.com/)"
195.191.219.132 - - [09/Jan/2025:16:09:10 +0330] "GET /wp-includes/l10n.php HTTP/1.1" 200 - "-" "Mozilla/5.0 (compatible; MJ12bot/v1.4.8; http://mj12bot.com/)"
185.230.138.50 - - [09/Jan/2025:16:09:10 +0330] "GET /wp-includes/js/admin-bar.js HTTP/1.1" 200 10547 "-" "Mozilla/5.0 (compatible; MJ12bot/v1.4.8; http://mj12bot.com/)"
185.230.138.50 - - [09/Jan/2025:16:09:12 +0330] "GET /wp-includes/js/admin-bar.min.js HTTP/1.1" 200 3487 "-" "Mozilla/5.0 (compatible; MJ12bot/v1.4.8; http://mj12bot.com/)"
195.191.219.132 - - [09/Jan/2025:16:09:12 +0330] "GET /wp-includes/link-template.php HTTP/1.1" 200 - "-" "Mozilla/5.0 (compatible; MJ12bot/v1.4.8; http://mj12bot.com/)"
185.230.138.50 - - [09/Jan/2025:16:09:14 +0330] "GET /wp-includes/js/api-request.js HTTP/1.1" 200 3324 "-" "Mozilla/5.0 (compatible; MJ12bot/v1.4.8; http://mj12bot.com/)"
195.191.219.132 - - [09/Jan/2025:16:09:15 +0330] "GET /wp-includes/load.php HTTP/1.1" 200 - "-" "Mozilla/5.0 (compatible; MJ12bot/v1.4.8; http://mj12bot.com/)"
185.230.138.50 - - [09/Jan/2025:16:09:15 +0330] "GET /wp-includes/js/api-request.min.js HTTP/1.1" 200 1023 "-" "Mozilla/5.0 (compatible; MJ12bot/v1.4.8; http://mj12bot.com/)"
185.230.138.50 - - [09/Jan/2025:16:09:16 +0330] "GET /wp-includes/js/autosave.js HTTP/1.1" 200 22476 "-" "Mozilla/5.0 (compatible; MJ12bot/v1.4.8; http://mj12bot.com/)"
195.191.219.132 - - [09/Jan/2025:16:09:17 +0330] "GET /wp-includes/locale.php HTTP/1.1" 200 264 "-" "Mozilla/5.0 (compatible; MJ12bot/v1.4.8; http://mj12bot.com/)"
185.230.138.50 - - [09/Jan/2025:16:09:18 +0330] "GET /wp-includes/js/autosave.min.js HTTP/1.1" 200 5807 "-" "Mozilla/5.0 (compatible; MJ12bot/v1.4.8; http://mj12bot.com/)"
195.191.219.132 - - [09/Jan/2025:16:09:19 +0330] "GET /wp-includes/media-template.php HTTP/1.1" 200 - "-" "Mozilla/5.0 (compatible; MJ12bot/v1.4.8; http://mj12bot.com/)"
185.230.138.50 - - [09/Jan/2025:16:09:20 +0330] "GET /wp-includes/js/backbone.js HTTP/1.1" 200 80390 "-" "Mozilla/5.0 (compatible; MJ12bot/v1.4.8; http://mj12bot.com/)"
185.230.138.50 - - [09/Jan/2025:16:09:21 +0330] "GET /wp-includes/js/backbone.min.js HTTP/1.1" 200 24278 "-" "Mozilla/5.0 (compatible; MJ12bot/v1.4.8; http://mj12bot.com/)"
195.191.219.132 - - [09/Jan/2025:16:09:21 +0330] "GET /wp-includes/media.php HTTP/1.1" 200 263 "-" "Mozilla/5.0 (compatible; MJ12bot/v1.4.8; http://mj12bot.com/)"
185.230.138.50 - - [09/Jan/2025:16:09:23 +0330] "GET /wp-includes/js/clipboard.js HTTP/1.1" 200 26807 "-" "Mozilla/5.0 (compatible; MJ12bot/v1.4.8; http://mj12bot.com/)"
14.225.255.46 - - [09/Jan/2025:16:09:23 +0330] "GET /.env HTTP/1.1" 404 - "-" "Mozilla/5.0 (Macintosh; Intel Mac OS X 10_12_3) AppleWebKit/537.36 (KHTML, like Gecko) Chrome/56.0.2924.87 Safari/537.36"
195.191.219.132 - - [09/Jan/2025:16:09:23 +0330] "GET /wp-includes/meta.php HTTP/1.1" 200 253 "-" "Mozilla/5.0 (compatible; MJ12bot/v1.4.8; http://mj12bot.com/)"
14.225.255.46 - - [09/Jan/2025:16:09:24 +0330] "GET /.remote HTTP/1.1" 404 - "-" "Mozilla/5.0 (Macintosh; Intel Mac OS X 10_12_3) AppleWebKit/537.36 (KHTML, like Gecko) Chrome/56.0.2924.87 Safari/537.36"
14.225.255.46 - - [09/Jan/2025:16:09:24 +0330] "GET /.local HTTP/1.1" 404 - "-" "Mozilla/5.0 (Macintosh; Intel Mac OS X 10_12_3) AppleWebKit/537.36 (KHTML, like Gecko) Chrome/56.0.2924.87 Safari/537.36"
14.225.255.46 - - [09/Jan/2025:16:09:24 +0330] "GET /.production HTTP/1.1" 404 - "-" "Mozilla/5.0 (Macintosh; Intel Mac OS X 10_12_3) AppleWebKit/537.36 (KHTML, like Gecko) Chrome/56.0.2924.87 Safari/537.36"
185.230.138.50 - - [09/Jan/2025:16:09:25 +0330] "GET /wp-includes/js/clipboard.min.js HTTP/1.1" 200 9009 "-" "Mozilla/5.0 (compatible; MJ12bot/v1.4.8; http://mj12bot.com/)"
14.225.255.46 - - [09/Jan/2025:16:09:25 +0330] "GET /vendor/.env HTTP/1.1" 404 - "-" "Mozilla/5.0 (Macintosh; Intel Mac OS X 10_12_3) AppleWebKit/537.36 (KHTML, like Gecko) Chrome/56.0.2924.87 Safari/537.36"
14.225.255.46 - - [09/Jan/2025:16:09:25 +0330] "GET /lib/.env HTTP/1.1" 404 - "-" "Mozilla/5.0 (Macintosh; Intel Mac OS X 10_12_3) AppleWebKit/537.36 (KHTML, like Gecko) Chrome/56.0.2924.87 Safari/537.36"
14.225.255.46 - - [09/Jan/2025:16:09:26 +0330] "GET /lab/.env HTTP/1.1" 404 - "-" "Mozilla/5.0 (Macintosh; Intel Mac OS X 10_12_3) AppleWebKit/537.36 (KHTML, like Gecko) Chrome/56.0.2924.87 Safari/537.36"
14.225.255.46 - - [09/Jan/2025:16:09:26 +0330] "GET /cronlab/.env HTTP/1.1" 404 - "-" "Mozilla/5.0 (Macintosh; Intel Mac OS X 10_12_3) AppleWebKit/537.36 (KHTML, like Gecko) Chrome/56.0.2924.87 Safari/537.36"
195.191.219.132 - - [09/Jan/2025:16:09:26 +0330] "GET /wp-includes/ms-blogs.php HTTP/1.1" 200 261 "-" "Mozilla/5.0 (compatible; MJ12bot/v1.4.8; http://mj12bot.com/)"
185.230.138.50 - - [09/Jan/2025:16:09:26 +0330] "GET /wp-includes/js/codemirror/ HTTP/1.1" 200 2105 "-" "Mozilla/5.0 (compatible; MJ12bot/v1.4.8; http://mj12bot.com/)"
14.225.255.46 - - [09/Jan/2025:16:09:26 +0330] "GET /cron/.env HTTP/1.1" 404 - "-" "Mozilla/5.0 (Macintosh; Intel Mac OS X 10_12_3) AppleWebKit/537.36 (KHTML, like Gecko) Chrome/56.0.2924.87 Safari/537.36"
14.225.255.46 - - [09/Jan/2025:16:09:27 +0330] "GET /core/.env HTTP/1.1" 404 - "-" "Mozilla/5.0 (Macintosh; Intel Mac OS X 10_12_3) AppleWebKit/537.36 (KHTML, like Gecko) Chrome/56.0.2924.87 Safari/537.36"
14.225.255.46 - - [09/Jan/2025:16:09:27 +0330] "GET /core/app/.env HTTP/1.1" 404 - "-" "Mozilla/5.0 (Macintosh; Intel Mac OS X 10_12_3) AppleWebKit/537.36 (KHTML, like Gecko) Chrome/56.0.2924.87 Safari/537.36"
14.225.255.46 - - [09/Jan/2025:16:09:27 +0330] "GET /core/Datavase/.env HTTP/1.1" 404 - "-" "Mozilla/5.0 (Macintosh; Intel Mac OS X 10_12_3) AppleWebKit/537.36 (KHTML, like Gecko) Chrome/56.0.2924.87 Safari/537.36"
185.230.138.50 - - [09/Jan/2025:16:09:28 +0330] "GET /wp-includes/js/colorpicker.js HTTP/1.1" 200 29083 "-" "Mozilla/5.0 (compatible; MJ12bot/v1.4.8; http://mj12bot.com/)"
14.225.255.46 - - [09/Jan/2025:16:09:28 +0330] "GET /database/.env HTTP/1.1" 404 - "-" "Mozilla/5.0 (Macintosh; Intel Mac OS X 10_12_3) AppleWebKit/537.36 (KHTML, like Gecko) Chrome/56.0.2924.87 Safari/537.36"
14.225.255.46 - - [09/Jan/2025:16:09:28 +0330] "GET /config/.env HTTP/1.1" 404 - "-" "Mozilla/5.0 (Macintosh; Intel Mac OS X 10_12_3) AppleWebKit/537.36 (KHTML, like Gecko) Chrome/56.0.2924.87 Safari/537.36"
195.191.219.132 - - [09/Jan/2025:16:09:28 +0330] "GET /wp-includes/ms-default-constants.php HTTP/1.1" 200 - "-" "Mozilla/5.0 (compatible; MJ12bot/v1.4.8; http://mj12bot.com/)"
14.225.255.46 - - [09/Jan/2025:16:09:28 +0330] "GET /assets/.env HTTP/1.1" 404 - "-" "Mozilla/5.0 (Macintosh; Intel Mac OS X 10_12_3) AppleWebKit/537.36 (KHTML, like Gecko) Chrome/56.0.2924.87 Safari/537.36"
14.225.255.46 - - [09/Jan/2025:16:09:29 +0330] "GET /app/.env HTTP/1.1" 404 - "-" "Mozilla/5.0 (Macintosh; Intel Mac OS X 10_12_3) AppleWebKit/537.36 (KHTML, like Gecko) Chrome/56.0.2924.87 Safari/537.36"
14.225.255.46 - - [09/Jan/2025:16:09:29 +0330] "GET /apps/.env HTTP/1.1" 404 - "-" "Mozilla/5.0 (Macintosh; Intel Mac OS X 10_12_3) AppleWebKit/537.36 (KHTML, like Gecko) Chrome/56.0.2924.87 Safari/537.36"
185.230.138.50 - - [09/Jan/2025:16:09:29 +0330] "GET /wp-includes/js/colorpicker.min.js HTTP/1.1" 200 16517 "-" "Mozilla/5.0 (compatible; MJ12bot/v1.4.8; http://mj12bot.com/)"
14.225.255.46 - - [09/Jan/2025:16:09:30 +0330] "GET /uploads/.env HTTP/1.1" 404 - "-" "Mozilla/5.0 (Macintosh; Intel Mac OS X 10_12_3) AppleWebKit/537.36 (KHTML, like Gecko) Chrome/56.0.2924.87 Safari/537.36"
14.225.255.46 - - [09/Jan/2025:16:09:30 +0330] "GET /sitemaps/.env HTTP/1.1" 404 - "-" "Mozilla/5.0 (Macintosh; Intel Mac OS X 10_12_3) AppleWebKit/537.36 (KHTML, like Gecko) Chrome/56.0.2924.87 Safari/537.36"
195.191.219.132 - - [09/Jan/2025:16:09:30 +0330] "GET /wp-includes/ms-default-filters.php HTTP/1.1" 200 282 "-" "Mozilla/5.0 (compatible; MJ12bot/v1.4.8; http://mj12bot.com/)"
185.230.138.50 - - [09/Jan/2025:16:09:31 +0330] "GET /wp-includes/js/comment-reply.js HTTP/1.1" 200 12513 "-" "Mozilla/5.0 (compatible; MJ12bot/v1.4.8; http://mj12bot.com/)"
14.225.255.46 - - [09/Jan/2025:16:09:31 +0330] "GET /saas/.env HTTP/1.1" 404 - "-" "Mozilla/5.0 (Macintosh; Intel Mac OS X 10_12_3) AppleWebKit/537.36 (KHTML, like Gecko) Chrome/56.0.2924.87 Safari/537.36"
14.225.255.46 - - [09/Jan/2025:16:09:31 +0330] "GET /api/.env HTTP/1.1" 404 - "-" "Mozilla/5.0 (Macintosh; Intel Mac OS X 10_12_3) AppleWebKit/537.36 (KHTML, like Gecko) Chrome/56.0.2924.87 Safari/537.36"
14.225.255.46 - - [09/Jan/2025:16:09:32 +0330] "GET /psnlink/.env HTTP/1.1" 404 - "-" "Mozilla/5.0 (Macintosh; Intel Mac OS X 10_12_3) AppleWebKit/537.36 (KHTML, like Gecko) Chrome/56.0.2924.87 Safari/537.36"
14.225.255.46 - - [09/Jan/2025:16:09:32 +0330] "GET /exapi/.env HTTP/1.1" 404 - "-" "Mozilla/5.0 (Macintosh; Intel Mac OS X 10_12_3) AppleWebKit/537.36 (KHTML, like Gecko) Chrome/56.0.2924.87 Safari/537.36"
195.191.219.132 - - [09/Jan/2025:16:09:32 +0330] "GET /wp-includes/ms-deprecated.php HTTP/1.1" 200 - "-" "Mozilla/5.0 (compatible; MJ12bot/v1.4.8; http://mj12bot.com/)"
185.230.138.50 - - [09/Jan/2025:16:09:32 +0330] "GET /wp-includes/js/comment-reply.min.js HTTP/1.1" 200 3026 "-" "Mozilla/5.0 (compatible; MJ12bot/v1.4.8; http://mj12bot.com/)"
14.225.255.46 - - [09/Jan/2025:16:09:32 +0330] "GET /site/.env HTTP/1.1" 404 - "-" "Mozilla/5.0 (Macintosh; Intel Mac OS X 10_12_3) AppleWebKit/537.36 (KHTML, like Gecko) Chrome/56.0.2924.87 Safari/537.36"
14.225.255.46 - - [09/Jan/2025:16:09:33 +0330] "GET /admin/.env HTTP/1.1" 404 - "-" "Mozilla/5.0 (Macintosh; Intel Mac OS X 10_12_3) AppleWebKit/537.36 (KHTML, like Gecko) Chrome/56.0.2924.87 Safari/537.36"
14.225.255.46 - - [09/Jan/2025:16:09:33 +0330] "GET /web/.env HTTP/1.1" 404 - "-" "Mozilla/5.0 (Macintosh; Intel Mac OS X 10_12_3) AppleWebKit/537.36 (KHTML, like Gecko) Chrome/56.0.2924.87 Safari/537.36"
14.225.255.46 - - [09/Jan/2025:16:09:34 +0330] "GET /public/.env HTTP/1.1" 404 - "-" "Mozilla/5.0 (Macintosh; Intel Mac OS X 10_12_3) AppleWebKit/537.36 (KHTML, like Gecko) Chrome/56.0.2924.87 Safari/537.36"
185.230.138.50 - - [09/Jan/2025:16:09:34 +0330] "GET /wp-includes/js/crop/ HTTP/1.1" 200 1367 "-" "Mozilla/5.0 (compatible; MJ12bot/v1.4.8; http://mj12bot.com/)"
14.225.255.46 - - [09/Jan/2025:16:09:34 +0330] "GET /en/.env HTTP/1.1" 404 - "-" "Mozilla/5.0 (Macintosh; Intel Mac OS X 10_12_3) AppleWebKit/537.36 (KHTML, like Gecko) Chrome/56.0.2924.87 Safari/537.36"
195.191.219.132 - - [09/Jan/2025:16:09:35 +0330] "GET /wp-includes/ms-files.php HTTP/1.1" 200 29 "-" "Mozilla/5.0 (compatible; MJ12bot/v1.4.8; http://mj12bot.com/)"
14.225.255.46 - - [09/Jan/2025:16:09:35 +0330] "GET /tools/.env HTTP/1.1" 404 - "-" "Mozilla/5.0 (Macintosh; Intel Mac OS X 10_12_3) AppleWebKit/537.36 (KHTML, like Gecko) Chrome/56.0.2924.87 Safari/537.36"
14.225.255.46 - - [09/Jan/2025:16:09:35 +0330] "GET /v1/.env HTTP/1.1" 404 - "-" "Mozilla/5.0 (Macintosh; Intel Mac OS X 10_12_3) AppleWebKit/537.36 (KHTML, like Gecko) Chrome/56.0.2924.87 Safari/537.36"
185.230.138.50 - - [09/Jan/2025:16:09:35 +0330] "GET /wp-includes/js/customize-base.js HTTP/1.1" 200 25822 "-" "Mozilla/5.0 (compatible; MJ12bot/v1.4.8; http://mj12bot.com/)"
14.225.255.46 - - [09/Jan/2025:16:09:36 +0330] "GET /v2/.env HTTP/1.1" 404 - "-" "Mozilla/5.0 (Macintosh; Intel Mac OS X 10_12_3) AppleWebKit/537.36 (KHTML, like Gecko) Chrome/56.0.2924.87 Safari/537.36"
14.225.255.46 - - [09/Jan/2025:16:09:36 +0330] "GET /administrator/.env HTTP/1.1" 404 - "-" "Mozilla/5.0 (Macintosh; Intel Mac OS X 10_12_3) AppleWebKit/537.36 (KHTML, like Gecko) Chrome/56.0.2924.87 Safari/537.36"
14.225.255.46 - - [09/Jan/2025:16:09:36 +0330] "GET /laravel/.env HTTP/1.1" 404 - "-" "Mozilla/5.0 (Macintosh; Intel Mac OS X 10_12_3) AppleWebKit/537.36 (KHTML, like Gecko) Chrome/56.0.2924.87 Safari/537.36"
14.225.255.46 - - [09/Jan/2025:16:09:37 +0330] "GET /sendgrid.env HTTP/1.1" 404 - "-" "Mozilla/5.0 (Macintosh; Intel Mac OS X 10_12_3) AppleWebKit/537.36 (KHTML, like Gecko) Chrome/56.0.2924.87 Safari/537.36"
195.191.219.132 - - [09/Jan/2025:16:09:37 +0330] "GET /wp-includes/ms-functions.php HTTP/1.1" 200 - "-" "Mozilla/5.0 (compatible; MJ12bot/v1.4.8; http://mj12bot.com/)"
185.230.138.50 - - [09/Jan/2025:16:09:37 +0330] "GET /wp-includes/js/customize-base.min.js HTTP/1.1" 200 7852 "-" "Mozilla/5.0 (compatible; MJ12bot/v1.4.8; http://mj12bot.com/)"
14.225.255.46 - - [09/Jan/2025:16:09:37 +0330] "GET /storage/.env HTTP/1.1" 404 - "-" "Mozilla/5.0 (Macintosh; Intel Mac OS X 10_12_3) AppleWebKit/537.36 (KHTML, like Gecko) Chrome/56.0.2924.87 Safari/537.36"
14.225.255.46 - - [09/Jan/2025:16:09:38 +0330] "GET /__tests__/test-become/.env HTTP/1.1" 404 - "-" "Mozilla/5.0 (Macintosh; Intel Mac OS X 10_12_3) AppleWebKit/537.36 (KHTML, like Gecko) Chrome/56.0.2924.87 Safari/537.36"
185.230.138.50 - - [09/Jan/2025:16:09:38 +0330] "GET /wp-includes/js/customize-loader.js HTTP/1.1" 200 7903 "-" "Mozilla/5.0 (compatible; MJ12bot/v1.4.8; http://mj12bot.com/)"
14.225.255.46 - - [09/Jan/2025:16:09:39 +0330] "GET /redmine/.env HTTP/1.1" 404 - "-" "Mozilla/5.0 (Macintosh; Intel Mac OS X 10_12_3) AppleWebKit/537.36 (KHTML, like Gecko) Chrome/56.0.2924.87 Safari/537.36"
14.225.255.46 - - [09/Jan/2025:16:09:39 +0330] "GET /gists/cache HTTP/1.1" 404 - "-" "Mozilla/5.0 (Macintosh; Intel Mac OS X 10_12_3) AppleWebKit/537.36 (KHTML, like Gecko) Chrome/56.0.2924.87 Safari/537.36"
195.191.219.132 - - [09/Jan/2025:16:09:39 +0330] "GET /wp-includes/ms-load.php HTTP/1.1" 200 - "-" "Mozilla/5.0 (compatible; MJ12bot/v1.4.8; http://mj12bot.com/)"
14.225.255.46 - - [09/Jan/2025:16:09:39 +0330] "GET /backend/.env HTTP/1.1" 404 - "-" "Mozilla/5.0 (Macintosh; Intel Mac OS X 10_12_3) AppleWebKit/537.36 (KHTML, like Gecko) Chrome/56.0.2924.87 Safari/537.36"
185.230.138.50 - - [09/Jan/2025:16:09:40 +0330] "GET /wp-includes/js/customize-loader.min.js HTTP/1.1" 200 3551 "-" "Mozilla/5.0 (compatible; MJ12bot/v1.4.8; http://mj12bot.com/)"
14.225.255.46 - - [09/Jan/2025:16:09:40 +0330] "GET /.env.example HTTP/1.1" 404 - "-" "Mozilla/5.0 (Macintosh; Intel Mac OS X 10_12_3) AppleWebKit/537.36 (KHTML, like Gecko) Chrome/56.0.2924.87 Safari/537.36"
14.225.255.46 - - [09/Jan/2025:16:09:41 +0330] "GET /main/.env HTTP/1.1" 404 - "-" "Mozilla/5.0 (Macintosh; Intel Mac OS X 10_12_3) AppleWebKit/537.36 (KHTML, like Gecko) Chrome/56.0.2924.87 Safari/537.36"
14.225.255.46 - - [09/Jan/2025:16:09:41 +0330] "GET /docs/.env HTTP/1.1" 404 - "-" "Mozilla/5.0 (Macintosh; Intel Mac OS X 10_12_3) AppleWebKit/537.36 (KHTML, like Gecko) Chrome/56.0.2924.87 Safari/537.36"
195.191.219.132 - - [09/Jan/2025:16:09:41 +0330] "GET /wp-includes/ms-network.php HTTP/1.1" 200 - "-" "Mozilla/5.0 (compatible; MJ12bot/v1.4.8; http://mj12bot.com/)"
14.225.255.46 - - [09/Jan/2025:16:09:41 +0330] "GET /client/.env HTTP/1.1" 404 - "-" "Mozilla/5.0 (Macintosh; Intel Mac OS X 10_12_3) AppleWebKit/537.36 (KHTML, like Gecko) Chrome/56.0.2924.87 Safari/537.36"
185.230.138.50 - - [09/Jan/2025:16:09:41 +0330] "GET /wp-includes/js/customize-models.js HTTP/1.1" 200 6821 "-" "Mozilla/5.0 (compatible; MJ12bot/v1.4.8; http://mj12bot.com/)"
14.225.255.46 - - [09/Jan/2025:16:09:42 +0330] "GET /blog/.env HTTP/1.1" 404 - "-" "Mozilla/5.0 (Macintosh; Intel Mac OS X 10_12_3) AppleWebKit/537.36 (KHTML, like Gecko) Chrome/56.0.2924.87 Safari/537.36"
14.225.255.46 - - [09/Jan/2025:16:09:42 +0330] "GET /.env.dev HTTP/1.1" 404 - "-" "Mozilla/5.0 (Macintosh; Intel Mac OS X 10_12_3) AppleWebKit/537.36 (KHTML, like Gecko) Chrome/56.0.2924.87 Safari/537.36"
14.225.255.46 - - [09/Jan/2025:16:09:43 +0330] "GET /blogs/.env HTTP/1.1" 404 - "-" "Mozilla/5.0 (Macintosh; Intel Mac OS X 10_12_3) AppleWebKit/537.36 (KHTML, like Gecko) Chrome/56.0.2924.87 Safari/537.36"
14.225.255.46 - - [09/Jan/2025:16:09:43 +0330] "GET /shared/.env HTTP/1.1" 404 - "-" "Mozilla/5.0 (Macintosh; Intel Mac OS X 10_12_3) AppleWebKit/537.36 (KHTML, like Gecko) Chrome/56.0.2924.87 Safari/537.36"
185.230.138.50 - - [09/Jan/2025:16:09:43 +0330] "GET /wp-includes/js/customize-models.min.js HTTP/1.1" 200 3681 "-" "Mozilla/5.0 (compatible; MJ12bot/v1.4.8; http://mj12bot.com/)"
195.191.219.132 - - [09/Jan/2025:16:09:43 +0330] "GET /wp-includes/ms-settings.php HTTP/1.1" 200 267 "-" "Mozilla/5.0 (compatible; MJ12bot/v1.4.8; http://mj12bot.com/)"
14.225.255.46 - - [09/Jan/2025:16:09:43 +0330] "GET /download/.env HTTP/1.1" 404 - "-" "Mozilla/5.0 (Macintosh; Intel Mac OS X 10_12_3) AppleWebKit/537.36 (KHTML, like Gecko) Chrome/56.0.2924.87 Safari/537.36"
14.225.255.46 - - [09/Jan/2025:16:09:44 +0330] "GET /.env.php HTTP/1.1" 404 - "-" "Mozilla/5.0 (Macintosh; Intel Mac OS X 10_12_3) AppleWebKit/537.36 (KHTML, like Gecko) Chrome/56.0.2924.87 Safari/537.36"
14.225.255.46 - - [09/Jan/2025:16:09:44 +0330] "GET /sites/.env HTTP/1.1" 404 - "-" "Mozilla/5.0 (Macintosh; Intel Mac OS X 10_12_3) AppleWebKit/537.36 (KHTML, like Gecko) Chrome/56.0.2924.87 Safari/537.36"
185.230.138.50 - - [09/Jan/2025:16:09:44 +0330] "GET /wp-includes/js/customize-preview-nav-menus.js HTTP/1.1" 200 15024 "-" "Mozilla/5.0 (compatible; MJ12bot/v1.4.8; http://mj12bot.com/)"
14.225.255.46 - - [09/Jan/2025:16:09:45 +0330] "GET /web/.env] HTTP/1.1" 404 - "-" "Mozilla/5.0 (Macintosh; Intel Mac OS X 10_12_3) AppleWebKit/537.36 (KHTML, like Gecko) Chrome/56.0.2924.87 Safari/537.36"
14.225.255.46 - - [09/Jan/2025:16:09:45 +0330] "GET /.env.bak HTTP/1.1" 404 - "-" "Mozilla/5.0 (Macintosh; Intel Mac OS X 10_12_3) AppleWebKit/537.36 (KHTML, like Gecko) Chrome/56.0.2924.87 Safari/537.36"
195.191.219.132 - - [09/Jan/2025:16:09:46 +0330] "GET /wp-includes/ms-site.php HTTP/1.1" 200 - "-" "Mozilla/5.0 (compatible; MJ12bot/v1.4.8; http://mj12bot.com/)"
14.225.255.46 - - [09/Jan/2025:16:09:46 +0330] "GET /.env.live HTTP/1.1" 404 - "-" "Mozilla/5.0 (Macintosh; Intel Mac OS X 10_12_3) AppleWebKit/537.36 (KHTML, like Gecko) Chrome/56.0.2924.87 Safari/537.36"
185.230.138.50 - - [09/Jan/2025:16:09:46 +0330] "GET /wp-includes/js/customize-preview-nav-menus.min.js HTTP/1.1" 200 5038 "-" "Mozilla/5.0 (compatible; MJ12bot/v1.4.8; http://mj12bot.com/)"
14.225.255.46 - - [09/Jan/2025:16:09:46 +0330] "GET /.env.swp HTTP/1.1" 404 - "-" "Mozilla/5.0 (Macintosh; Intel Mac OS X 10_12_3) AppleWebKit/537.36 (KHTML, like Gecko) Chrome/56.0.2924.87 Safari/537.36"
14.225.255.46 - - [09/Jan/2025:16:09:47 +0330] "GET /.env.uat HTTP/1.1" 404 - "-" "Mozilla/5.0 (Macintosh; Intel Mac OS X 10_12_3) AppleWebKit/537.36 (KHTML, like Gecko) Chrome/56.0.2924.87 Safari/537.36"
14.225.255.46 - - [09/Jan/2025:16:09:47 +0330] "GET /.aws/credentials HTTP/1.1" 404 - "-" "Mozilla/5.0 (Macintosh; Intel Mac OS X 10_12_3) AppleWebKit/537.36 (KHTML, like Gecko) Chrome/56.0.2924.87 Safari/537.36"
185.230.138.50 - - [09/Jan/2025:16:09:48 +0330] "GET /wp-includes/js/customize-preview-widgets.js HTTP/1.1" 200 23253 "-" "Mozilla/5.0 (compatible; MJ12bot/v1.4.8; http://mj12bot.com/)"
195.191.219.132 - - [09/Jan/2025:16:09:48 +0330] "GET /wp-includes/nav-menu-template.php HTTP/1.1" 200 279 "-" "Mozilla/5.0 (compatible; MJ12bot/v1.4.8; http://mj12bot.com/)"
14.225.255.46 - - [09/Jan/2025:16:09:48 +0330] "GET /.env.old HTTP/1.1" 404 - "-" "Mozilla/5.0 (Macintosh; Intel Mac OS X 10_12_3) AppleWebKit/537.36 (KHTML, like Gecko) Chrome/56.0.2924.87 Safari/537.36"
14.225.255.46 - - [09/Jan/2025:16:09:48 +0330] "GET /.env.www HTTP/1.1" 404 - "-" "Mozilla/5.0 (Macintosh; Intel Mac OS X 10_12_3) AppleWebKit/537.36 (KHTML, like Gecko) Chrome/56.0.2924.87 Safari/537.36"
14.225.255.46 - - [09/Jan/2025:16:09:49 +0330] "GET /.env_1 HTTP/1.1" 404 - "-" "Mozilla/5.0 (Macintosh; Intel Mac OS X 10_12_3) AppleWebKit/537.36 (KHTML, like Gecko) Chrome/56.0.2924.87 Safari/537.36"
14.225.255.46 - - [09/Jan/2025:16:09:49 +0330] "GET /.env_sample HTTP/1.1" 404 - "-" "Mozilla/5.0 (Macintosh; Intel Mac OS X 10_12_3) AppleWebKit/537.36 (KHTML, like Gecko) Chrome/56.0.2924.87 Safari/537.36"
185.230.138.50 - - [09/Jan/2025:16:09:49 +0330] "GET /wp-includes/js/customize-preview-widgets.min.js HTTP/1.1" 200 7825 "-" "Mozilla/5.0 (compatible; MJ12bot/v1.4.8; http://mj12bot.com/)"
14.225.255.46 - - [09/Jan/2025:16:09:49 +0330] "GET /_static/.env HTTP/1.1" 404 - "-" "Mozilla/5.0 (Macintosh; Intel Mac OS X 10_12_3) AppleWebKit/537.36 (KHTML, like Gecko) Chrome/56.0.2924.87 Safari/537.36"
14.225.255.46 - - [09/Jan/2025:16:09:50 +0330] "GET /.docker/.env HTTP/1.1" 404 - "-" "Mozilla/5.0 (Macintosh; Intel Mac OS X 10_12_3) AppleWebKit/537.36 (KHTML, like Gecko) Chrome/56.0.2924.87 Safari/537.36"
195.191.219.132 - - [09/Jan/2025:16:09:50 +0330] "GET /wp-includes/nav-menu.php HTTP/1.1" 200 - "-" "Mozilla/5.0 (compatible; MJ12bot/v1.4.8; http://mj12bot.com/)"
14.225.255.46 - - [09/Jan/2025:16:09:50 +0330] "GET /.env.backup HTTP/1.1" 404 - "-" "Mozilla/5.0 (Macintosh; Intel Mac OS X 10_12_3) AppleWebKit/537.36 (KHTML, like Gecko) Chrome/56.0.2924.87 Safari/537.36"
14.225.255.46 - - [09/Jan/2025:16:09:51 +0330] "GET /product/.env.staging HTTP/1.1" 404 - "-" "Mozilla/5.0 (Macintosh; Intel Mac OS X 10_12_3) AppleWebKit/537.36 (KHTML, like Gecko) Chrome/56.0.2924.87 Safari/537.36"
185.230.138.50 - - [09/Jan/2025:16:09:51 +0330] "GET /wp-includes/js/customize-preview.js HTTP/1.1" 200 27960 "-" "Mozilla/5.0 (compatible; MJ12bot/v1.4.8; http://mj12bot.com/)"
14.225.255.46 - - [09/Jan/2025:16:09:51 +0330] "GET /content/.env HTTP/1.1" 404 - "-" "Mozilla/5.0 (Macintosh; Intel Mac OS X 10_12_3) AppleWebKit/537.36 (KHTML, like Gecko) Chrome/56.0.2924.87 Safari/537.36"
14.225.255.46 - - [09/Jan/2025:16:09:51 +0330] "GET /storage/.env.local HTTP/1.1" 404 - "-" "Mozilla/5.0 (Macintosh; Intel Mac OS X 10_12_3) AppleWebKit/537.36 (KHTML, like Gecko) Chrome/56.0.2924.87 Safari/537.36"
14.225.255.46 - - [09/Jan/2025:16:09:52 +0330] "GET /.env.local HTTP/1.1" 404 - "-" "Mozilla/5.0 (Macintosh; Intel Mac OS X 10_12_3) AppleWebKit/537.36 (KHTML, like Gecko) Chrome/56.0.2924.87 Safari/537.36"
14.225.255.46 - - [09/Jan/2025:16:09:52 +0330] "GET /media/.env HTTP/1.1" 404 - "-" "Mozilla/5.0 (Macintosh; Intel Mac OS X 10_12_3) AppleWebKit/537.36 (KHTML, like Gecko) Chrome/56.0.2924.87 Safari/537.36"
185.230.138.50 - - [09/Jan/2025:16:09:52 +0330] "GET /wp-includes/js/customize-preview.min.js HTTP/1.1" 200 10704 "-" "Mozilla/5.0 (compatible; MJ12bot/v1.4.8; http://mj12bot.com/)"
14.225.255.46 - - [09/Jan/2025:16:09:52 +0330] "GET /.env.save HTTP/1.1" 404 - "-" "Mozilla/5.0 (Macintosh; Intel Mac OS X 10_12_3) AppleWebKit/537.36 (KHTML, like Gecko) Chrome/56.0.2924.87 Safari/537.36"
195.191.219.132 - - [09/Jan/2025:16:09:53 +0330] "GET /wp-includes/option.php HTTP/1.1" 200 - "-" "Mozilla/5.0 (compatible; MJ12bot/v1.4.8; http://mj12bot.com/)"
14.225.255.46 - - [09/Jan/2025:16:09:53 +0330] "GET /user/.env.staging HTTP/1.1" 404 - "-" "Mozilla/5.0 (Macintosh; Intel Mac OS X 10_12_3) AppleWebKit/537.36 (KHTML, like Gecko) Chrome/56.0.2924.87 Safari/537.36"
14.225.255.46 - - [09/Jan/2025:16:09:53 +0330] "GET /files/.env HTTP/1.1" 404 - "-" "Mozilla/5.0 (Macintosh; Intel Mac OS X 10_12_3) AppleWebKit/537.36 (KHTML, like Gecko) Chrome/56.0.2924.87 Safari/537.36"
14.225.255.46 - - [09/Jan/2025:16:09:54 +0330] "GET /.env.production HTTP/1.1" 404 - "-" "Mozilla/5.0 (Macintosh; Intel Mac OS X 10_12_3) AppleWebKit/537.36 (KHTML, like Gecko) Chrome/56.0.2924.87 Safari/537.36"
185.230.138.50 - - [09/Jan/2025:16:09:54 +0330] "GET /wp-includes/js/customize-selective-refresh.js HTTP/1.1" 200 33335 "-" "Mozilla/5.0 (compatible; MJ12bot/v1.4.8; http://mj12bot.com/)"
14.225.255.46 - - [09/Jan/2025:16:09:54 +0330] "GET /env/.env HTTP/1.1" 404 - "-" "Mozilla/5.0 (Macintosh; Intel Mac OS X 10_12_3) AppleWebKit/537.36 (KHTML, like Gecko) Chrome/56.0.2924.87 Safari/537.36"
14.225.255.46 - - [09/Jan/2025:16:09:54 +0330] "GET /icons/.env HTTP/1.1" 404 - "-" "Mozilla/5.0 (Macintosh; Intel Mac OS X 10_12_3) AppleWebKit/537.36 (KHTML, like Gecko) Chrome/56.0.2924.87 Safari/537.36"
14.225.255.46 - - [09/Jan/2025:16:09:55 +0330] "GET /index.js HTTP/1.1" 404 - "-" "Mozilla/5.0 (Macintosh; Intel Mac OS X 10_12_3) AppleWebKit/537.36 (KHTML, like Gecko) Chrome/56.0.2924.87 Safari/537.36"
195.191.219.132 - - [09/Jan/2025:16:09:55 +0330] "GET /wp-includes/php-compat/ HTTP/1.1" 200 826 "-" "Mozilla/5.0 (compatible; MJ12bot/v1.4.8; http://mj12bot.com/)"
14.225.255.46 - - [09/Jan/2025:16:09:55 +0330] "GET /index.json HTTP/1.1" 404 - "-" "Mozilla/5.0 (Macintosh; Intel Mac OS X 10_12_3) AppleWebKit/537.36 (KHTML, like Gecko) Chrome/56.0.2924.87 Safari/537.36"
14.225.255.46 - - [09/Jan/2025:16:09:56 +0330] "GET /index.php HTTP/1.1" 404 - "-" "Mozilla/5.0 (Macintosh; Intel Mac OS X 10_12_3) AppleWebKit/537.36 (KHTML, like Gecko) Chrome/56.0.2924.87 Safari/537.36"
185.230.138.50 - - [09/Jan/2025:16:09:56 +0330] "GET /wp-includes/js/customize-selective-refresh.min.js HTTP/1.1" 200 10695 "-" "Mozilla/5.0 (compatible; MJ12bot/v1.4.8; http://mj12bot.com/)"
14.225.255.46 - - [09/Jan/2025:16:09:56 +0330] "GET /index1.php HTTP/1.1" 404 - "-" "Mozilla/5.0 (Macintosh; Intel Mac OS X 10_12_3) AppleWebKit/537.36 (KHTML, like Gecko) Chrome/56.0.2924.87 Safari/537.36"
14.225.255.46 - - [09/Jan/2025:16:09:56 +0330] "GET /.environment HTTP/1.1" 404 - "-" "Mozilla/5.0 (Macintosh; Intel Mac OS X 10_12_3) AppleWebKit/537.36 (KHTML, like Gecko) Chrome/56.0.2924.87 Safari/537.36"
195.191.219.132 - - [09/Jan/2025:16:09:57 +0330] "GET /wp-includes/pluggable-deprecated.php HTTP/1.1" 200 - "-" "Mozilla/5.0 (compatible; MJ12bot/v1.4.8; http://mj12bot.com/)"
185.230.138.50 - - [09/Jan/2025:16:09:57 +0330] "GET /wp-includes/js/customize-views.js HTTP/1.1" 200 5065 "-" "Mozilla/5.0 (compatible; MJ12bot/v1.4.8; http://mj12bot.com/)"
14.225.255.46 - - [09/Jan/2025:16:09:57 +0330] "GET /conf/.env HTTP/1.1" 404 - "-" "Mozilla/5.0 (Macintosh; Intel Mac OS X 10_12_3) AppleWebKit/537.36 (KHTML, like Gecko) Chrome/56.0.2924.87 Safari/537.36"
14.225.255.46 - - [09/Jan/2025:16:09:58 +0330] "GET /wp-content/.env HTTP/1.1" 404 - "-" "Mozilla/5.0 (Macintosh; Intel Mac OS X 10_12_3) AppleWebKit/537.36 (KHTML, like Gecko) Chrome/56.0.2924.87 Safari/537.36"
14.225.255.46 - - [09/Jan/2025:16:09:58 +0330] "GET /wp-admin/.env HTTP/1.1" 404 - "-" "Mozilla/5.0 (Macintosh; Intel Mac OS X 10_12_3) AppleWebKit/537.36 (KHTML, like Gecko) Chrome/56.0.2924.87 Safari/537.36"
185.230.138.50 - - [09/Jan/2025:16:09:59 +0330] "GET /wp-includes/js/customize-views.min.js HTTP/1.1" 200 2451 "-" "Mozilla/5.0 (compatible; MJ12bot/v1.4.8; http://mj12bot.com/)"
14.225.255.46 - - [09/Jan/2025:16:09:59 +0330] "GET /library/.env HTTP/1.1" 404 - "-" "Mozilla/5.0 (Macintosh; Intel Mac OS X 10_12_3) AppleWebKit/537.36 (KHTML, like Gecko) Chrome/56.0.2924.87 Safari/537.36"
195.191.219.132 - - [09/Jan/2025:16:09:59 +0330] "GET /wp-includes/pluggable.php HTTP/1.1" 200 - "-" "Mozilla/5.0 (compatible; MJ12bot/v1.4.8; http://mj12bot.com/)"
14.225.255.46 - - [09/Jan/2025:16:09:59 +0330] "GET /new/.env HTTP/1.1" 404 - "-" "Mozilla/5.0 (Macintosh; Intel Mac OS X 10_12_3) AppleWebKit/537.36 (KHTML, like Gecko) Chrome/56.0.2924.87 Safari/537.36"
14.225.255.46 - - [09/Jan/2025:16:10:00 +0330] "GET /old/.env HTTP/1.1" 404 - "-" "Mozilla/5.0 (Macintosh; Intel Mac OS X 10_12_3) AppleWebKit/537.36 (KHTML, like Gecko) Chrome/56.0.2924.87 Safari/537.36"
185.230.138.50 - - [09/Jan/2025:16:10:00 +0330] "GET /wp-includes/js/dist/ HTTP/1.1" 200 23555 "-" "Mozilla/5.0 (compatible; MJ12bot/v1.4.8; http://mj12bot.com/)"
14.225.255.46 - - [09/Jan/2025:16:10:00 +0330] "GET /local/.env HTTP/1.1" 404 - "-" "Mozilla/5.0 (Macintosh; Intel Mac OS X 10_12_3) AppleWebKit/537.36 (KHTML, like Gecko) Chrome/56.0.2924.87 Safari/537.36"
14.225.255.46 - - [09/Jan/2025:16:10:01 +0330] "GET /crm/.env HTTP/1.1" 404 - "-" "Mozilla/5.0 (Macintosh; Intel Mac OS X 10_12_3) AppleWebKit/537.36 (KHTML, like Gecko) Chrome/56.0.2924.87 Safari/537.36"
14.225.255.46 - - [09/Jan/2025:16:10:01 +0330] "GET /app/config/.env HTTP/1.1" 404 - "-" "Mozilla/5.0 (Macintosh; Intel Mac OS X 10_12_3) AppleWebKit/537.36 (KHTML, like Gecko) Chrome/56.0.2924.87 Safari/537.36"
14.225.255.46 - - [09/Jan/2025:16:10:01 +0330] "GET /audio/.env HTTP/1.1" 404 - "-" "Mozilla/5.0 (Macintosh; Intel Mac OS X 10_12_3) AppleWebKit/537.36 (KHTML, like Gecko) Chrome/56.0.2924.87 Safari/537.36"
14.225.255.46 - - [09/Jan/2025:16:10:02 +0330] "GET /cgi-bin/.env HTTP/1.1" 404 - "-" "Mozilla/5.0 (Macintosh; Intel Mac OS X 10_12_3) AppleWebKit/537.36 (KHTML, like Gecko) Chrome/56.0.2924.87 Safari/537.36"
195.191.219.132 - - [09/Jan/2025:16:10:02 +0330] "GET /wp-includes/plugin.php HTTP/1.1" 200 - "-" "Mozilla/5.0 (compatible; MJ12bot/v1.4.8; http://mj12bot.com/)"
185.230.138.50 - - [09/Jan/2025:16:10:02 +0330] "GET /wp-includes/js/heartbeat.js HTTP/1.1" 200 24052 "-" "Mozilla/5.0 (compatible; MJ12bot/v1.4.8; http://mj12bot.com/)"
14.225.255.46 - - [09/Jan/2025:16:10:02 +0330] "GET /src/.env HTTP/1.1" 404 - "-" "Mozilla/5.0 (Macintosh; Intel Mac OS X 10_12_3) AppleWebKit/537.36 (KHTML, like Gecko) Chrome/56.0.2924.87 Safari/537.36"
14.225.255.46 - - [09/Jan/2025:16:10:02 +0330] "GET /base/.env HTTP/1.1" 404 - "-" "Mozilla/5.0 (Macintosh; Intel Mac OS X 10_12_3) AppleWebKit/537.36 (KHTML, like Gecko) Chrome/56.0.2924.87 Safari/537.36"
14.225.255.46 - - [09/Jan/2025:16:10:03 +0330] "GET /vendor/laravel/.env HTTP/1.1" 404 - "-" "Mozilla/5.0 (Macintosh; Intel Mac OS X 10_12_3) AppleWebKit/537.36 (KHTML, like Gecko) Chrome/56.0.2924.87 Safari/537.36"
14.225.255.46 - - [09/Jan/2025:16:10:03 +0330] "GET /protected/.env HTTP/1.1" 404 - "-" "Mozilla/5.0 (Macintosh; Intel Mac OS X 10_12_3) AppleWebKit/537.36 (KHTML, like Gecko) Chrome/56.0.2924.87 Safari/537.36"
14.225.255.46 - - [09/Jan/2025:16:10:04 +0330] "GET /newsite/.env HTTP/1.1" 404 - "-" "Mozilla/5.0 (Macintosh; Intel Mac OS X 10_12_3) AppleWebKit/537.36 (KHTML, like Gecko) Chrome/56.0.2924.87 Safari/537.36"
195.191.219.132 - - [09/Jan/2025:16:10:04 +0330] "GET /wp-includes/pomo/ HTTP/1.1" 200 1706 "-" "Mozilla/5.0 (compatible; MJ12bot/v1.4.8; http://mj12bot.com/)"
185.230.138.50 - - [09/Jan/2025:16:10:04 +0330] "GET /wp-includes/js/heartbeat.min.js HTTP/1.1" 200 5947 "-" "Mozilla/5.0 (compatible; MJ12bot/v1.4.8; http://mj12bot.com/)"
14.225.255.46 - - [09/Jan/2025:16:10:04 +0330] "GET /www/.env HTTP/1.1" 404 - "-" "Mozilla/5.0 (Macintosh; Intel Mac OS X 10_12_3) AppleWebKit/537.36 (KHTML, like Gecko) Chrome/56.0.2924.87 Safari/537.36"
14.225.255.46 - - [09/Jan/2025:16:10:04 +0330] "GET /sites/all/libraries/mailchimp/.env HTTP/1.1" 404 - "-" "Mozilla/5.0 (Macintosh; Intel Mac OS X 10_12_3) AppleWebKit/537.36 (KHTML, like Gecko) Chrome/56.0.2924.87 Safari/537.36"
14.225.255.46 - - [09/Jan/2025:16:10:05 +0330] "GET /aws.env HTTP/1.1" 404 - "-" "Mozilla/5.0 (Macintosh; Intel Mac OS X 10_12_3) AppleWebKit/537.36 (KHTML, like Gecko) Chrome/56.0.2924.87 Safari/537.36"
14.225.255.46 - - [09/Jan/2025:16:10:05 +0330] "GET /_profiler/phpinfo HTTP/1.1" 404 - "-" "Mozilla/5.0 (Macintosh; Intel Mac OS X 10_12_3) AppleWebKit/537.36 (KHTML, like Gecko) Chrome/56.0.2924.87 Safari/537.36"
185.230.138.50 - - [09/Jan/2025:16:10:05 +0330] "GET /wp-includes/js/hoverIntent.js HTTP/1.1" 200 7225 "-" "Mozilla/5.0 (compatible; MJ12bot/v1.4.8; http://mj12bot.com/)"
14.225.255.46 - - [09/Jan/2025:16:10:05 +0330] "GET /tool/view/phpinfo.view.php HTTP/1.1" 404 - "-" "Mozilla/5.0 (Macintosh; Intel Mac OS X 10_12_3) AppleWebKit/537.36 (KHTML, like Gecko) Chrome/56.0.2924.87 Safari/537.36"
14.225.255.46 - - [09/Jan/2025:16:10:06 +0330] "GET /wp-config.php-backup HTTP/1.1" 404 - "-" "Mozilla/5.0 (Macintosh; Intel Mac OS X 10_12_3) AppleWebKit/537.36 (KHTML, like Gecko) Chrome/56.0.2924.87 Safari/537.36"
195.191.219.132 - - [09/Jan/2025:16:10:06 +0330] "GET /wp-includes/post-formats.php HTTP/1.1" 200 - "-" "Mozilla/5.0 (compatible; MJ12bot/v1.4.8; http://mj12bot.com/)"
185.230.138.50 - - [09/Jan/2025:16:10:07 +0330] "GET /wp-includes/js/hoverIntent.min.js HTTP/1.1" 200 1499 "-" "Mozilla/5.0 (compatible; MJ12bot/v1.4.8; http://mj12bot.com/)"
14.225.255.46 - - [09/Jan/2025:16:10:07 +0330] "GET /%c0 HTTP/1.1" 404 - "-" "Mozilla/5.0 (Macintosh; Intel Mac OS X 10_12_3) AppleWebKit/537.36 (KHTML, like Gecko) Chrome/56.0.2924.87 Safari/537.36"
14.225.255.46 - - [09/Jan/2025:16:10:07 +0330] "GET /debug/default/view.html HTTP/1.1" 404 - "-" "Mozilla/5.0 (Macintosh; Intel Mac OS X 10_12_3) AppleWebKit/537.36 (KHTML, like Gecko) Chrome/56.0.2924.87 Safari/537.36"
14.225.255.46 - - [09/Jan/2025:16:10:08 +0330] "GET /debug/default/view HTTP/1.1" 404 - "-" "Mozilla/5.0 (Macintosh; Intel Mac OS X 10_12_3) AppleWebKit/537.36 (KHTML, like Gecko) Chrome/56.0.2924.87 Safari/537.36"
14.225.255.46 - - [09/Jan/2025:16:10:08 +0330] "GET /frontend/web/debug/default/view HTTP/1.1" 404 - "-" "Mozilla/5.0 (Macintosh; Intel Mac OS X 10_12_3) AppleWebKit/537.36 (KHTML, like Gecko) Chrome/56.0.2924.87 Safari/537.36"
195.191.219.132 - - [09/Jan/2025:16:10:08 +0330] "GET /wp-includes/post-template.php HTTP/1.1" 200 - "-" "Mozilla/5.0 (compatible; MJ12bot/v1.4.8; http://mj12bot.com/)"
14.225.255.46 - - [09/Jan/2025:16:10:08 +0330] "GET /web/debug/default/view HTTP/1.1" 404 - "-" "Mozilla/5.0 (Macintosh; Intel Mac OS X 10_12_3) AppleWebKit/537.36 (KHTML, like Gecko) Chrome/56.0.2924.87 Safari/537.36"
185.230.138.50 - - [09/Jan/2025:16:10:08 +0330] "GET /wp-includes/js/hoverintent-js.min.js HTTP/1.1" 200 1718 "-" "Mozilla/5.0 (compatible; MJ12bot/v1.4.8; http://mj12bot.com/)"
14.225.255.46 - - [09/Jan/2025:16:10:09 +0330] "GET /sapi/debug/default/view HTTP/1.1" 404 - "-" "Mozilla/5.0 (Macintosh; Intel Mac OS X 10_12_3) AppleWebKit/537.36 (KHTML, like Gecko) Chrome/56.0.2924.87 Safari/537.36"
14.225.255.46 - - [09/Jan/2025:16:10:09 +0330] "GET /debug/default/view?panel=config HTTP/1.1" 404 - "-" "Mozilla/5.0 (Macintosh; Intel Mac OS X 10_12_3) AppleWebKit/537.36 (KHTML, like Gecko) Chrome/56.0.2924.87 Safari/537.36"
14.225.255.46 - - [09/Jan/2025:16:10:09 +0330] "GET /phpinfo.php HTTP/1.1" 404 - "-" "Mozilla/5.0 (Macintosh; Intel Mac OS X 10_12_3) AppleWebKit/537.36 (KHTML, like Gecko) Chrome/56.0.2924.87 Safari/537.36"
14.225.255.46 - - [09/Jan/2025:16:10:10 +0330] "GET /phpinfo HTTP/1.1" 404 - "-" "Mozilla/5.0 (Macintosh; Intel Mac OS X 10_12_3) AppleWebKit/537.36 (KHTML, like Gecko) Chrome/56.0.2924.87 Safari/537.36"
185.230.138.50 - - [09/Jan/2025:16:10:10 +0330] "GET /wp-includes/js/imagesloaded.min.js HTTP/1.1" 200 5520 "-" "Mozilla/5.0 (compatible; MJ12bot/v1.4.8; http://mj12bot.com/)"
14.225.255.46 - - [09/Jan/2025:16:10:10 +0330] "GET /aws.yml HTTP/1.1" 404 - "-" "Mozilla/5.0 (Macintosh; Intel Mac OS X 10_12_3) AppleWebKit/537.36 (KHTML, like Gecko) Chrome/56.0.2924.87 Safari/537.36"
