14.225.255.46 - - [09/Jan/2025:16:25:34 +0330] "GET /default/.env.dev HTTP/1.1" 404 - "-" "Mozilla/5.0 (Macintosh; Intel Mac OS X 10_12_3) AppleWebKit/537.36 (KHTML, like Gecko) Chrome/56.0.2924.87 Safari/537.36"
14.225.255.46 - - [09/Jan/2025:16:25:35 +0330] "GET /default/.env.local HTTP/1.1" 404 - "-" "Mozilla/5.0 (Macintosh; Intel Mac OS X 10_12_3) AppleWebKit/537.36 (KHTML, like Gecko) Chrome/56.0.2924.87 Safari/537.36"
14.225.255.46 - - [09/Jan/2025:16:25:35 +0330] "GET /demo/.env.bak HTTP/1.1" 404 - "-" "Mozilla/5.0 (Macintosh; Intel Mac OS X 10_12_3) AppleWebKit/537.36 (KHTML, like Gecko) Chrome/56.0.2924.87 Safari/537.36"
14.225.255.46 - - [09/Jan/2025:16:25:35 +0330] "GET /demo/config.env HTTP/1.1" 404 - "-" "Mozilla/5.0 (Macintosh; Intel Mac OS X 10_12_3) AppleWebKit/537.36 (KHTML, like Gecko) Chrome/56.0.2924.87 Safari/537.36"
37.187.73.123 - - [09/Jan/2025:16:25:35 +0330] "GET /cd.php?fm=true&rename=.coveralls.yml&path=/home/webtaragh/public_html/whmcs/vendor/stripe/stripe-php/ HTTP/1.1" 200 18392 "-" "Mozilla/5.0 (compatible; MJ12bot/v1.4.8; http://mj12bot.com/)"
14.225.255.46 - - [09/Jan/2025:16:25:36 +0330] "GET /demo/.env.dist HTTP/1.1" 404 - "-" "Mozilla/5.0 (Macintosh; Intel Mac OS X 10_12_3) AppleWebKit/537.36 (KHTML, like Gecko) Chrome/56.0.2924.87 Safari/537.36"
14.225.255.46 - - [09/Jan/2025:16:25:36 +0330] "GET /demo/.env.dev HTTP/1.1" 404 - "-" "Mozilla/5.0 (Macintosh; Intel Mac OS X 10_12_3) AppleWebKit/537.36 (KHTML, like Gecko) Chrome/56.0.2924.87 Safari/537.36"
162.244.27.137 - - [09/Jan/2025:16:25:36 +0330] "GET /wp-includes/rest-api/fields/ HTTP/1.1" 200 1688 "-" "Mozilla/5.0 (compatible; MJ12bot/v1.4.8; http://mj12bot.com/)"
14.225.255.46 - - [09/Jan/2025:16:25:36 +0330] "GET /deploy/.env.bak HTTP/1.1" 404 - "-" "Mozilla/5.0 (Macintosh; Intel Mac OS X 10_12_3) AppleWebKit/537.36 (KHTML, like Gecko) Chrome/56.0.2924.87 Safari/537.36"
14.225.255.46 - - [09/Jan/2025:16:25:37 +0330] "GET /deploy/config.env HTTP/1.1" 404 - "-" "Mozilla/5.0 (Macintosh; Intel Mac OS X 10_12_3) AppleWebKit/537.36 (KHTML, like Gecko) Chrome/56.0.2924.87 Safari/537.36"
14.225.255.46 - - [09/Jan/2025:16:25:37 +0330] "GET /deploy/.env.dist HTTP/1.1" 404 - "-" "Mozilla/5.0 (Macintosh; Intel Mac OS X 10_12_3) AppleWebKit/537.36 (KHTML, like Gecko) Chrome/56.0.2924.87 Safari/537.36"
37.187.73.123 - - [09/Jan/2025:16:25:37 +0330] "GET /cd.php?fm=true&rename=.coveralls.yml&path=/home/webtaragh/public_html/whmcs/vendor/zendframework/zend-diactoros/ HTTP/1.1" 200 18425 "-" "Mozilla/5.0 (compatible; MJ12bot/v1.4.8; http://mj12bot.com/)"
14.225.255.46 - - [09/Jan/2025:16:25:37 +0330] "GET /deploy/.env.dev HTTP/1.1" 404 - "-" "Mozilla/5.0 (Macintosh; Intel Mac OS X 10_12_3) AppleWebKit/537.36 (KHTML, like Gecko) Chrome/56.0.2924.87 Safari/537.36"
14.225.255.46 - - [09/Jan/2025:16:25:38 +0330] "GET /deploy/.env.local HTTP/1.1" 404 - "-" "Mozilla/5.0 (Macintosh; Intel Mac OS X 10_12_3) AppleWebKit/537.36 (KHTML, like Gecko) Chrome/56.0.2924.87 Safari/537.36"
14.225.255.46 - - [09/Jan/2025:16:25:38 +0330] "GET /deployment/.env.bak HTTP/1.1" 404 - "-" "Mozilla/5.0 (Macintosh; Intel Mac OS X 10_12_3) AppleWebKit/537.36 (KHTML, like Gecko) Chrome/56.0.2924.87 Safari/537.36"
162.244.27.137 - - [09/Jan/2025:16:25:38 +0330] "GET /wp-includes/rest-api/search/ HTTP/1.1" 200 1499 "-" "Mozilla/5.0 (compatible; MJ12bot/v1.4.8; http://mj12bot.com/)"
14.225.255.46 - - [09/Jan/2025:16:25:38 +0330] "GET /deployment/.env HTTP/1.1" 404 - "-" "Mozilla/5.0 (Macintosh; Intel Mac OS X 10_12_3) AppleWebKit/537.36 (KHTML, like Gecko) Chrome/56.0.2924.87 Safari/537.36"
14.225.255.46 - - [09/Jan/2025:16:25:39 +0330] "GET /deployment/config.env HTTP/1.1" 404 - "-" "Mozilla/5.0 (Macintosh; Intel Mac OS X 10_12_3) AppleWebKit/537.36 (KHTML, like Gecko) Chrome/56.0.2924.87 Safari/537.36"
14.225.255.46 - - [09/Jan/2025:16:25:39 +0330] "GET /deployment/.env.dist HTTP/1.1" 404 - "-" "Mozilla/5.0 (Macintosh; Intel Mac OS X 10_12_3) AppleWebKit/537.36 (KHTML, like Gecko) Chrome/56.0.2924.87 Safari/537.36"
14.225.255.46 - - [09/Jan/2025:16:25:39 +0330] "GET /deployment/.env.dev HTTP/1.1" 404 - "-" "Mozilla/5.0 (Macintosh; Intel Mac OS X 10_12_3) AppleWebKit/537.36 (KHTML, like Gecko) Chrome/56.0.2924.87 Safari/537.36"
37.187.73.123 - - [09/Jan/2025:16:25:39 +0330] "GET /cd.php?fm=true&rename=.githooks&path=/home/webtaragh/public_html/whmcs/vendor/league/openapi-psr7-validator/ HTTP/1.1" 200 18418 "-" "Mozilla/5.0 (compatible; MJ12bot/v1.4.8; http://mj12bot.com/)"
14.225.255.46 - - [09/Jan/2025:16:25:40 +0330] "GET /deployment/.env.local HTTP/1.1" 404 - "-" "Mozilla/5.0 (Macintosh; Intel Mac OS X 10_12_3) AppleWebKit/537.36 (KHTML, like Gecko) Chrome/56.0.2924.87 Safari/537.36"
162.244.27.137 - - [09/Jan/2025:16:25:40 +0330] "GET /wp-includes/sitemaps/?C=D;O=A HTTP/1.1" 200 2013 "-" "Mozilla/5.0 (compatible; MJ12bot/v1.4.8; http://mj12bot.com/)"
14.225.255.46 - - [09/Jan/2025:16:25:40 +0330] "GET /dev/.env.bak HTTP/1.1" 404 - "-" "Mozilla/5.0 (Macintosh; Intel Mac OS X 10_12_3) AppleWebKit/537.36 (KHTML, like Gecko) Chrome/56.0.2924.87 Safari/537.36"
14.225.255.46 - - [09/Jan/2025:16:25:40 +0330] "GET /dev/config.env HTTP/1.1" 404 - "-" "Mozilla/5.0 (Macintosh; Intel Mac OS X 10_12_3) AppleWebKit/537.36 (KHTML, like Gecko) Chrome/56.0.2924.87 Safari/537.36"
14.225.255.46 - - [09/Jan/2025:16:25:41 +0330] "GET /dev/.env.dist HTTP/1.1" 404 - "-" "Mozilla/5.0 (Macintosh; Intel Mac OS X 10_12_3) AppleWebKit/537.36 (KHTML, like Gecko) Chrome/56.0.2924.87 Safari/537.36"
14.225.255.46 - - [09/Jan/2025:16:25:41 +0330] "GET /dev/.env.dev HTTP/1.1" 404 - "-" "Mozilla/5.0 (Macintosh; Intel Mac OS X 10_12_3) AppleWebKit/537.36 (KHTML, like Gecko) Chrome/56.0.2924.87 Safari/537.36"
37.187.73.123 - - [09/Jan/2025:16:25:41 +0330] "GET /cd.php?fm=true&rename=.github&path=/home/webtaragh/public_html/whmcs/vendor/jms/serializer/ HTTP/1.1" 200 18369 "-" "Mozilla/5.0 (compatible; MJ12bot/v1.4.8; http://mj12bot.com/)"
14.225.255.46 - - [09/Jan/2025:16:25:42 +0330] "GET /developer/.env.bak HTTP/1.1" 404 - "-" "Mozilla/5.0 (Macintosh; Intel Mac OS X 10_12_3) AppleWebKit/537.36 (KHTML, like Gecko) Chrome/56.0.2924.87 Safari/537.36"
162.244.27.137 - - [09/Jan/2025:16:25:42 +0330] "GET /wp-includes/sitemaps/?C=M;O=A HTTP/1.1" 200 2013 "-" "Mozilla/5.0 (compatible; MJ12bot/v1.4.8; http://mj12bot.com/)"
37.187.73.123 - - [09/Jan/2025:16:25:43 +0330] "GET /cd.php?fm=true&rename=.github&path=/home/webtaragh/public_html/whmcs/vendor/phpmailer/phpmailer/ HTTP/1.1" 200 18384 "-" "Mozilla/5.0 (compatible; MJ12bot/v1.4.8; http://mj12bot.com/)"
14.225.255.46 - - [09/Jan/2025:16:25:43 +0330] "GET /developer/.env HTTP/1.1" 404 - "-" "Mozilla/5.0 (Macintosh; Intel Mac OS X 10_12_3) AppleWebKit/537.36 (KHTML, like Gecko) Chrome/56.0.2924.87 Safari/537.36"
14.225.255.46 - - [09/Jan/2025:16:25:43 +0330] "GET /developer/config.env HTTP/1.1" 404 - "-" "Mozilla/5.0 (Macintosh; Intel Mac OS X 10_12_3) AppleWebKit/537.36 (KHTML, like Gecko) Chrome/56.0.2924.87 Safari/537.36"
14.225.255.46 - - [09/Jan/2025:16:25:44 +0330] "GET /developer/.env.dist HTTP/1.1" 404 - "-" "Mozilla/5.0 (Macintosh; Intel Mac OS X 10_12_3) AppleWebKit/537.36 (KHTML, like Gecko) Chrome/56.0.2924.87 Safari/537.36"
14.225.255.46 - - [09/Jan/2025:16:25:44 +0330] "GET /developer/.env.dev HTTP/1.1" 404 - "-" "Mozilla/5.0 (Macintosh; Intel Mac OS X 10_12_3) AppleWebKit/537.36 (KHTML, like Gecko) Chrome/56.0.2924.87 Safari/537.36"
14.225.255.46 - - [09/Jan/2025:16:25:44 +0330] "GET /developer/.env.local HTTP/1.1" 404 - "-" "Mozilla/5.0 (Macintosh; Intel Mac OS X 10_12_3) AppleWebKit/537.36 (KHTML, like Gecko) Chrome/56.0.2924.87 Safari/537.36"
37.187.73.123 - - [09/Jan/2025:16:25:44 +0330] "GET /cd.php?fm=true&rename=.github&path=/home/webtaragh/public_html/whmcs/vendor/phpmyadmin/sql-parser/ HTTP/1.1" 200 18390 "-" "Mozilla/5.0 (compatible; MJ12bot/v1.4.8; http://mj12bot.com/)"
162.244.27.137 - - [09/Jan/2025:16:25:45 +0330] "GET /wp-includes/sitemaps/?C=N;O=D HTTP/1.1" 200 2013 "-" "Mozilla/5.0 (compatible; MJ12bot/v1.4.8; http://mj12bot.com/)"
14.225.255.46 - - [09/Jan/2025:16:25:45 +0330] "GET /development/.env.bak HTTP/1.1" 404 - "-" "Mozilla/5.0 (Macintosh; Intel Mac OS X 10_12_3) AppleWebKit/537.36 (KHTML, like Gecko) Chrome/56.0.2924.87 Safari/537.36"
37.187.73.123 - - [09/Jan/2025:16:25:46 +0330] "GET /cd.php?fm=true&rename=.github&path=/home/webtaragh/public_html/whmcs/vendor/stripe/stripe-php/ HTTP/1.1" 200 18378 "-" "Mozilla/5.0 (compatible; MJ12bot/v1.4.8; http://mj12bot.com/)"
14.225.255.46 - - [09/Jan/2025:16:25:46 +0330] "GET /development/config.env HTTP/1.1" 404 - "-" "Mozilla/5.0 (Macintosh; Intel Mac OS X 10_12_3) AppleWebKit/537.36 (KHTML, like Gecko) Chrome/56.0.2924.87 Safari/537.36"
14.225.255.46 - - [09/Jan/2025:16:25:47 +0330] "GET /development/.env.dist HTTP/1.1" 404 - "-" "Mozilla/5.0 (Macintosh; Intel Mac OS X 10_12_3) AppleWebKit/537.36 (KHTML, like Gecko) Chrome/56.0.2924.87 Safari/537.36"
162.244.27.137 - - [09/Jan/2025:16:25:47 +0330] "GET /wp-includes/sitemaps/?C=S;O=A HTTP/1.1" 200 2013 "-" "Mozilla/5.0 (compatible; MJ12bot/v1.4.8; http://mj12bot.com/)"
14.225.255.46 - - [09/Jan/2025:16:25:47 +0330] "GET /development/.env.dev HTTP/1.1" 404 - "-" "Mozilla/5.0 (Macintosh; Intel Mac OS X 10_12_3) AppleWebKit/537.36 (KHTML, like Gecko) Chrome/56.0.2924.87 Safari/537.36"
14.225.255.46 - - [09/Jan/2025:16:25:47 +0330] "GET /erp/.env.bak HTTP/1.1" 404 - "-" "Mozilla/5.0 (Macintosh; Intel Mac OS X 10_12_3) AppleWebKit/537.36 (KHTML, like Gecko) Chrome/56.0.2924.87 Safari/537.36"
14.225.255.46 - - [09/Jan/2025:16:25:48 +0330] "GET /erp/.env HTTP/1.1" 404 - "-" "Mozilla/5.0 (Macintosh; Intel Mac OS X 10_12_3) AppleWebKit/537.36 (KHTML, like Gecko) Chrome/56.0.2924.87 Safari/537.36"
37.187.73.123 - - [09/Jan/2025:16:25:48 +0330] "GET /cd.php?fm=true&rename=.hhconfig&path=/home/webtaragh/public_html/whmcs/vendor/nikic/fast-route/ HTTP/1.1" 200 18379 "-" "Mozilla/5.0 (compatible; MJ12bot/v1.4.8; http://mj12bot.com/)"
14.225.255.46 - - [09/Jan/2025:16:25:48 +0330] "GET /erp/config.env HTTP/1.1" 404 - "-" "Mozilla/5.0 (Macintosh; Intel Mac OS X 10_12_3) AppleWebKit/537.36 (KHTML, like Gecko) Chrome/56.0.2924.87 Safari/537.36"
14.225.255.46 - - [09/Jan/2025:16:25:48 +0330] "GET /erp/.env.dist HTTP/1.1" 404 - "-" "Mozilla/5.0 (Macintosh; Intel Mac OS X 10_12_3) AppleWebKit/537.36 (KHTML, like Gecko) Chrome/56.0.2924.87 Safari/537.36"
162.244.27.137 - - [09/Jan/2025:16:25:48 +0330] "GET /wp-includes/sitemaps/class-wp-sitemaps-index.php HTTP/1.1" 200 - "-" "Mozilla/5.0 (compatible; MJ12bot/v1.4.8; http://mj12bot.com/)"
14.225.255.46 - - [09/Jan/2025:16:25:49 +0330] "GET /erp/.env.dev HTTP/1.1" 404 - "-" "Mozilla/5.0 (Macintosh; Intel Mac OS X 10_12_3) AppleWebKit/537.36 (KHTML, like Gecko) Chrome/56.0.2924.87 Safari/537.36"
14.225.255.46 - - [09/Jan/2025:16:25:49 +0330] "GET /erp/.env.local HTTP/1.1" 404 - "-" "Mozilla/5.0 (Macintosh; Intel Mac OS X 10_12_3) AppleWebKit/537.36 (KHTML, like Gecko) Chrome/56.0.2924.87 Safari/537.36"
14.225.255.46 - - [09/Jan/2025:16:25:49 +0330] "GET /feature/.env.bak HTTP/1.1" 404 - "-" "Mozilla/5.0 (Macintosh; Intel Mac OS X 10_12_3) AppleWebKit/537.36 (KHTML, like Gecko) Chrome/56.0.2924.87 Safari/537.36"
37.187.73.123 - - [09/Jan/2025:16:25:50 +0330] "GET /cd.php?fm=true&rename=.htaccess&path=/home/webtaragh/public_html/whmcs/templates/twenty-one/ HTTP/1.1" 200 18370 "-" "Mozilla/5.0 (compatible; MJ12bot/v1.4.8; http://mj12bot.com/)"
14.225.255.46 - - [09/Jan/2025:16:25:50 +0330] "GET /feature/.env HTTP/1.1" 404 - "-" "Mozilla/5.0 (Macintosh; Intel Mac OS X 10_12_3) AppleWebKit/537.36 (KHTML, like Gecko) Chrome/56.0.2924.87 Safari/537.36"
162.244.27.137 - - [09/Jan/2025:16:25:50 +0330] "GET /wp-includes/sitemaps/class-wp-sitemaps-provider.php HTTP/1.1" 200 - "-" "Mozilla/5.0 (compatible; MJ12bot/v1.4.8; http://mj12bot.com/)"
14.225.255.46 - - [09/Jan/2025:16:25:51 +0330] "GET /feature/config.env HTTP/1.1" 404 - "-" "Mozilla/5.0 (Macintosh; Intel Mac OS X 10_12_3) AppleWebKit/537.36 (KHTML, like Gecko) Chrome/56.0.2924.87 Safari/537.36"
14.225.255.46 - - [09/Jan/2025:16:25:51 +0330] "GET /feature/.env.dist HTTP/1.1" 404 - "-" "Mozilla/5.0 (Macintosh; Intel Mac OS X 10_12_3) AppleWebKit/537.36 (KHTML, like Gecko) Chrome/56.0.2924.87 Safari/537.36"
37.187.73.123 - - [09/Jan/2025:16:25:51 +0330] "GET /cd.php?fm=true&rename=.htaccess&path=/home/webtaragh/public_html/wp-content/uploads/wp-file-manager-pro/fm_backup/ HTTP/1.1" 200 18436 "-" "Mozilla/5.0 (compatible; MJ12bot/v1.4.8; http://mj12bot.com/)"
14.225.255.46 - - [09/Jan/2025:16:25:51 +0330] "GET /feature/.env.dev HTTP/1.1" 404 - "-" "Mozilla/5.0 (Macintosh; Intel Mac OS X 10_12_3) AppleWebKit/537.36 (KHTML, like Gecko) Chrome/56.0.2924.87 Safari/537.36"
14.225.255.46 - - [09/Jan/2025:16:25:52 +0330] "GET /feature/.env.local HTTP/1.1" 404 - "-" "Mozilla/5.0 (Macintosh; Intel Mac OS X 10_12_3) AppleWebKit/537.36 (KHTML, like Gecko) Chrome/56.0.2924.87 Safari/537.36"
14.225.255.46 - - [09/Jan/2025:16:25:52 +0330] "GET /function/.env.bak HTTP/1.1" 404 - "-" "Mozilla/5.0 (Macintosh; Intel Mac OS X 10_12_3) AppleWebKit/537.36 (KHTML, like Gecko) Chrome/56.0.2924.87 Safari/537.36"
14.225.255.46 - - [09/Jan/2025:16:25:52 +0330] "GET /function/.env HTTP/1.1" 404 - "-" "Mozilla/5.0 (Macintosh; Intel Mac OS X 10_12_3) AppleWebKit/537.36 (KHTML, like Gecko) Chrome/56.0.2924.87 Safari/537.36"
162.244.27.137 - - [09/Jan/2025:16:25:53 +0330] "GET /wp-includes/sitemaps/class-wp-sitemaps-registry.php HTTP/1.1" 200 - "-" "Mozilla/5.0 (compatible; MJ12bot/v1.4.8; http://mj12bot.com/)"
37.187.73.123 - - [09/Jan/2025:16:25:53 +0330] "GET /cd.php?fm=true&rename=.jms.yml&path=/home/webtaragh/public_html/whmcs/vendor/jms/parser-lib/ HTTP/1.1" 200 18371 "-" "Mozilla/5.0 (compatible; MJ12bot/v1.4.8; http://mj12bot.com/)"
14.225.255.46 - - [09/Jan/2025:16:25:53 +0330] "GET /function/config.env HTTP/1.1" 404 - "-" "Mozilla/5.0 (Macintosh; Intel Mac OS X 10_12_3) AppleWebKit/537.36 (KHTML, like Gecko) Chrome/56.0.2924.87 Safari/537.36"
14.225.255.46 - - [09/Jan/2025:16:25:53 +0330] "GET /function/.env.dist HTTP/1.1" 404 - "-" "Mozilla/5.0 (Macintosh; Intel Mac OS X 10_12_3) AppleWebKit/537.36 (KHTML, like Gecko) Chrome/56.0.2924.87 Safari/537.36"
14.225.255.46 - - [09/Jan/2025:16:25:54 +0330] "GET /function/.env.dev HTTP/1.1" 404 - "-" "Mozilla/5.0 (Macintosh; Intel Mac OS X 10_12_3) AppleWebKit/537.36 (KHTML, like Gecko) Chrome/56.0.2924.87 Safari/537.36"
14.225.255.46 - - [09/Jan/2025:16:25:54 +0330] "GET /function/.env.local HTTP/1.1" 404 - "-" "Mozilla/5.0 (Macintosh; Intel Mac OS X 10_12_3) AppleWebKit/537.36 (KHTML, like Gecko) Chrome/56.0.2924.87 Safari/537.36"
14.225.255.46 - - [09/Jan/2025:16:25:54 +0330] "GET /helper/.env.bak HTTP/1.1" 404 - "-" "Mozilla/5.0 (Macintosh; Intel Mac OS X 10_12_3) AppleWebKit/537.36 (KHTML, like Gecko) Chrome/56.0.2924.87 Safari/537.36"
37.187.73.123 - - [09/Jan/2025:16:25:55 +0330] "GET /cd.php?fm=true&rename=.mailmap&path=/home/webtaragh/public_html/whmcs/vendor/filp/whoops/ HTTP/1.1" 200 18362 "-" "Mozilla/5.0 (compatible; MJ12bot/v1.4.8; http://mj12bot.com/)"
162.244.27.137 - - [09/Jan/2025:16:25:55 +0330] "GET /wp-includes/sitemaps/class-wp-sitemaps-renderer.php HTTP/1.1" 200 - "-" "Mozilla/5.0 (compatible; MJ12bot/v1.4.8; http://mj12bot.com/)"
14.225.255.46 - - [09/Jan/2025:16:25:55 +0330] "GET /helper/.env HTTP/1.1" 404 - "-" "Mozilla/5.0 (Macintosh; Intel Mac OS X 10_12_3) AppleWebKit/537.36 (KHTML, like Gecko) Chrome/56.0.2924.87 Safari/537.36"
14.225.255.46 - - [09/Jan/2025:16:25:56 +0330] "GET /helper/config.env HTTP/1.1" 404 - "-" "Mozilla/5.0 (Macintosh; Intel Mac OS X 10_12_3) AppleWebKit/537.36 (KHTML, like Gecko) Chrome/56.0.2924.87 Safari/537.36"
14.225.255.46 - - [09/Jan/2025:16:25:56 +0330] "GET /helper/.env.dist HTTP/1.1" 404 - "-" "Mozilla/5.0 (Macintosh; Intel Mac OS X 10_12_3) AppleWebKit/537.36 (KHTML, like Gecko) Chrome/56.0.2924.87 Safari/537.36"
37.187.73.123 - - [09/Jan/2025:16:25:56 +0330] "GET /cd.php?fm=true&rename=.phan&path=/home/webtaragh/public_html/whmcs/vendor/phpmailer/phpmailer/ HTTP/1.1" 200 18380 "-" "Mozilla/5.0 (compatible; MJ12bot/v1.4.8; http://mj12bot.com/)"
14.225.255.46 - - [09/Jan/2025:16:25:56 +0330] "GET /helper/.env.dev HTTP/1.1" 404 - "-" "Mozilla/5.0 (Macintosh; Intel Mac OS X 10_12_3) AppleWebKit/537.36 (KHTML, like Gecko) Chrome/56.0.2924.87 Safari/537.36"
162.244.27.137 - - [09/Jan/2025:16:25:56 +0330] "GET /wp-includes/sitemaps/class-wp-sitemaps-stylesheet.php HTTP/1.1" 200 - "-" "Mozilla/5.0 (compatible; MJ12bot/v1.4.8; http://mj12bot.com/)"
14.225.255.46 - - [09/Jan/2025:16:25:57 +0330] "GET /helper/.env.local HTTP/1.1" 404 - "-" "Mozilla/5.0 (Macintosh; Intel Mac OS X 10_12_3) AppleWebKit/537.36 (KHTML, like Gecko) Chrome/56.0.2924.87 Safari/537.36"
14.225.255.46 - - [09/Jan/2025:16:25:57 +0330] "GET /info/.env.bak HTTP/1.1" 404 - "-" "Mozilla/5.0 (Macintosh; Intel Mac OS X 10_12_3) AppleWebKit/537.36 (KHTML, like Gecko) Chrome/56.0.2924.87 Safari/537.36"
14.225.255.46 - - [09/Jan/2025:16:25:57 +0330] "GET /info/.env HTTP/1.1" 404 - "-" "Mozilla/5.0 (Macintosh; Intel Mac OS X 10_12_3) AppleWebKit/537.36 (KHTML, like Gecko) Chrome/56.0.2924.87 Safari/537.36"
14.225.255.46 - - [09/Jan/2025:16:25:58 +0330] "GET /info/config.env HTTP/1.1" 404 - "-" "Mozilla/5.0 (Macintosh; Intel Mac OS X 10_12_3) AppleWebKit/537.36 (KHTML, like Gecko) Chrome/56.0.2924.87 Safari/537.36"
37.187.73.123 - - [09/Jan/2025:16:25:58 +0330] "GET /cd.php?fm=true&rename=.php_cs&path=/home/webtaragh/public_html/whmcs/vendor/monolog/monolog/ HTTP/1.1" 200 18372 "-" "Mozilla/5.0 (compatible; MJ12bot/v1.4.8; http://mj12bot.com/)"
14.225.255.46 - - [09/Jan/2025:16:25:58 +0330] "GET /info/.env.dist HTTP/1.1" 404 - "-" "Mozilla/5.0 (Macintosh; Intel Mac OS X 10_12_3) AppleWebKit/537.36 (KHTML, like Gecko) Chrome/56.0.2924.87 Safari/537.36"
14.225.255.46 - - [09/Jan/2025:16:25:58 +0330] "GET /info/.env.dev HTTP/1.1" 404 - "-" "Mozilla/5.0 (Macintosh; Intel Mac OS X 10_12_3) AppleWebKit/537.36 (KHTML, like Gecko) Chrome/56.0.2924.87 Safari/537.36"
14.225.255.46 - - [09/Jan/2025:16:25:59 +0330] "GET /info/.env.local HTTP/1.1" 404 - "-" "Mozilla/5.0 (Macintosh; Intel Mac OS X 10_12_3) AppleWebKit/537.36 (KHTML, like Gecko) Chrome/56.0.2924.87 Safari/537.36"
162.244.27.137 - - [09/Jan/2025:16:25:59 +0330] "GET /wp-includes/sitemaps/class-wp-sitemaps.php HTTP/1.1" 200 - "-" "Mozilla/5.0 (compatible; MJ12bot/v1.4.8; http://mj12bot.com/)"
14.225.255.46 - - [09/Jan/2025:16:25:59 +0330] "GET /lms/.env.bak HTTP/1.1" 404 - "-" "Mozilla/5.0 (Macintosh; Intel Mac OS X 10_12_3) AppleWebKit/537.36 (KHTML, like Gecko) Chrome/56.0.2924.87 Safari/537.36"
14.225.255.46 - - [09/Jan/2025:16:25:59 +0330] "GET /lms/.env HTTP/1.1" 404 - "-" "Mozilla/5.0 (Macintosh; Intel Mac OS X 10_12_3) AppleWebKit/537.36 (KHTML, like Gecko) Chrome/56.0.2924.87 Safari/537.36"
37.187.73.123 - - [09/Jan/2025:16:26:00 +0330] "GET /cd.php?fm=true&rename=.php_cs&path=/home/webtaragh/public_html/whmcs/vendor/nesbot/carbon/ HTTP/1.1" 200 18366 "-" "Mozilla/5.0 (compatible; MJ12bot/v1.4.8; http://mj12bot.com/)"
14.225.255.46 - - [09/Jan/2025:16:26:00 +0330] "GET /lms/config.env HTTP/1.1" 404 - "-" "Mozilla/5.0 (Macintosh; Intel Mac OS X 10_12_3) AppleWebKit/537.36 (KHTML, like Gecko) Chrome/56.0.2924.87 Safari/537.36"
14.225.255.46 - - [09/Jan/2025:16:26:01 +0330] "GET /lms/.env.dist HTTP/1.1" 404 - "-" "Mozilla/5.0 (Macintosh; Intel Mac OS X 10_12_3) AppleWebKit/537.36 (KHTML, like Gecko) Chrome/56.0.2924.87 Safari/537.36"
162.244.27.137 - - [09/Jan/2025:16:26:01 +0330] "GET /wp-includes/sitemaps/providers/ HTTP/1.1" 200 1270 "-" "Mozilla/5.0 (compatible; MJ12bot/v1.4.8; http://mj12bot.com/)"
14.225.255.46 - - [09/Jan/2025:16:26:01 +0330] "GET /lms/.env.dev HTTP/1.1" 404 - "-" "Mozilla/5.0 (Macintosh; Intel Mac OS X 10_12_3) AppleWebKit/537.36 (KHTML, like Gecko) Chrome/56.0.2924.87 Safari/537.36"
37.187.73.123 - - [09/Jan/2025:16:26:01 +0330] "GET /cd.php?fm=true&rename=.php_cs&path=/home/webtaragh/public_html/whmcs/vendor/phpmailer/phpmailer/ HTTP/1.1" 200 18384 "-" "Mozilla/5.0 (compatible; MJ12bot/v1.4.8; http://mj12bot.com/)"
14.225.255.46 - - [09/Jan/2025:16:26:01 +0330] "GET /lms/.env.local HTTP/1.1" 404 - "-" "Mozilla/5.0 (Macintosh; Intel Mac OS X 10_12_3) AppleWebKit/537.36 (KHTML, like Gecko) Chrome/56.0.2924.87 Safari/537.36"
14.225.255.46 - - [09/Jan/2025:16:26:02 +0330] "GET /lara/.env.bak HTTP/1.1" 404 - "-" "Mozilla/5.0 (Macintosh; Intel Mac OS X 10_12_3) AppleWebKit/537.36 (KHTML, like Gecko) Chrome/56.0.2924.87 Safari/537.36"
14.225.255.46 - - [09/Jan/2025:16:26:02 +0330] "GET /lara/.env HTTP/1.1" 404 - "-" "Mozilla/5.0 (Macintosh; Intel Mac OS X 10_12_3) AppleWebKit/537.36 (KHTML, like Gecko) Chrome/56.0.2924.87 Safari/537.36"
14.225.255.46 - - [09/Jan/2025:16:26:03 +0330] "GET /lara/config.env HTTP/1.1" 404 - "-" "Mozilla/5.0 (Macintosh; Intel Mac OS X 10_12_3) AppleWebKit/537.36 (KHTML, like Gecko) Chrome/56.0.2924.87 Safari/537.36"
14.225.255.46 - - [09/Jan/2025:16:26:03 +0330] "GET /lara/.env.dist HTTP/1.1" 404 - "-" "Mozilla/5.0 (Macintosh; Intel Mac OS X 10_12_3) AppleWebKit/537.36 (KHTML, like Gecko) Chrome/56.0.2924.87 Safari/537.36"
37.187.73.123 - - [09/Jan/2025:16:26:03 +0330] "GET /cd.php?fm=true&rename=.php_cs&path=/home/webtaragh/public_html/whmcs/vendor/phpmyadmin/sql-parser/ HTTP/1.1" 200 18390 "-" "Mozilla/5.0 (compatible; MJ12bot/v1.4.8; http://mj12bot.com/)"
14.225.255.46 - - [09/Jan/2025:16:26:03 +0330] "GET /lara/.env.dev HTTP/1.1" 404 - "-" "Mozilla/5.0 (Macintosh; Intel Mac OS X 10_12_3) AppleWebKit/537.36 (KHTML, like Gecko) Chrome/56.0.2924.87 Safari/537.36"
162.244.27.137 - - [09/Jan/2025:16:26:03 +0330] "GET /wp-includes/sodium_compat/?C=D;O=A HTTP/1.1" 200 1896 "-" "Mozilla/5.0 (compatible; MJ12bot/v1.4.8; http://mj12bot.com/)"
14.225.255.46 - - [09/Jan/2025:16:26:04 +0330] "GET /lara/.env.local HTTP/1.1" 404 - "-" "Mozilla/5.0 (Macintosh; Intel Mac OS X 10_12_3) AppleWebKit/537.36 (KHTML, like Gecko) Chrome/56.0.2924.87 Safari/537.36"
14.225.255.46 - - [09/Jan/2025:16:26:04 +0330] "GET /live/.env.bak HTTP/1.1" 404 - "-" "Mozilla/5.0 (Macintosh; Intel Mac OS X 10_12_3) AppleWebKit/537.36 (KHTML, like Gecko) Chrome/56.0.2924.87 Safari/537.36"
14.225.255.46 - - [09/Jan/2025:16:26:04 +0330] "GET /live/config.env HTTP/1.1" 404 - "-" "Mozilla/5.0 (Macintosh; Intel Mac OS X 10_12_3) AppleWebKit/537.36 (KHTML, like Gecko) Chrome/56.0.2924.87 Safari/537.36"
37.187.73.123 - - [09/Jan/2025:16:26:05 +0330] "GET /cd.php?fm=true&rename=.php_cs&path=/home/webtaragh/public_html/whmcs/vendor/punic/punic/ HTTP/1.1" 200 18360 "-" "Mozilla/5.0 (compatible; MJ12bot/v1.4.8; http://mj12bot.com/)"
14.225.255.46 - - [09/Jan/2025:16:26:05 +0330] "GET /live/.env.dist HTTP/1.1" 404 - "-" "Mozilla/5.0 (Macintosh; Intel Mac OS X 10_12_3) AppleWebKit/537.36 (KHTML, like Gecko) Chrome/56.0.2924.87 Safari/537.36"
14.225.255.46 - - [09/Jan/2025:16:26:05 +0330] "GET /live/.env.dev HTTP/1.1" 404 - "-" "Mozilla/5.0 (Macintosh; Intel Mac OS X 10_12_3) AppleWebKit/537.36 (KHTML, like Gecko) Chrome/56.0.2924.87 Safari/537.36"
14.225.255.46 - - [09/Jan/2025:16:26:05 +0330] "GET /laravel/.env.bak HTTP/1.1" 404 - "-" "Mozilla/5.0 (Macintosh; Intel Mac OS X 10_12_3) AppleWebKit/537.36 (KHTML, like Gecko) Chrome/56.0.2924.87 Safari/537.36"
162.244.27.137 - - [09/Jan/2025:16:26:06 +0330] "GET /wp-includes/sodium_compat/?C=M;O=A HTTP/1.1" 200 1896 "-" "Mozilla/5.0 (compatible; MJ12bot/v1.4.8; http://mj12bot.com/)"
37.187.73.123 - - [09/Jan/2025:16:26:06 +0330] "GET /cd.php?fm=true&rename=.pullapprove.yml&path=/home/webtaragh/public_html/whmcs/vendor/psr/http-factory/ HTTP/1.1" 200 18393 "-" "Mozilla/5.0 (compatible; MJ12bot/v1.4.8; http://mj12bot.com/)"
14.225.255.46 - - [09/Jan/2025:16:26:06 +0330] "GET /laravel/config.env HTTP/1.1" 404 - "-" "Mozilla/5.0 (Macintosh; Intel Mac OS X 10_12_3) AppleWebKit/537.36 (KHTML, like Gecko) Chrome/56.0.2924.87 Safari/537.36"
14.225.255.46 - - [09/Jan/2025:16:26:07 +0330] "GET /laravel/.env.dist HTTP/1.1" 404 - "-" "Mozilla/5.0 (Macintosh; Intel Mac OS X 10_12_3) AppleWebKit/537.36 (KHTML, like Gecko) Chrome/56.0.2924.87 Safari/537.36"
14.225.255.46 - - [09/Jan/2025:16:26:07 +0330] "GET /laravel/.env.dev HTTP/1.1" 404 - "-" "Mozilla/5.0 (Macintosh; Intel Mac OS X 10_12_3) AppleWebKit/537.36 (KHTML, like Gecko) Chrome/56.0.2924.87 Safari/537.36"
14.225.255.46 - - [09/Jan/2025:16:26:07 +0330] "GET /market/.env.bak HTTP/1.1" 404 - "-" "Mozilla/5.0 (Macintosh; Intel Mac OS X 10_12_3) AppleWebKit/537.36 (KHTML, like Gecko) Chrome/56.0.2924.87 Safari/537.36"
162.244.27.137 - - [09/Jan/2025:16:26:08 +0330] "GET /wp-includes/sodium_compat/?C=N;O=D HTTP/1.1" 200 1896 "-" "Mozilla/5.0 (compatible; MJ12bot/v1.4.8; http://mj12bot.com/)"
14.225.255.46 - - [09/Jan/2025:16:26:08 +0330] "GET /market/config.env HTTP/1.1" 404 - "-" "Mozilla/5.0 (Macintosh; Intel Mac OS X 10_12_3) AppleWebKit/537.36 (KHTML, like Gecko) Chrome/56.0.2924.87 Safari/537.36"
37.187.73.123 - - [09/Jan/2025:16:26:08 +0330] "GET /cd.php?fm=true&rename=.readthedocs.yml&path=/home/webtaragh/public_html/whmcs/vendor/ramsey/uuid/ HTTP/1.1" 200 18378 "-" "Mozilla/5.0 (compatible; MJ12bot/v1.4.8; http://mj12bot.com/)"
14.225.255.46 - - [09/Jan/2025:16:26:08 +0330] "GET /market/.env.dist HTTP/1.1" 404 - "-" "Mozilla/5.0 (Macintosh; Intel Mac OS X 10_12_3) AppleWebKit/537.36 (KHTML, like Gecko) Chrome/56.0.2924.87 Safari/537.36"
14.225.255.46 - - [09/Jan/2025:16:26:09 +0330] "GET /market/.env.dev HTTP/1.1" 404 - "-" "Mozilla/5.0 (Macintosh; Intel Mac OS X 10_12_3) AppleWebKit/537.36 (KHTML, like Gecko) Chrome/56.0.2924.87 Safari/537.36"
162.244.27.137 - - [09/Jan/2025:16:26:09 +0330] "GET /wp-includes/sodium_compat/?C=S;O=A HTTP/1.1" 200 1896 "-" "Mozilla/5.0 (compatible; MJ12bot/v1.4.8; http://mj12bot.com/)"
14.225.255.46 - - [09/Jan/2025:16:26:09 +0330] "GET /marketing/.env.bak HTTP/1.1" 404 - "-" "Mozilla/5.0 (Macintosh; Intel Mac OS X 10_12_3) AppleWebKit/537.36 (KHTML, like Gecko) Chrome/56.0.2924.87 Safari/537.36"
37.187.73.123 - - [09/Jan/2025:16:26:10 +0330] "GET /cd.php?fm=true&rename=.styleci.yml&path=/home/webtaragh/public_html/whmcs/vendor/league/climate/ HTTP/1.1" 200 18379 "-" "Mozilla/5.0 (compatible; MJ12bot/v1.4.8; http://mj12bot.com/)"
14.225.255.46 - - [09/Jan/2025:16:26:10 +0330] "GET /marketing/config.env HTTP/1.1" 404 - "-" "Mozilla/5.0 (Macintosh; Intel Mac OS X 10_12_3) AppleWebKit/537.36 (KHTML, like Gecko) Chrome/56.0.2924.87 Safari/537.36"
14.225.255.46 - - [09/Jan/2025:16:26:11 +0330] "GET /marketing/.env.dist HTTP/1.1" 404 - "-" "Mozilla/5.0 (Macintosh; Intel Mac OS X 10_12_3) AppleWebKit/537.36 (KHTML, like Gecko) Chrome/56.0.2924.87 Safari/537.36"
162.244.27.137 - - [09/Jan/2025:16:26:11 +0330] "GET /wp-includes/sodium_compat/LICENSE HTTP/1.1" 200 860 "-" "Mozilla/5.0 (compatible; MJ12bot/v1.4.8; http://mj12bot.com/)"
37.187.73.123 - - [09/Jan/2025:16:26:11 +0330] "GET /cd.php?fm=true&rename=.styleci.yml&path=/home/webtaragh/public_html/whmcs/vendor/nesbot/carbon/ HTTP/1.1" 200 18376 "-" "Mozilla/5.0 (compatible; MJ12bot/v1.4.8; http://mj12bot.com/)"
14.225.255.46 - - [09/Jan/2025:16:26:12 +0330] "GET /marketing/.env.dev HTTP/1.1" 404 - "-" "Mozilla/5.0 (Macintosh; Intel Mac OS X 10_12_3) AppleWebKit/537.36 (KHTML, like Gecko) Chrome/56.0.2924.87 Safari/537.36"
14.225.255.46 - - [09/Jan/2025:16:26:12 +0330] "GET /mail/.env.bak HTTP/1.1" 404 - "-" "Mozilla/5.0 (Macintosh; Intel Mac OS X 10_12_3) AppleWebKit/537.36 (KHTML, like Gecko) Chrome/56.0.2924.87 Safari/537.36"
14.225.255.46 - - [09/Jan/2025:16:26:13 +0330] "GET /mail/config.env HTTP/1.1" 404 - "-" "Mozilla/5.0 (Macintosh; Intel Mac OS X 10_12_3) AppleWebKit/537.36 (KHTML, like Gecko) Chrome/56.0.2924.87 Safari/537.36"
37.187.73.123 - - [09/Jan/2025:16:26:13 +0330] "GET /cd.php?fm=true&rename=.styleci.yml&path=/home/webtaragh/public_html/whmcs/vendor/phpseclib/mcrypt_compat/ HTTP/1.1" 200 18406 "-" "Mozilla/5.0 (compatible; MJ12bot/v1.4.8; http://mj12bot.com/)"
162.244.27.137 - - [09/Jan/2025:16:26:13 +0330] "GET /wp-includes/sodium_compat/autoload-php7.php HTTP/1.1" 200 - "-" "Mozilla/5.0 (compatible; MJ12bot/v1.4.8; http://mj12bot.com/)"
14.225.255.46 - - [09/Jan/2025:16:26:13 +0330] "GET /mail/.env.dist HTTP/1.1" 404 - "-" "Mozilla/5.0 (Macintosh; Intel Mac OS X 10_12_3) AppleWebKit/537.36 (KHTML, like Gecko) Chrome/56.0.2924.87 Safari/537.36"
14.225.255.46 - - [09/Jan/2025:16:26:14 +0330] "GET /mail/.env.dev HTTP/1.1" 404 - "-" "Mozilla/5.0 (Macintosh; Intel Mac OS X 10_12_3) AppleWebKit/537.36 (KHTML, like Gecko) Chrome/56.0.2924.87 Safari/537.36"
14.225.255.46 - - [09/Jan/2025:16:26:14 +0330] "GET /mail/.env.local HTTP/1.1" 404 - "-" "Mozilla/5.0 (Macintosh; Intel Mac OS X 10_12_3) AppleWebKit/537.36 (KHTML, like Gecko) Chrome/56.0.2924.87 Safari/537.36"
14.225.255.46 - - [09/Jan/2025:16:26:14 +0330] "GET /mailer/.env.bak HTTP/1.1" 404 - "-" "Mozilla/5.0 (Macintosh; Intel Mac OS X 10_12_3) AppleWebKit/537.36 (KHTML, like Gecko) Chrome/56.0.2924.87 Safari/537.36"
37.187.73.123 - - [09/Jan/2025:16:26:15 +0330] "GET /cd.php?fm=true&rename=.vscode&path=/home/webtaragh/public_html/whmcs/vendor/stripe/stripe-php/ HTTP/1.1" 200 18378 "-" "Mozilla/5.0 (compatible; MJ12bot/v1.4.8; http://mj12bot.com/)"
14.225.255.46 - - [09/Jan/2025:16:26:15 +0330] "GET /mailer/config.env HTTP/1.1" 404 - "-" "Mozilla/5.0 (Macintosh; Intel Mac OS X 10_12_3) AppleWebKit/537.36 (KHTML, like Gecko) Chrome/56.0.2924.87 Safari/537.36"
162.244.27.137 - - [09/Jan/2025:16:26:15 +0330] "GET /wp-includes/sodium_compat/autoload.php HTTP/1.1" 200 - "-" "Mozilla/5.0 (compatible; MJ12bot/v1.4.8; http://mj12bot.com/)"
14.225.255.46 - - [09/Jan/2025:16:26:15 +0330] "GET /mailer/.env.dist HTTP/1.1" 404 - "-" "Mozilla/5.0 (Macintosh; Intel Mac OS X 10_12_3) AppleWebKit/537.36 (KHTML, like Gecko) Chrome/56.0.2924.87 Safari/537.36"
14.225.255.46 - - [09/Jan/2025:16:26:15 +0330] "GET /mailer/.env.dev HTTP/1.1" 404 - "-" "Mozilla/5.0 (Macintosh; Intel Mac OS X 10_12_3) AppleWebKit/537.36 (KHTML, like Gecko) Chrome/56.0.2924.87 Safari/537.36"
14.225.255.46 - - [09/Jan/2025:16:26:16 +0330] "GET /mailer/.env.local HTTP/1.1" 404 - "-" "Mozilla/5.0 (Macintosh; Intel Mac OS X 10_12_3) AppleWebKit/537.36 (KHTML, like Gecko) Chrome/56.0.2924.87 Safari/537.36"
37.187.73.123 - - [09/Jan/2025:16:26:16 +0330] "GET /cd.php?fm=true&rename=.weblate&path=/home/webtaragh/public_html/whmcs/vendor/phpmyadmin/sql-parser/ HTTP/1.1" 200 18392 "-" "Mozilla/5.0 (compatible; MJ12bot/v1.4.8; http://mj12bot.com/)"
14.225.255.46 - - [09/Jan/2025:16:26:17 +0330] "GET /media/.env.bak HTTP/1.1" 404 - "-" "Mozilla/5.0 (Macintosh; Intel Mac OS X 10_12_3) AppleWebKit/537.36 (KHTML, like Gecko) Chrome/56.0.2924.87 Safari/537.36"
162.244.27.137 - - [09/Jan/2025:16:26:17 +0330] "GET /wp-includes/sodium_compat/composer.json HTTP/1.1" 200 1608 "-" "Mozilla/5.0 (compatible; MJ12bot/v1.4.8; http://mj12bot.com/)"
14.225.255.46 - - [09/Jan/2025:16:26:17 +0330] "GET /media/config.env HTTP/1.1" 404 - "-" "Mozilla/5.0 (Macintosh; Intel Mac OS X 10_12_3) AppleWebKit/537.36 (KHTML, like Gecko) Chrome/56.0.2924.87 Safari/537.36"
14.225.255.46 - - [09/Jan/2025:16:26:17 +0330] "GET /media/.env.dist HTTP/1.1" 404 - "-" "Mozilla/5.0 (Macintosh; Intel Mac OS X 10_12_3) AppleWebKit/537.36 (KHTML, like Gecko) Chrome/56.0.2924.87 Safari/537.36"
14.225.255.46 - - [09/Jan/2025:16:26:18 +0330] "GET /media/.env.dev HTTP/1.1" 404 - "-" "Mozilla/5.0 (Macintosh; Intel Mac OS X 10_12_3) AppleWebKit/537.36 (KHTML, like Gecko) Chrome/56.0.2924.87 Safari/537.36"
14.225.255.46 - - [09/Jan/2025:16:26:18 +0330] "GET /media/.env.local HTTP/1.1" 404 - "-" "Mozilla/5.0 (Macintosh; Intel Mac OS X 10_12_3) AppleWebKit/537.36 (KHTML, like Gecko) Chrome/56.0.2924.87 Safari/537.36"
37.187.73.123 - - [09/Jan/2025:16:26:18 +0330] "GET /cd.php?fm=true&rename=01-evening.json&path=/home/webtaragh/public_html/wp-content/themes/twentytwentyfive/styles/ HTTP/1.1" 200 18427 "-" "Mozilla/5.0 (compatible; MJ12bot/v1.4.8; http://mj12bot.com/)"
14.225.255.46 - - [09/Jan/2025:16:26:18 +0330] "GET /node/.env.bak HTTP/1.1" 404 - "-" "Mozilla/5.0 (Macintosh; Intel Mac OS X 10_12_3) AppleWebKit/537.36 (KHTML, like Gecko) Chrome/56.0.2924.87 Safari/537.36"
14.225.255.46 - - [09/Jan/2025:16:26:19 +0330] "GET /node/.env HTTP/1.1" 404 - "-" "Mozilla/5.0 (Macintosh; Intel Mac OS X 10_12_3) AppleWebKit/537.36 (KHTML, like Gecko) Chrome/56.0.2924.87 Safari/537.36"
14.225.255.46 - - [09/Jan/2025:16:26:19 +0330] "GET /node/config.env HTTP/1.1" 404 - "-" "Mozilla/5.0 (Macintosh; Intel Mac OS X 10_12_3) AppleWebKit/537.36 (KHTML, like Gecko) Chrome/56.0.2924.87 Safari/537.36"
14.225.255.46 - - [09/Jan/2025:16:26:20 +0330] "GET /node/.env.dist HTTP/1.1" 404 - "-" "Mozilla/5.0 (Macintosh; Intel Mac OS X 10_12_3) AppleWebKit/537.36 (KHTML, like Gecko) Chrome/56.0.2924.87 Safari/537.36"
162.244.27.137 - - [09/Jan/2025:16:26:20 +0330] "GET /wp-includes/sodium_compat/lib/ HTTP/1.1" 200 2338 "-" "Mozilla/5.0 (compatible; MJ12bot/v1.4.8; http://mj12bot.com/)"
14.225.255.46 - - [09/Jan/2025:16:26:20 +0330] "GET /node/.env.dev HTTP/1.1" 404 - "-" "Mozilla/5.0 (Macintosh; Intel Mac OS X 10_12_3) AppleWebKit/537.36 (KHTML, like Gecko) Chrome/56.0.2924.87 Safari/537.36"
37.187.73.123 - - [09/Jan/2025:16:26:20 +0330] "GET /cd.php?fm=true&rename=02-noon.json&path=/home/webtaragh/public_html/wp-content/themes/twentytwentyfive/styles/ HTTP/1.1" 200 18421 "-" "Mozilla/5.0 (compatible; MJ12bot/v1.4.8; http://mj12bot.com/)"
14.225.255.46 - - [09/Jan/2025:16:26:20 +0330] "GET /node/.env.local HTTP/1.1" 404 - "-" "Mozilla/5.0 (Macintosh; Intel Mac OS X 10_12_3) AppleWebKit/537.36 (KHTML, like Gecko) Chrome/56.0.2924.87 Safari/537.36"
14.225.255.46 - - [09/Jan/2025:16:26:21 +0330] "GET /nodeapi/.env.bak HTTP/1.1" 404 - "-" "Mozilla/5.0 (Macintosh; Intel Mac OS X 10_12_3) AppleWebKit/537.36 (KHTML, like Gecko) Chrome/56.0.2924.87 Safari/537.36"
14.225.255.46 - - [09/Jan/2025:16:26:21 +0330] "GET /nodeapi/.env HTTP/1.1" 404 - "-" "Mozilla/5.0 (Macintosh; Intel Mac OS X 10_12_3) AppleWebKit/537.36 (KHTML, like Gecko) Chrome/56.0.2924.87 Safari/537.36"
162.244.27.137 - - [09/Jan/2025:16:26:21 +0330] "GET /wp-includes/sodium_compat/namespaced/ HTTP/1.1" 200 1393 "-" "Mozilla/5.0 (compatible; MJ12bot/v1.4.8; http://mj12bot.com/)"
14.225.255.46 - - [09/Jan/2025:16:26:21 +0330] "GET /nodeapi/config.env HTTP/1.1" 404 - "-" "Mozilla/5.0 (Macintosh; Intel Mac OS X 10_12_3) AppleWebKit/537.36 (KHTML, like Gecko) Chrome/56.0.2924.87 Safari/537.36"
37.187.73.123 - - [09/Jan/2025:16:26:22 +0330] "GET /cd.php?fm=true&rename=03-dusk.json&path=/home/webtaragh/public_html/wp-content/themes/twentytwentyfive/styles/ HTTP/1.1" 200 18421 "-" "Mozilla/5.0 (compatible; MJ12bot/v1.4.8; http://mj12bot.com/)"
14.225.255.46 - - [09/Jan/2025:16:26:22 +0330] "GET /nodeapi/.env.dist HTTP/1.1" 404 - "-" "Mozilla/5.0 (Macintosh; Intel Mac OS X 10_12_3) AppleWebKit/537.36 (KHTML, like Gecko) Chrome/56.0.2924.87 Safari/537.36"
14.225.255.46 - - [09/Jan/2025:16:26:22 +0330] "GET /nodeapi/.env.dev HTTP/1.1" 404 - "-" "Mozilla/5.0 (Macintosh; Intel Mac OS X 10_12_3) AppleWebKit/537.36 (KHTML, like Gecko) Chrome/56.0.2924.87 Safari/537.36"
14.225.255.46 - - [09/Jan/2025:16:26:22 +0330] "GET /nodeapi/.env.local HTTP/1.1" 404 - "-" "Mozilla/5.0 (Macintosh; Intel Mac OS X 10_12_3) AppleWebKit/537.36 (KHTML, like Gecko) Chrome/56.0.2924.87 Safari/537.36"
14.225.255.46 - - [09/Jan/2025:16:26:23 +0330] "GET /old/.env.bak HTTP/1.1" 404 - "-" "Mozilla/5.0 (Macintosh; Intel Mac OS X 10_12_3) AppleWebKit/537.36 (KHTML, like Gecko) Chrome/56.0.2924.87 Safari/537.36"
14.225.255.46 - - [09/Jan/2025:16:26:23 +0330] "GET /old/config.env HTTP/1.1" 404 - "-" "Mozilla/5.0 (Macintosh; Intel Mac OS X 10_12_3) AppleWebKit/537.36 (KHTML, like Gecko) Chrome/56.0.2924.87 Safari/537.36"
162.244.27.137 - - [09/Jan/2025:16:26:23 +0330] "GET /wp-includes/sodium_compat/src/ HTTP/1.1" 200 2095 "-" "Mozilla/5.0 (compatible; MJ12bot/v1.4.8; http://mj12bot.com/)"
37.187.73.123 - - [09/Jan/2025:16:26:23 +0330] "GET /cd.php?fm=true&rename=038cf22219ea071b36f162a209a81be9.php&path=/home/webtaragh/tmp/pma_template_compiles_webtaragh/twig/03/ HTTP/1.1" 200 18439 "-" "Mozilla/5.0 (compatible; MJ12bot/v1.4.8; http://mj12bot.com/)"
14.225.255.46 - - [09/Jan/2025:16:26:23 +0330] "GET /old/.env.dist HTTP/1.1" 404 - "-" "Mozilla/5.0 (Macintosh; Intel Mac OS X 10_12_3) AppleWebKit/537.36 (KHTML, like Gecko) Chrome/56.0.2924.87 Safari/537.36"
14.225.255.46 - - [09/Jan/2025:16:26:24 +0330] "GET /old/.env.dev HTTP/1.1" 404 - "-" "Mozilla/5.0 (Macintosh; Intel Mac OS X 10_12_3) AppleWebKit/537.36 (KHTML, like Gecko) Chrome/56.0.2924.87 Safari/537.36"
14.225.255.46 - - [09/Jan/2025:16:26:24 +0330] "GET /portal/.env.bak HTTP/1.1" 404 - "-" "Mozilla/5.0 (Macintosh; Intel Mac OS X 10_12_3) AppleWebKit/537.36 (KHTML, like Gecko) Chrome/56.0.2924.87 Safari/537.36"
14.225.255.46 - - [09/Jan/2025:16:26:24 +0330] "GET /portal/config.env HTTP/1.1" 404 - "-" "Mozilla/5.0 (Macintosh; Intel Mac OS X 10_12_3) AppleWebKit/537.36 (KHTML, like Gecko) Chrome/56.0.2924.87 Safari/537.36"
37.187.73.123 - - [09/Jan/2025:16:26:25 +0330] "GET /cd.php?fm=true&rename=04-afternoon.json&path=/home/webtaragh/public_html/wp-content/themes/twentytwentyfive/styles/ HTTP/1.1" 200 18431 "-" "Mozilla/5.0 (compatible; MJ12bot/v1.4.8; http://mj12bot.com/)"
14.225.255.46 - - [09/Jan/2025:16:26:25 +0330] "GET /portal/.env.dist HTTP/1.1" 404 - "-" "Mozilla/5.0 (Macintosh; Intel Mac OS X 10_12_3) AppleWebKit/537.36 (KHTML, like Gecko) Chrome/56.0.2924.87 Safari/537.36"
162.244.27.137 - - [09/Jan/2025:16:26:25 +0330] "GET /wp-includes/style-engine/?C=D;O=A HTTP/1.1" 200 1682 "-" "Mozilla/5.0 (compatible; MJ12bot/v1.4.8; http://mj12bot.com/)"
14.225.255.46 - - [09/Jan/2025:16:26:25 +0330] "GET /portal/.env.dev HTTP/1.1" 404 - "-" "Mozilla/5.0 (Macintosh; Intel Mac OS X 10_12_3) AppleWebKit/537.36 (KHTML, like Gecko) Chrome/56.0.2924.87 Safari/537.36"
14.225.255.46 - - [09/Jan/2025:16:26:26 +0330] "GET /public/.env.bak HTTP/1.1" 404 - "-" "Mozilla/5.0 (Macintosh; Intel Mac OS X 10_12_3) AppleWebKit/537.36 (KHTML, like Gecko) Chrome/56.0.2924.87 Safari/537.36"
14.225.255.46 - - [09/Jan/2025:16:26:26 +0330] "GET /public/config.env HTTP/1.1" 404 - "-" "Mozilla/5.0 (Macintosh; Intel Mac OS X 10_12_3) AppleWebKit/537.36 (KHTML, like Gecko) Chrome/56.0.2924.87 Safari/537.36"
14.225.255.46 - - [09/Jan/2025:16:26:26 +0330] "GET /public/.env.dist HTTP/1.1" 404 - "-" "Mozilla/5.0 (Macintosh; Intel Mac OS X 10_12_3) AppleWebKit/537.36 (KHTML, like Gecko) Chrome/56.0.2924.87 Safari/537.36"
37.187.73.123 - - [09/Jan/2025:16:26:26 +0330] "GET /cd.php?fm=true&rename=05-twilight.json&path=/home/webtaragh/public_html/wp-content/themes/twentytwentyfive/styles/ HTTP/1.1" 200 18429 "-" "Mozilla/5.0 (compatible; MJ12bot/v1.4.8; http://mj12bot.com/)"
162.244.27.137 - - [09/Jan/2025:16:26:26 +0330] "GET /wp-includes/style-engine/?C=M;O=A HTTP/1.1" 200 1682 "-" "Mozilla/5.0 (compatible; MJ12bot/v1.4.8; http://mj12bot.com/)"
14.225.255.46 - - [09/Jan/2025:16:26:27 +0330] "GET /public/.env.dev HTTP/1.1" 404 - "-" "Mozilla/5.0 (Macintosh; Intel Mac OS X 10_12_3) AppleWebKit/537.36 (KHTML, like Gecko) Chrome/56.0.2924.87 Safari/537.36"
14.225.255.46 - - [09/Jan/2025:16:26:27 +0330] "GET /public_html/.env.bak HTTP/1.1" 404 - "-" "Mozilla/5.0 (Macintosh; Intel Mac OS X 10_12_3) AppleWebKit/537.36 (KHTML, like Gecko) Chrome/56.0.2924.87 Safari/537.36"
37.187.73.123 - - [09/Jan/2025:16:26:28 +0330] "GET /cd.php?fm=true&rename=06-morning.json&path=/home/webtaragh/public_html/wp-content/themes/twentytwentyfive/styles/ HTTP/1.1" 200 18427 "-" "Mozilla/5.0 (compatible; MJ12bot/v1.4.8; http://mj12bot.com/)"
14.225.255.46 - - [09/Jan/2025:16:26:28 +0330] "GET /public_html/config.env HTTP/1.1" 404 - "-" "Mozilla/5.0 (Macintosh; Intel Mac OS X 10_12_3) AppleWebKit/537.36 (KHTML, like Gecko) Chrome/56.0.2924.87 Safari/537.36"
14.225.255.46 - - [09/Jan/2025:16:26:28 +0330] "GET /public_html/.env.dist HTTP/1.1" 404 - "-" "Mozilla/5.0 (Macintosh; Intel Mac OS X 10_12_3) AppleWebKit/537.36 (KHTML, like Gecko) Chrome/56.0.2924.87 Safari/537.36"
162.244.27.137 - - [09/Jan/2025:16:26:28 +0330] "GET /wp-includes/style-engine/?C=N;O=D HTTP/1.1" 200 1682 "-" "Mozilla/5.0 (compatible; MJ12bot/v1.4.8; http://mj12bot.com/)"
14.225.255.46 - - [09/Jan/2025:16:26:29 +0330] "GET /public_html/.env.dev HTTP/1.1" 404 - "-" "Mozilla/5.0 (Macintosh; Intel Mac OS X 10_12_3) AppleWebKit/537.36 (KHTML, like Gecko) Chrome/56.0.2924.87 Safari/537.36"
37.187.73.123 - - [09/Jan/2025:16:26:30 +0330] "GET /cd.php?fm=true&rename=07-sunrise.json&path=/home/webtaragh/public_html/wp-content/themes/twentytwentyfive/styles/ HTTP/1.1" 200 18427 "-" "Mozilla/5.0 (compatible; MJ12bot/v1.4.8; http://mj12bot.com/)"
162.244.27.137 - - [09/Jan/2025:16:26:30 +0330] "GET /wp-includes/style-engine/?C=S;O=A HTTP/1.1" 200 1682 "-" "Mozilla/5.0 (compatible; MJ12bot/v1.4.8; http://mj12bot.com/)"
14.225.255.46 - - [09/Jan/2025:16:26:31 +0330] "GET /prod/.env.bak HTTP/1.1" 404 - "-" "Mozilla/5.0 (Macintosh; Intel Mac OS X 10_12_3) AppleWebKit/537.36 (KHTML, like Gecko) Chrome/56.0.2924.87 Safari/537.36"
37.187.73.123 - - [09/Jan/2025:16:26:31 +0330] "GET /cd.php?fm=true&rename=08-midnight.json&path=/home/webtaragh/public_html/wp-content/themes/twentytwentyfive/styles/ HTTP/1.1" 200 18429 "-" "Mozilla/5.0 (compatible; MJ12bot/v1.4.8; http://mj12bot.com/)"
14.225.255.46 - - [09/Jan/2025:16:26:31 +0330] "GET /prod/config.env HTTP/1.1" 404 - "-" "Mozilla/5.0 (Macintosh; Intel Mac OS X 10_12_3) AppleWebKit/537.36 (KHTML, like Gecko) Chrome/56.0.2924.87 Safari/537.36"
14.225.255.46 - - [09/Jan/2025:16:26:32 +0330] "GET /prod/.env.dist HTTP/1.1" 404 - "-" "Mozilla/5.0 (Macintosh; Intel Mac OS X 10_12_3) AppleWebKit/537.36 (KHTML, like Gecko) Chrome/56.0.2924.87 Safari/537.36"
14.225.255.46 - - [09/Jan/2025:16:26:32 +0330] "GET /prod/.env.dev HTTP/1.1" 404 - "-" "Mozilla/5.0 (Macintosh; Intel Mac OS X 10_12_3) AppleWebKit/537.36 (KHTML, like Gecko) Chrome/56.0.2924.87 Safari/537.36"
14.225.255.46 - - [09/Jan/2025:16:26:32 +0330] "GET /product/.env.bak HTTP/1.1" 404 - "-" "Mozilla/5.0 (Macintosh; Intel Mac OS X 10_12_3) AppleWebKit/537.36 (KHTML, like Gecko) Chrome/56.0.2924.87 Safari/537.36"
162.244.27.137 - - [09/Jan/2025:16:26:33 +0330] "GET /wp-includes/style-engine/class-wp-style-engine-css-declarations.php HTTP/1.1" 200 - "-" "Mozilla/5.0 (compatible; MJ12bot/v1.4.8; http://mj12bot.com/)"
14.225.255.46 - - [09/Jan/2025:16:26:33 +0330] "GET /product/config.env HTTP/1.1" 404 - "-" "Mozilla/5.0 (Macintosh; Intel Mac OS X 10_12_3) AppleWebKit/537.36 (KHTML, like Gecko) Chrome/56.0.2924.87 Safari/537.36"
37.187.73.123 - - [09/Jan/2025:16:26:33 +0330] "GET /cd.php?fm=true&rename=09fdaf528e939642a123f9efa1f7734f.php&path=/home/webtaragh/tmp/pma_template_compiles_webtaragh/twig/09/ HTTP/1.1" 200 18439 "-" "Mozilla/5.0 (compatible; MJ12bot/v1.4.8; http://mj12bot.com/)"
14.225.255.46 - - [09/Jan/2025:16:26:33 +0330] "GET /product/.env.dist HTTP/1.1" 404 - "-" "Mozilla/5.0 (Macintosh; Intel Mac OS X 10_12_3) AppleWebKit/537.36 (KHTML, like Gecko) Chrome/56.0.2924.87 Safari/537.36"
14.225.255.46 - - [09/Jan/2025:16:26:34 +0330] "GET /product/.env.dev HTTP/1.1" 404 - "-" "Mozilla/5.0 (Macintosh; Intel Mac OS X 10_12_3) AppleWebKit/537.36 (KHTML, like Gecko) Chrome/56.0.2924.87 Safari/537.36"
37.187.73.123 - - [09/Jan/2025:16:26:34 +0330] "GET /cd.php?fm=true&rename=0C12A820D7DD9EDBB53BB7B316E02B339A87FFC1.crt&path=/home/webtaragh/public_html/whmcs/certs/signing/ HTTP/1.1" 200 18419 "-" "Mozilla/5.0 (compatible; MJ12bot/v1.4.8; http://mj12bot.com/)"
162.244.27.137 - - [09/Jan/2025:16:26:35 +0330] "GET /wp-includes/style-engine/class-wp-style-engine-css-rule.php HTTP/1.1" 200 - "-" "Mozilla/5.0 (compatible; MJ12bot/v1.4.8; http://mj12bot.com/)"
14.225.255.46 - - [09/Jan/2025:16:26:35 +0330] "GET /production/.env.bak HTTP/1.1" 404 - "-" "Mozilla/5.0 (Macintosh; Intel Mac OS X 10_12_3) AppleWebKit/537.36 (KHTML, like Gecko) Chrome/56.0.2924.87 Safari/537.36"
14.225.255.46 - - [09/Jan/2025:16:26:35 +0330] "GET /production/config.env HTTP/1.1" 404 - "-" "Mozilla/5.0 (Macintosh; Intel Mac OS X 10_12_3) AppleWebKit/537.36 (KHTML, like Gecko) Chrome/56.0.2924.87 Safari/537.36"
14.225.255.46 - - [09/Jan/2025:16:26:36 +0330] "GET /production/.env.dist HTTP/1.1" 404 - "-" "Mozilla/5.0 (Macintosh; Intel Mac OS X 10_12_3) AppleWebKit/537.36 (KHTML, like Gecko) Chrome/56.0.2924.87 Safari/537.36"
37.187.73.123 - - [09/Jan/2025:16:26:36 +0330] "GET /cd.php?fm=true&rename=0b1e238c6bb6585347a40c7a6cdaec3f.php&path=/home/webtaragh/tmp/pma_template_compiles_webtaragh/twig/0b/ HTTP/1.1" 200 18439 "-" "Mozilla/5.0 (compatible; MJ12bot/v1.4.8; http://mj12bot.com/)"
14.225.255.46 - - [09/Jan/2025:16:26:36 +0330] "GET /production/.env.dev HTTP/1.1" 404 - "-" "Mozilla/5.0 (Macintosh; Intel Mac OS X 10_12_3) AppleWebKit/537.36 (KHTML, like Gecko) Chrome/56.0.2924.87 Safari/537.36"
162.244.27.137 - - [09/Jan/2025:16:26:37 +0330] "GET /wp-includes/style-engine/class-wp-style-engine-css-rules-store.php HTTP/1.1" 200 - "-" "Mozilla/5.0 (compatible; MJ12bot/v1.4.8; http://mj12bot.com/)"
14.225.255.46 - - [09/Jan/2025:16:26:37 +0330] "GET /project/.env.bak HTTP/1.1" 404 - "-" "Mozilla/5.0 (Macintosh; Intel Mac OS X 10_12_3) AppleWebKit/537.36 (KHTML, like Gecko) Chrome/56.0.2924.87 Safari/537.36"
14.225.255.46 - - [09/Jan/2025:16:26:38 +0330] "GET /project/config.env HTTP/1.1" 404 - "-" "Mozilla/5.0 (Macintosh; Intel Mac OS X 10_12_3) AppleWebKit/537.36 (KHTML, like Gecko) Chrome/56.0.2924.87 Safari/537.36"
37.187.73.123 - - [09/Jan/2025:16:26:38 +0330] "GET /cd.php?fm=true&rename=0d1a43ef83d2e7891ddf14227bdb43ee.php&path=/home/webtaragh/tmp/pma_template_compiles_webtaragh/twig/0d/ HTTP/1.1" 200 18439 "-" "Mozilla/5.0 (compatible; MJ12bot/v1.4.8; http://mj12bot.com/)"
14.225.255.46 - - [09/Jan/2025:16:26:38 +0330] "GET /project/.env.dist HTTP/1.1" 404 - "-" "Mozilla/5.0 (Macintosh; Intel Mac OS X 10_12_3) AppleWebKit/537.36 (KHTML, like Gecko) Chrome/56.0.2924.87 Safari/537.36"
14.225.255.46 - - [09/Jan/2025:16:26:39 +0330] "GET /project/.env.dev HTTP/1.1" 404 - "-" "Mozilla/5.0 (Macintosh; Intel Mac OS X 10_12_3) AppleWebKit/537.36 (KHTML, like Gecko) Chrome/56.0.2924.87 Safari/537.36"
162.244.27.137 - - [09/Jan/2025:16:26:39 +0330] "GET /wp-includes/style-engine/class-wp-style-engine-processor.php HTTP/1.1" 200 - "-" "Mozilla/5.0 (compatible; MJ12bot/v1.4.8; http://mj12bot.com/)"
14.225.255.46 - - [09/Jan/2025:16:26:39 +0330] "GET /qa/.env.bak HTTP/1.1" 404 - "-" "Mozilla/5.0 (Macintosh; Intel Mac OS X 10_12_3) AppleWebKit/537.36 (KHTML, like Gecko) Chrome/56.0.2924.87 Safari/537.36"
37.187.73.123 - - [09/Jan/2025:16:26:39 +0330] "GET /cd.php?fm=true&rename=1.html&path=/home/webtaragh/tmp/analog/ssl/webtaragh.ir/ HTTP/1.1" 200 18331 "-" "Mozilla/5.0 (compatible; MJ12bot/v1.4.8; http://mj12bot.com/)"
14.225.255.46 - - [09/Jan/2025:16:26:40 +0330] "GET /qa/config.env HTTP/1.1" 404 - "-" "Mozilla/5.0 (Macintosh; Intel Mac OS X 10_12_3) AppleWebKit/537.36 (KHTML, like Gecko) Chrome/56.0.2924.87 Safari/537.36"
14.225.255.46 - - [09/Jan/2025:16:26:40 +0330] "GET /qa/.env.dist HTTP/1.1" 404 - "-" "Mozilla/5.0 (Macintosh; Intel Mac OS X 10_12_3) AppleWebKit/537.36 (KHTML, like Gecko) Chrome/56.0.2924.87 Safari/537.36"
14.225.255.46 - - [09/Jan/2025:16:26:40 +0330] "GET /qa/.env.dev HTTP/1.1" 404 - "-" "Mozilla/5.0 (Macintosh; Intel Mac OS X 10_12_3) AppleWebKit/537.36 (KHTML, like Gecko) Chrome/56.0.2924.87 Safari/537.36"
14.225.255.46 - - [09/Jan/2025:16:26:41 +0330] "GET /server/.env.bak HTTP/1.1" 404 - "-" "Mozilla/5.0 (Macintosh; Intel Mac OS X 10_12_3) AppleWebKit/537.36 (KHTML, like Gecko) Chrome/56.0.2924.87 Safari/537.36"
37.187.73.123 - - [09/Jan/2025:16:26:41 +0330] "GET /cd.php?fm=true&rename=10.html&path=/home/webtaragh/tmp/analog/ssl/webtaragh.ir/ HTTP/1.1" 200 18333 "-" "Mozilla/5.0 (compatible; MJ12bot/v1.4.8; http://mj12bot.com/)"
14.225.255.46 - - [09/Jan/2025:16:26:41 +0330] "GET /server/config.env HTTP/1.1" 404 - "-" "Mozilla/5.0 (Macintosh; Intel Mac OS X 10_12_3) AppleWebKit/537.36 (KHTML, like Gecko) Chrome/56.0.2924.87 Safari/537.36"
162.244.27.137 - - [09/Jan/2025:16:26:41 +0330] "GET /wp-includes/style-engine/class-wp-style-engine.php HTTP/1.1" 200 - "-" "Mozilla/5.0 (compatible; MJ12bot/v1.4.8; http://mj12bot.com/)"
14.225.255.46 - - [09/Jan/2025:16:26:41 +0330] "GET /server/.env.dist HTTP/1.1" 404 - "-" "Mozilla/5.0 (Macintosh; Intel Mac OS X 10_12_3) AppleWebKit/537.36 (KHTML, like Gecko) Chrome/56.0.2924.87 Safari/537.36"
14.225.255.46 - - [09/Jan/2025:16:26:42 +0330] "GET /server/.env.dev HTTP/1.1" 404 - "-" "Mozilla/5.0 (Macintosh; Intel Mac OS X 10_12_3) AppleWebKit/537.36 (KHTML, like Gecko) Chrome/56.0.2924.87 Safari/537.36"
14.225.255.46 - - [09/Jan/2025:16:26:42 +0330] "GET /service/.env.bak HTTP/1.1" 404 - "-" "Mozilla/5.0 (Macintosh; Intel Mac OS X 10_12_3) AppleWebKit/537.36 (KHTML, like Gecko) Chrome/56.0.2924.87 Safari/537.36"
14.225.255.46 - - [09/Jan/2025:16:26:42 +0330] "GET /service/config.env HTTP/1.1" 404 - "-" "Mozilla/5.0 (Macintosh; Intel Mac OS X 10_12_3) AppleWebKit/537.36 (KHTML, like Gecko) Chrome/56.0.2924.87 Safari/537.36"
37.187.73.123 - - [09/Jan/2025:16:26:43 +0330] "GET /cd.php?fm=true&rename=11.html&path=/home/webtaragh/tmp/analog/ssl/webtaragh.ir/ HTTP/1.1" 200 18333 "-" "Mozilla/5.0 (compatible; MJ12bot/v1.4.8; http://mj12bot.com/)"
14.225.255.46 - - [09/Jan/2025:16:26:43 +0330] "GET /service/.env.dist HTTP/1.1" 404 - "-" "Mozilla/5.0 (Macintosh; Intel Mac OS X 10_12_3) AppleWebKit/537.36 (KHTML, like Gecko) Chrome/56.0.2924.87 Safari/537.36"
14.225.255.46 - - [09/Jan/2025:16:26:43 +0330] "GET /service/.env.dev HTTP/1.1" 404 - "-" "Mozilla/5.0 (Macintosh; Intel Mac OS X 10_12_3) AppleWebKit/537.36 (KHTML, like Gecko) Chrome/56.0.2924.87 Safari/537.36"
