Server IP : 213.176.29.180 / Your IP : 18.117.10.207 Web Server : Apache System : Linux 213.176.29.180.hostiran.name 4.18.0-553.22.1.el8_10.x86_64 #1 SMP Tue Sep 24 05:16:59 EDT 2024 x86_64 User : webtaragh ( 1001) PHP Version : 7.4.33 Disable Function : NONE MySQL : OFF | cURL : ON | WGET : ON | Perl : ON | Python : ON Directory (0750) : /home/webtaragh/public_html/.tmb/../../access-logs/ |
[ Home ] | [ C0mmand ] | [ Upload File ] |
---|
213.176.29.180 - - [22/Jan/2025:09:19:30 +0330] "POST /wp-cron.php?doing_wp_cron=1737524970.5252540111541748046875 HTTP/1.1" 200 20 "-" "WordPress/6.7.1; https://webtaragh.ir"
107.189.12.89 - - [22/Jan/2025:09:19:24 +0330] "GET /wp-login.php HTTP/1.1" 302 336 "-" "Mozilla/5.0 (Windows NT 6.1) AppleWebKit/537.36 (KHTML, like Gecko) Chrome/36.0.1985.125 Safari/537.36"
213.176.29.180 - - [22/Jan/2025:09:20:20 +0330] "POST /wp-cron.php?doing_wp_cron=1737525020.6944251060485839843750 HTTP/1.1" 200 20 "-" "WordPress/6.7.1; https://webtaragh.ir"
107.189.12.89 - - [22/Jan/2025:09:20:16 +0330] "POST /wp-login.php HTTP/1.1" 302 336 "-" "Mozilla/5.0 (Windows NT 6.1) AppleWebKit/537.36 (KHTML, like Gecko) Chrome/36.0.1985.125 Safari/537.36"
213.176.29.180 - - [22/Jan/2025:09:21:00 +0330] "POST /wp-cron.php?doing_wp_cron=1737525060.8101980686187744140625 HTTP/1.1" 200 20 "-" "WordPress/6.7.1; https://webtaragh.ir"
107.189.12.89 - - [22/Jan/2025:09:20:56 +0330] "GET /wp-admin/plugin-install.php?tab=upload HTTP/1.1" 302 336 "-" "Mozilla/5.0 (Windows NT 6.1) AppleWebKit/537.36 (KHTML, like Gecko) Chrome/36.0.1985.125 Safari/537.36"
213.176.29.180 - - [22/Jan/2025:09:21:59 +0330] "POST /wp-cron.php?doing_wp_cron=1737525119.1672790050506591796875 HTTP/1.1" 200 20 "-" "WordPress/6.7.1; https://webtaragh.ir"
107.189.12.89 - - [22/Jan/2025:09:21:54 +0330] "GET /wp-admin/ HTTP/1.1" 302 336 "-" "Mozilla/5.0 (Windows NT 6.1) AppleWebKit/537.36 (KHTML, like Gecko) Chrome/36.0.1985.125 Safari/537.36"
213.176.29.180 - - [22/Jan/2025:09:22:55 +0330] "POST /wp-cron.php?doing_wp_cron=1737525175.5520319938659667968750 HTTP/1.1" 200 20 "-" "WordPress/6.7.1; https://webtaragh.ir"
107.189.12.89 - - [22/Jan/2025:09:22:50 +0330] "POST /wp-admin/update.php?action=upload-plugin HTTP/1.1" 302 336 "-" "Mozilla/5.0 (Windows NT 6.1) AppleWebKit/537.36 (KHTML, like Gecko) Chrome/36.0.1985.125 Safari/537.36"
213.176.29.180 - - [22/Jan/2025:09:23:50 +0330] "POST /wp-cron.php?doing_wp_cron=1737525230.1257059574127197265625 HTTP/1.1" 200 20 "-" "WordPress/6.7.1; https://webtaragh.ir"
107.189.12.89 - - [22/Jan/2025:09:23:45 +0330] "GET /wp-admin/plugins.php?action=activate&plugin=wp-file-manager%2Ffile_folder_manager.php&_wpnonce= HTTP/1.1" 302 336 "-" "Mozilla/5.0 (Windows NT 6.1) AppleWebKit/537.36 (KHTML, like Gecko) Chrome/36.0.1985.125 Safari/537.36"
107.189.12.89 - - [22/Jan/2025:09:24:37 +0330] "GET /wp-content/plugins/wp-file-manager/login_wall.php?login=cmd HTTP/1.1" 404 - "http://www.google.com.hk" "Mozilla/5.0 (Windows NT 6.1; WOW64) AppleWebKit/537.36 (KHTML, like Gecko) Chrome/42.0.2311.90 Safari/537.36"
107.189.12.89 - - [22/Jan/2025:09:24:47 +0330] "GET /wp-content/plugins/wp-file-manager/index.php HTTP/1.1" 200 20 "http://www.google.com.hk" "Mozilla/5.0 (Windows NT 6.1; WOW64) AppleWebKit/537.36 (KHTML, like Gecko) Chrome/42.0.2311.90 Safari/537.36"
107.189.12.89 - - [22/Jan/2025:09:24:56 +0330] "GET /wp-content/plugins/wp-file-manager/login_wall.php HTTP/1.1" 404 - "http://www.google.com.hk" "Mozilla/5.0 (Windows NT 6.1; WOW64) AppleWebKit/537.36 (KHTML, like Gecko) Chrome/42.0.2311.90 Safari/537.36"
107.189.12.89 - - [22/Jan/2025:09:25:02 +0330] "GET /wp-content/plugins/wp-file-manager/index.php HTTP/1.1" 200 20 "http://www.google.com.hk" "Mozilla/5.0 (Windows NT 6.1; WOW64) AppleWebKit/537.36 (KHTML, like Gecko) Chrome/42.0.2311.90 Safari/537.36"
107.189.12.89 - - [22/Jan/2025:09:25:12 +0330] "GET /wp-includes/css/css.php HTTP/1.1" 404 - "http://www.google.com.hk" "Mozilla/5.0 (Windows NT 6.1; WOW64) AppleWebKit/537.36 (KHTML, like Gecko) Chrome/42.0.2311.90 Safari/537.36"
183.207.45.104 - - [22/Jan/2025:09:25:12 +0330] "GET / HTTP/1.1" 200 653485 "-" "Mozilla/5.0 (Windows NT 10.0; Win64; x64) AppleWebKit/537.36 (KHTML, like Gecko) Chrome/107.0.0.0 Safari/537.36"
183.207.45.104 - - [22/Jan/2025:09:25:18 +0330] "GET /64b2518b486bf8e198b9d11db1a15f36%5e652e3de8ff57f412acf7c0a8dadc70dc1a7637b6_0.mailMessage.message.php.tar HTTP/1.1" 200 12288 "-" "Mozilla/5.0 (Windows NT 10.0; Win64; x64) AppleWebKit/537.36 (KHTML, like Gecko) Chrome/107.0.0.0 Safari/537.36"
183.207.45.104 - - [22/Jan/2025:09:25:19 +0330] "GET /61f8568bb42bce7e24cb7f3ed408badd%5e3658c8804036d8e01de31155025e7476dc5a36b3_0.mailMessage.subject.php.tar HTTP/1.1" 200 2560 "-" "Mozilla/5.0 (Windows NT 10.0; Win64; x64) AppleWebKit/537.36 (KHTML, like Gecko) Chrome/107.0.0.0 Safari/537.36"
183.207.45.104 - - [22/Jan/2025:09:25:20 +0330] "GET /61f8568bb42bce7e24cb7f3ed408badd%5e652e3de8ff57f412acf7c0a8dadc70dc1a7637b6_0.mailMessage.message.php.tar HTTP/1.1" 200 7168 "-" "Mozilla/5.0 (Windows NT 10.0; Win64; x64) AppleWebKit/537.36 (KHTML, like Gecko) Chrome/107.0.0.0 Safari/537.36"
107.189.12.89 - - [22/Jan/2025:09:25:21 +0330] "GET /wp-includes/css/wp-config.php HTTP/1.1" 404 - "http://www.google.com.hk" "Mozilla/5.0 (Windows NT 6.1; WOW64) AppleWebKit/537.36 (KHTML, like Gecko) Chrome/42.0.2311.90 Safari/537.36"
183.207.45.104 - - [22/Jan/2025:09:25:21 +0330] "GET /56f72e5563f0ea94c9342813a1748d35a20dbf30_0.file.includes.tpl.php.tar HTTP/1.1" 200 8704 "-" "Mozilla/5.0 (Windows NT 10.0; Win64; x64) AppleWebKit/537.36 (KHTML, like Gecko) Chrome/107.0.0.0 Safari/537.36"
183.207.45.104 - - [22/Jan/2025:09:25:22 +0330] "GET /47a1917e3b6e7ec592d9017a0f6ede47768bdbf0_0.file.flashmessage.tpl.php.tar HTTP/1.1" 200 3072 "-" "Mozilla/5.0 (Windows NT 10.0; Win64; x64) AppleWebKit/537.36 (KHTML, like Gecko) Chrome/107.0.0.0 Safari/537.36"
183.207.45.104 - - [22/Jan/2025:09:25:22 +0330] "GET /44dc1df295fdf84276fc11d305bf791955bf41ff_0.file.homepage.tpl.php.tar HTTP/1.1" 200 6656 "-" "Mozilla/5.0 (Windows NT 10.0; Win64; x64) AppleWebKit/537.36 (KHTML, like Gecko) Chrome/107.0.0.0 Safari/537.36"
183.207.45.104 - - [22/Jan/2025:09:25:23 +0330] "GET /41d5da6e6ad3356a7d7028ab7edcc661924ae3e9_0.file.head.tpl.php.tar HTTP/1.1" 200 6144 "-" "Mozilla/5.0 (Windows NT 10.0; Win64; x64) AppleWebKit/537.36 (KHTML, like Gecko) Chrome/107.0.0.0 Safari/537.36"
183.207.45.104 - - [22/Jan/2025:09:25:24 +0330] "GET /41d5da6e6ad3356a7d7028ab7edcc661924ae3e9_0.file.head.tpl.php.file.head.tpl.php.tar.gz HTTP/1.1" 200 1383 "-" "Mozilla/5.0 (Windows NT 10.0; Win64; x64) AppleWebKit/537.36 (KHTML, like Gecko) Chrome/107.0.0.0 Safari/537.36"
183.207.45.104 - - [22/Jan/2025:09:25:24 +0330] "GET /40d2dd78289b0a1f8f4c43b8b3cca18af5d9048c_0.file.nav.tpl.php.tar HTTP/1.1" 200 45056 "-" "Mozilla/5.0 (Windows NT 10.0; Win64; x64) AppleWebKit/537.36 (KHTML, like Gecko) Chrome/107.0.0.0 Safari/537.36"
183.207.45.104 - - [22/Jan/2025:09:25:25 +0330] "GET /40d2dd78289b0a1f8f4c43b8b3cca18af5d9048c_0.file.nav.tpl.php.file.nav.tpl.php.tar.gz HTTP/1.1" 200 5838 "-" "Mozilla/5.0 (Windows NT 10.0; Win64; x64) AppleWebKit/537.36 (KHTML, like Gecko) Chrome/107.0.0.0 Safari/537.36"
183.207.45.104 - - [22/Jan/2025:09:25:26 +0330] "GET /39ca00999e6df5ad1b2a6347c9eef5ab17fccfa9_0.file.nav.tpl.php.tar HTTP/1.1" 200 45056 "-" "Mozilla/5.0 (Windows NT 10.0; Win64; x64) AppleWebKit/537.36 (KHTML, like Gecko) Chrome/107.0.0.0 Safari/537.36"
183.207.45.104 - - [22/Jan/2025:09:25:26 +0330] "GET /39ca00999e6df5ad1b2a6347c9eef5ab17fccfa9_0.file.nav.tpl.php.file.nav.tpl.php.tar.gz HTTP/1.1" 200 5812 "-" "Mozilla/5.0 (Windows NT 10.0; Win64; x64) AppleWebKit/537.36 (KHTML, like Gecko) Chrome/107.0.0.0 Safari/537.36"
183.207.45.104 - - [22/Jan/2025:09:25:27 +0330] "GET /33d5c3e5d681f34cbbf2513167b6d96d4feedb35_0.file.generate-password.tpl.php.tar HTTP/1.1" 200 6656 "-" "Mozilla/5.0 (Windows NT 10.0; Win64; x64) AppleWebKit/537.36 (KHTML, like Gecko) Chrome/107.0.0.0 Safari/537.36"
183.207.45.104 - - [22/Jan/2025:09:25:28 +0330] "GET /32c930a824e1abb59a6e3862959b2ea4a4198d1a_0.file.sidebar-categories-selector.tpl.php.tar HTTP/1.1" 200 5632 "-" "Mozilla/5.0 (Windows NT 10.0; Win64; x64) AppleWebKit/537.36 (KHTML, like Gecko) Chrome/107.0.0.0 Safari/537.36"
183.207.45.104 - - [22/Jan/2025:09:25:29 +0330] "GET /26f10a760d00e0d51f2924b7f1c10fe737d59b02_0.file.social-accounts.tpl.php.tar HTTP/1.1" 200 3072 "-" "Mozilla/5.0 (Windows NT 10.0; Win64; x64) AppleWebKit/537.36 (KHTML, like Gecko) Chrome/107.0.0.0 Safari/537.36"
183.207.45.104 - - [22/Jan/2025:09:25:30 +0330] "GET /25e49a7399f8396e1d7b9e89d4edb81583f01b9e_0.file.header.tpl.php.tar HTTP/1.1" 200 17920 "-" "Mozilla/5.0 (Windows NT 10.0; Win64; x64) AppleWebKit/537.36 (KHTML, like Gecko) Chrome/107.0.0.0 Safari/537.36"
183.207.45.104 - - [22/Jan/2025:09:25:31 +0330] "GET /25e49a7399f8396e1d7b9e89d4edb81583f01b9e_0.file.header.tpl.php.file.header.tpl.php.tar.gz HTTP/1.1" 200 2982 "-" "Mozilla/5.0 (Windows NT 10.0; Win64; x64) AppleWebKit/537.36 (KHTML, like Gecko) Chrome/107.0.0.0 Safari/537.36"
183.207.45.104 - - [22/Jan/2025:09:25:31 +0330] "GET /20fbd5bac647116cb644b0da0818030287e56337_0.file.homepage.tpl.php.tar HTTP/1.1" 200 9216 "-" "Mozilla/5.0 (Windows NT 10.0; Win64; x64) AppleWebKit/537.36 (KHTML, like Gecko) Chrome/107.0.0.0 Safari/537.36"
183.207.45.104 - - [22/Jan/2025:09:25:32 +0330] "GET /9f69aa5cdae5fc97beca6f5c04fe3845450c1b4a_0.string.php.tar HTTP/1.1" 200 3584 "-" "Mozilla/5.0 (Windows NT 10.0; Win64; x64) AppleWebKit/537.36 (KHTML, like Gecko) Chrome/107.0.0.0 Safari/537.36"
183.207.45.104 - - [22/Jan/2025:09:25:32 +0330] "GET /9f69aa5cdae5fc97beca6f5c04fe3845450c1b4a_0.string.php.string.php.tar.gz HTTP/1.1" 200 757 "-" "Mozilla/5.0 (Windows NT 10.0; Win64; x64) AppleWebKit/537.36 (KHTML, like Gecko) Chrome/107.0.0.0 Safari/537.36"
183.207.45.104 - - [22/Jan/2025:09:25:33 +0330] "GET /9d959e8e65c21b83888c0fb587e308f0c6ae4504_0.file.header.tpl.php.tar HTTP/1.1" 200 6656 "-" "Mozilla/5.0 (Windows NT 10.0; Win64; x64) AppleWebKit/537.36 (KHTML, like Gecko) Chrome/107.0.0.0 Safari/537.36"
183.207.45.104 - - [22/Jan/2025:09:25:34 +0330] "GET /9d959e8e65c21b83888c0fb587e308f0c6ae4504_0.file.header.tpl.php.file.header.tpl.php.tar.gz HTTP/1.1" 200 1588 "-" "Mozilla/5.0 (Windows NT 10.0; Win64; x64) AppleWebKit/537.36 (KHTML, like Gecko) Chrome/107.0.0.0 Safari/537.36"
183.207.45.104 - - [22/Jan/2025:09:25:35 +0330] "GET /9ccc4d817764eba27c8fae7867da0a59af92f4f5_0.string.php.tar HTTP/1.1" 200 10752 "-" "Mozilla/5.0 (Windows NT 10.0; Win64; x64) AppleWebKit/537.36 (KHTML, like Gecko) Chrome/107.0.0.0 Safari/537.36"
183.207.45.104 - - [22/Jan/2025:09:25:35 +0330] "GET /9ccc4d817764eba27c8fae7867da0a59af92f4f5_0.string.php.string.php.tar.gz HTTP/1.1" 200 1774 "-" "Mozilla/5.0 (Windows NT 10.0; Win64; x64) AppleWebKit/537.36 (KHTML, like Gecko) Chrome/107.0.0.0 Safari/537.36"
183.207.45.104 - - [22/Jan/2025:09:25:36 +0330] "GET /9cc48f466aa5dd642c8bf5ca5afb2478f3f2d98e_0.file.login.tpl.php.tar HTTP/1.1" 200 7680 "-" "Mozilla/5.0 (Windows NT 10.0; Win64; x64) AppleWebKit/537.36 (KHTML, like Gecko) Chrome/107.0.0.0 Safari/537.36"
183.207.45.104 - - [22/Jan/2025:09:25:37 +0330] "GET /9cc48f466aa5dd642c8bf5ca5afb2478f3f2d98e_0.file.login.tpl.php.file.login.tpl.php.tar.gz HTTP/1.1" 200 1595 "-" "Mozilla/5.0 (Windows NT 10.0; Win64; x64) AppleWebKit/537.36 (KHTML, like Gecko) Chrome/107.0.0.0 Safari/537.36"
183.207.45.104 - - [22/Jan/2025:09:25:37 +0330] "GET /9c2513ff9867b2c318733023daefe3719350f0b6_0.string.php.tar HTTP/1.1" 200 3584 "-" "Mozilla/5.0 (Windows NT 10.0; Win64; x64) AppleWebKit/537.36 (KHTML, like Gecko) Chrome/107.0.0.0 Safari/537.36"
183.207.45.104 - - [22/Jan/2025:09:25:38 +0330] "GET /9c2513ff9867b2c318733023daefe3719350f0b6_0.string.php.string.php.tar.gz HTTP/1.1" 200 846 "-" "Mozilla/5.0 (Windows NT 10.0; Win64; x64) AppleWebKit/537.36 (KHTML, like Gecko) Chrome/107.0.0.0 Safari/537.36"
183.207.45.104 - - [22/Jan/2025:09:25:39 +0330] "GET /9bab6cc8e343f4ff0e7549ff7e38b801e4ef724c_0.string.php.tar HTTP/1.1" 200 6656 "-" "Mozilla/5.0 (Windows NT 10.0; Win64; x64) AppleWebKit/537.36 (KHTML, like Gecko) Chrome/107.0.0.0 Safari/537.36"
183.207.45.104 - - [22/Jan/2025:09:25:39 +0330] "GET /9bab6cc8e343f4ff0e7549ff7e38b801e4ef724c_0.string.php.string.php.tar.gz HTTP/1.1" 200 1173 "-" "Mozilla/5.0 (Windows NT 10.0; Win64; x64) AppleWebKit/537.36 (KHTML, like Gecko) Chrome/107.0.0.0 Safari/537.36"
213.176.29.180 - - [22/Jan/2025:09:25:40 +0330] "POST /wp-cron.php?doing_wp_cron=1737525340.1630690097808837890625 HTTP/1.1" 200 20 "-" "WordPress/6.7.1; https://webtaragh.ir"
107.189.12.89 - - [22/Jan/2025:09:25:36 +0330] "GET /wp-login.php HTTP/1.1" 302 336 "-" "Mozilla/5.0 (Windows NT 6.1; WOW64; rv:29.0) Gecko/20100101 Firefox/29.0"
183.207.45.104 - - [22/Jan/2025:09:25:40 +0330] "GET /9aeaf407e9674496101f42e5ecdeaf6e1fa18258_0.file.sidebar.tpl.php.tar HTTP/1.1" 200 49152 "-" "Mozilla/5.0 (Windows NT 10.0; Win64; x64) AppleWebKit/537.36 (KHTML, like Gecko) Chrome/107.0.0.0 Safari/537.36"
183.207.45.104 - - [22/Jan/2025:09:25:41 +0330] "GET /9aeaf407e9674496101f42e5ecdeaf6e1fa18258_0.file.sidebar.tpl.php.file.sidebar.tpl.php.tar.gz HTTP/1.1" 200 6013 "-" "Mozilla/5.0 (Windows NT 10.0; Win64; x64) AppleWebKit/537.36 (KHTML, like Gecko) Chrome/107.0.0.0 Safari/537.36"
183.207.45.104 - - [22/Jan/2025:09:25:42 +0330] "GET /8cfe60f65e03505f70da24e0e4172d9691636ba5_0.file.verifyemail.tpl.php.tar HTTP/1.1" 200 4096 "-" "Mozilla/5.0 (Windows NT 10.0; Win64; x64) AppleWebKit/537.36 (KHTML, like Gecko) Chrome/107.0.0.0 Safari/537.36"
183.207.45.104 - - [22/Jan/2025:09:25:42 +0330] "GET /8a84d07dfab888da08984457738d623900c6cbb9_0.file.homepage.tpl.php.tar HTTP/1.1" 200 11776 "-" "Mozilla/5.0 (Windows NT 10.0; Win64; x64) AppleWebKit/537.36 (KHTML, like Gecko) Chrome/107.0.0.0 Safari/537.36"
183.207.45.104 - - [22/Jan/2025:09:25:43 +0330] "GET /7c6a96cddbba0862abf3e9ed85e6926522a6894a_0.file.network-issues-notifications.tpl.php.tar HTTP/1.1" 200 4096 "-" "Mozilla/5.0 (Windows NT 10.0; Win64; x64) AppleWebKit/537.36 (KHTML, like Gecko) Chrome/107.0.0.0 Safari/537.36"
183.207.45.104 - - [22/Jan/2025:09:25:44 +0330] "GET /7b48d96a541dfa068946224ec47ebce0d2bbbaeb_0.file.recommendations-modal.tpl.php.tar HTTP/1.1" 200 6656 "-" "Mozilla/5.0 (Windows NT 10.0; Win64; x64) AppleWebKit/537.36 (KHTML, like Gecko) Chrome/107.0.0.0 Safari/537.36"
183.207.45.104 - - [22/Jan/2025:09:25:45 +0330] "GET /7ad238df1339ef685ca3ad825a6607b510a91b4d_0.file.head.tpl.php.tar HTTP/1.1" 200 6144 "-" "Mozilla/5.0 (Windows NT 10.0; Win64; x64) AppleWebKit/537.36 (KHTML, like Gecko) Chrome/107.0.0.0 Safari/537.36"
183.207.45.104 - - [22/Jan/2025:09:25:46 +0330] "GET /7ad238df1339ef685ca3ad825a6607b510a91b4d_0.file.head.tpl.php.file.head.tpl.php.tar.gz HTTP/1.1" 200 1381 "-" "Mozilla/5.0 (Windows NT 10.0; Win64; x64) AppleWebKit/537.36 (KHTML, like Gecko) Chrome/107.0.0.0 Safari/537.36"
183.207.45.104 - - [22/Jan/2025:09:25:46 +0330] "GET /7a75bed4d225bf84d3c12731fe7a8f2c09c71a93_0.file.clientareahome.tpl.php.tar HTTP/1.1" 200 17408 "-" "Mozilla/5.0 (Windows NT 10.0; Win64; x64) AppleWebKit/537.36 (KHTML, like Gecko) Chrome/107.0.0.0 Safari/537.36"
183.207.45.104 - - [22/Jan/2025:09:25:47 +0330] "GET /6a96059a4d1ca4557a6079c90bdfcec91c35c5b8_0.file.sidebar-categories-selector.tpl.php.tar HTTP/1.1" 200 5632 "-" "Mozilla/5.0 (Windows NT 10.0; Win64; x64) AppleWebKit/537.36 (KHTML, like Gecko) Chrome/107.0.0.0 Safari/537.36"
183.207.45.104 - - [22/Jan/2025:09:25:48 +0330] "GET /5e1933f325857f2ea56f9ae8c9c4aa097c0e984f_0.file.client-paymethods-rows.tpl.php.tar HTTP/1.1" 200 4608 "-" "Mozilla/5.0 (Windows NT 10.0; Win64; x64) AppleWebKit/537.36 (KHTML, like Gecko) Chrome/107.0.0.0 Safari/537.36"
183.207.45.104 - - [22/Jan/2025:09:25:49 +0330] "GET /5e69f6b19832f1cc1997ff5ca26df46d835faddd_0.file.generate-password.tpl.php.tar HTTP/1.1" 200 6656 "-" "Mozilla/5.0 (Windows NT 10.0; Win64; x64) AppleWebKit/537.36 (KHTML, like Gecko) Chrome/107.0.0.0 Safari/537.36"
183.207.45.104 - - [22/Jan/2025:09:25:49 +0330] "GET /5c844c18a6b17bf816cae3a80f67a3435e8c3193_0.file.footer.tpl.php.tar HTTP/1.1" 200 14848 "-" "Mozilla/5.0 (Windows NT 10.0; Win64; x64) AppleWebKit/537.36 (KHTML, like Gecko) Chrome/107.0.0.0 Safari/537.36"
183.207.45.104 - - [22/Jan/2025:09:25:50 +0330] "GET /5c844c18a6b17bf816cae3a80f67a3435e8c3193_0.file.footer.tpl.php.file.footer.tpl.php.tar.gz HTTP/1.1" 200 2513 "-" "Mozilla/5.0 (Windows NT 10.0; Win64; x64) AppleWebKit/537.36 (KHTML, like Gecko) Chrome/107.0.0.0 Safari/537.36"
183.207.45.104 - - [22/Jan/2025:09:25:51 +0330] "GET /5c8b581af851641cf8e29bbf90b61a279795232f_0.string.php.tar HTTP/1.1" 200 6656 "-" "Mozilla/5.0 (Windows NT 10.0; Win64; x64) AppleWebKit/537.36 (KHTML, like Gecko) Chrome/107.0.0.0 Safari/537.36"
183.207.45.104 - - [22/Jan/2025:09:25:52 +0330] "GET /5c8b581af851641cf8e29bbf90b61a279795232f_0.string.php.string.php.tar.gz HTTP/1.1" 200 1174 "-" "Mozilla/5.0 (Windows NT 10.0; Win64; x64) AppleWebKit/537.36 (KHTML, like Gecko) Chrome/107.0.0.0 Safari/537.36"
183.207.45.104 - - [22/Jan/2025:09:25:52 +0330] "GET /5beccc01c88c57eda61ca805af5f8e120a82ecd9_0.file.whatsnew_modal.tpl.php.tar HTTP/1.1" 200 6656 "-" "Mozilla/5.0 (Windows NT 10.0; Win64; x64) AppleWebKit/537.36 (KHTML, like Gecko) Chrome/107.0.0.0 Safari/537.36"
183.207.45.104 - - [22/Jan/2025:09:25:53 +0330] "GET /5b3f50834a2727c3913a083d8ee04754f5609496_0.file.sidebar.tpl.php.tar HTTP/1.1" 200 11776 "-" "Mozilla/5.0 (Windows NT 10.0; Win64; x64) AppleWebKit/537.36 (KHTML, like Gecko) Chrome/107.0.0.0 Safari/537.36"
183.207.45.104 - - [22/Jan/2025:09:25:54 +0330] "GET /5b3f50834a2727c3913a083d8ee04754f5609496_0.file.sidebar.tpl.php.file.sidebar.tpl.php.tar.gz HTTP/1.1" 200 1753 "-" "Mozilla/5.0 (Windows NT 10.0; Win64; x64) AppleWebKit/537.36 (KHTML, like Gecko) Chrome/107.0.0.0 Safari/537.36"
183.207.45.104 - - [22/Jan/2025:09:25:54 +0330] "GET /4eeac2dd88b4c55dd8731be55eec53a910222d2f_0.file.head.tpl.php.tar HTTP/1.1" 200 6144 "-" "Mozilla/5.0 (Windows NT 10.0; Win64; x64) AppleWebKit/537.36 (KHTML, like Gecko) Chrome/107.0.0.0 Safari/537.36"
183.207.45.104 - - [22/Jan/2025:09:25:55 +0330] "GET /4eeac2dd88b4c55dd8731be55eec53a910222d2f_0.file.head.tpl.php.file.head.tpl.php.tar.gz HTTP/1.1" 200 1569 "-" "Mozilla/5.0 (Windows NT 10.0; Win64; x64) AppleWebKit/537.36 (KHTML, like Gecko) Chrome/107.0.0.0 Safari/537.36"
183.207.45.104 - - [22/Jan/2025:09:25:56 +0330] "GET /4d84f02b7e721d050e2f1b2862ac9ee815d9a669_0.file.sidebar-categories.tpl.php.tar HTTP/1.1" 200 9216 "-" "Mozilla/5.0 (Windows NT 10.0; Win64; x64) AppleWebKit/537.36 (KHTML, like Gecko) Chrome/107.0.0.0 Safari/537.36"
183.207.45.104 - - [22/Jan/2025:09:25:56 +0330] "GET /4d53b50a28faf47d48cfb78d11068a23%5e3658c8804036d8e01de31155025e7476dc5a36b3_0.mailMessage.subject.php.tar HTTP/1.1" 200 2560 "-" "Mozilla/5.0 (Windows NT 10.0; Win64; x64) AppleWebKit/537.36 (KHTML, like Gecko) Chrome/107.0.0.0 Safari/537.36"
183.207.45.104 - - [22/Jan/2025:09:25:57 +0330] "GET /4d53b50a28faf47d48cfb78d11068a23%5e652e3de8ff57f412acf7c0a8dadc70dc1a7637b6_0.mailMessage.message.php.tar HTTP/1.1" 200 7680 "-" "Mozilla/5.0 (Windows NT 10.0; Win64; x64) AppleWebKit/537.36 (KHTML, like Gecko) Chrome/107.0.0.0 Safari/537.36"
183.207.45.104 - - [22/Jan/2025:09:25:58 +0330] "GET /4d0d2de235c8a46f75d7baef4fc8b934cdef5bc3_0.string.php.tar HTTP/1.1" 200 10752 "-" "Mozilla/5.0 (Windows NT 10.0; Win64; x64) AppleWebKit/537.36 (KHTML, like Gecko) Chrome/107.0.0.0 Safari/537.36"
183.207.45.104 - - [22/Jan/2025:09:25:58 +0330] "GET /4d0d2de235c8a46f75d7baef4fc8b934cdef5bc3_0.string.php.string.php.tar.gz HTTP/1.1" 200 2006 "-" "Mozilla/5.0 (Windows NT 10.0; Win64; x64) AppleWebKit/537.36 (KHTML, like Gecko) Chrome/107.0.0.0 Safari/537.36"
183.207.45.104 - - [22/Jan/2025:09:25:59 +0330] "GET /3ea7f608af61ba5cfe90f20e164cc6c98be9799a_0.file.header.tpl.php.tar HTTP/1.1" 200 6656 "-" "Mozilla/5.0 (Windows NT 10.0; Win64; x64) AppleWebKit/537.36 (KHTML, like Gecko) Chrome/107.0.0.0 Safari/537.36"
183.207.45.104 - - [22/Jan/2025:09:26:00 +0330] "GET /3ea7f608af61ba5cfe90f20e164cc6c98be9799a_0.file.header.tpl.php.file.header.tpl.php.tar.gz HTTP/1.1" 200 1610 "-" "Mozilla/5.0 (Windows NT 10.0; Win64; x64) AppleWebKit/537.36 (KHTML, like Gecko) Chrome/107.0.0.0 Safari/537.36"
183.207.45.104 - - [22/Jan/2025:09:26:01 +0330] "GET /3e0d6ae90225aadd9bb093be5a26e58037ac4ac6_0.string.php.tar HTTP/1.1" 200 6656 "-" "Mozilla/5.0 (Windows NT 10.0; Win64; x64) AppleWebKit/537.36 (KHTML, like Gecko) Chrome/107.0.0.0 Safari/537.36"
183.207.45.104 - - [22/Jan/2025:09:26:01 +0330] "GET /3e0d6ae90225aadd9bb093be5a26e58037ac4ac6_0.string.php.string.php.tar.gz HTTP/1.1" 200 1221 "-" "Mozilla/5.0 (Windows NT 10.0; Win64; x64) AppleWebKit/537.36 (KHTML, like Gecko) Chrome/107.0.0.0 Safari/537.36"
183.207.45.104 - - [22/Jan/2025:09:26:02 +0330] "GET /3dfb047efa389e027878fdab431ac778%5e3658c8804036d8e01de31155025e7476dc5a36b3_0.mailMessage.subject.php.tar HTTP/1.1" 200 2560 "-" "Mozilla/5.0 (Windows NT 10.0; Win64; x64) AppleWebKit/537.36 (KHTML, like Gecko) Chrome/107.0.0.0 Safari/537.36"
183.207.45.104 - - [22/Jan/2025:09:26:03 +0330] "GET /3dfb047efa389e027878fdab431ac778%5e652e3de8ff57f412acf7c0a8dadc70dc1a7637b6_0.mailMessage.message.php.tar HTTP/1.1" 200 7680 "-" "Mozilla/5.0 (Windows NT 10.0; Win64; x64) AppleWebKit/537.36 (KHTML, like Gecko) Chrome/107.0.0.0 Safari/537.36"
183.207.45.104 - - [22/Jan/2025:09:26:04 +0330] "GET /3dbe80f8ab3f1fc8ae44f7dbc63a385c5f8ed510_0.file.clientssummary.tpl.php.tar HTTP/1.1" 200 69632 "-" "Mozilla/5.0 (Windows NT 10.0; Win64; x64) AppleWebKit/537.36 (KHTML, like Gecko) Chrome/107.0.0.0 Safari/537.36"
183.207.45.104 - - [22/Jan/2025:09:26:04 +0330] "GET /3d088d74071e5d75ed05787dfcba14e8a3f2e0cb_0.file.footer.tpl.php.tar HTTP/1.1" 200 4096 "-" "Mozilla/5.0 (Windows NT 10.0; Win64; x64) AppleWebKit/537.36 (KHTML, like Gecko) Chrome/107.0.0.0 Safari/537.36"
213.176.29.180 - - [22/Jan/2025:09:26:04 +0330] "POST /wp-cron.php?doing_wp_cron=1737525364.7926299571990966796875 HTTP/1.1" 200 20 "-" "WordPress/6.7.1; https://webtaragh.ir"
107.189.12.89 - - [22/Jan/2025:09:26:01 +0330] "POST /wp-login.php HTTP/1.1" 302 336 "-" "Mozilla/5.0 (Windows NT 6.1; WOW64; rv:29.0) Gecko/20100101 Firefox/29.0"
183.207.45.104 - - [22/Jan/2025:09:26:05 +0330] "GET /3d088d74071e5d75ed05787dfcba14e8a3f2e0cb_0.file.footer.tpl.php.file.footer.tpl.php.tar.gz HTTP/1.1" 200 933 "-" "Mozilla/5.0 (Windows NT 10.0; Win64; x64) AppleWebKit/537.36 (KHTML, like Gecko) Chrome/107.0.0.0 Safari/537.36"
183.207.45.104 - - [22/Jan/2025:09:26:06 +0330] "GET /3c640fffd6731e7175d9aece4eab4d13c9400e90_0.file.sidebar-categories-collapsed.tpl.php.tar HTTP/1.1" 200 5120 "-" "Mozilla/5.0 (Windows NT 10.0; Win64; x64) AppleWebKit/537.36 (KHTML, like Gecko) Chrome/107.0.0.0 Safari/537.36"
183.207.45.104 - - [22/Jan/2025:09:26:06 +0330] "GET /3b12badd83f2a41166aac9311d4b3762410c728b_0.string.php.tar HTTP/1.1" 200 14848 "-" "Mozilla/5.0 (Windows NT 10.0; Win64; x64) AppleWebKit/537.36 (KHTML, like Gecko) Chrome/107.0.0.0 Safari/537.36"
183.207.45.104 - - [22/Jan/2025:09:26:07 +0330] "GET /3b12badd83f2a41166aac9311d4b3762410c728b_0.string.php.string.php.tar.gz HTTP/1.1" 200 2252 "-" "Mozilla/5.0 (Windows NT 10.0; Win64; x64) AppleWebKit/537.36 (KHTML, like Gecko) Chrome/107.0.0.0 Safari/537.36"
183.207.45.104 - - [22/Jan/2025:09:26:08 +0330] "GET /3b6ffafc0a973ccd7cad192bc0430d366c1196d1_0.file.sidebar-categories.tpl.php.tar HTTP/1.1" 200 9216 "-" "Mozilla/5.0 (Windows NT 10.0; Win64; x64) AppleWebKit/537.36 (KHTML, like Gecko) Chrome/107.0.0.0 Safari/537.36"
183.207.45.104 - - [22/Jan/2025:09:26:09 +0330] "GET /3b0d23a254f7db57db7a91138fad8269eeeef51e_0.file.validateuser.tpl.php.tar HTTP/1.1" 200 4608 "-" "Mozilla/5.0 (Windows NT 10.0; Win64; x64) AppleWebKit/537.36 (KHTML, like Gecko) Chrome/107.0.0.0 Safari/537.36"
183.207.45.104 - - [22/Jan/2025:09:26:09 +0330] "GET /2fb99d00d281014361f2ab382d5c975ff3a15c09_0.file.includes.tpl.php.tar HTTP/1.1" 200 8704 "-" "Mozilla/5.0 (Windows NT 10.0; Win64; x64) AppleWebKit/537.36 (KHTML, like Gecko) Chrome/107.0.0.0 Safari/537.36"
183.207.45.104 - - [22/Jan/2025:09:26:10 +0330] "GET /2e87a07e8edc3d0d8473928dd64b5d5476da6ae7_0.file.verifyemail.tpl.php.tar HTTP/1.1" 200 4608 "-" "Mozilla/5.0 (Windows NT 10.0; Win64; x64) AppleWebKit/537.36 (KHTML, like Gecko) Chrome/107.0.0.0 Safari/537.36"
183.207.45.104 - - [22/Jan/2025:09:26:10 +0330] "GET /2e4ec2efa6ad72ab40b9a5b6a1f5e136b2da75c3_0.file.alert.tpl.php.tar HTTP/1.1" 200 3584 "-" "Mozilla/5.0 (Windows NT 10.0; Win64; x64) AppleWebKit/537.36 (KHTML, like Gecko) Chrome/107.0.0.0 Safari/537.36"
183.207.45.104 - - [22/Jan/2025:09:26:11 +0330] "GET /2e4ec2efa6ad72ab40b9a5b6a1f5e136b2da75c3_0.file.alert.tpl.php.file.alert.tpl.php.tar.gz HTTP/1.1" 200 838 "-" "Mozilla/5.0 (Windows NT 10.0; Win64; x64) AppleWebKit/537.36 (KHTML, like Gecko) Chrome/107.0.0.0 Safari/537.36"
183.207.45.104 - - [22/Jan/2025:09:26:12 +0330] "GET /2c1674f8f227c746b008fbb7a542f55c78b6d3cf_0.file.breadcrumb.tpl.php.tar HTTP/1.1" 200 3584 "-" "Mozilla/5.0 (Windows NT 10.0; Win64; x64) AppleWebKit/537.36 (KHTML, like Gecko) Chrome/107.0.0.0 Safari/537.36"
183.207.45.104 - - [22/Jan/2025:09:26:13 +0330] "GET /2a9f17ecddf568ca85b430cb7410f78a9ab5ca80_0.file.login.tpl.php.tar HTTP/1.1" 200 7680 "-" "Mozilla/5.0 (Windows NT 10.0; Win64; x64) AppleWebKit/537.36 (KHTML, like Gecko) Chrome/107.0.0.0 Safari/537.36"
183.207.45.104 - - [22/Jan/2025:09:26:14 +0330] "GET /2a9f17ecddf568ca85b430cb7410f78a9ab5ca80_0.file.login.tpl.php.file.login.tpl.php.tar.gz HTTP/1.1" 200 1585 "-" "Mozilla/5.0 (Windows NT 10.0; Win64; x64) AppleWebKit/537.36 (KHTML, like Gecko) Chrome/107.0.0.0 Safari/537.36"
183.207.45.104 - - [22/Jan/2025:09:26:15 +0330] "GET /1edc4d4aaf8bf825dda7cdbfb1fcf172bfd3b4da_0.file.footer.tpl.php.tar HTTP/1.1" 200 5632 "-" "Mozilla/5.0 (Windows NT 10.0; Win64; x64) AppleWebKit/537.36 (KHTML, like Gecko) Chrome/107.0.0.0 Safari/537.36"
183.207.45.104 - - [22/Jan/2025:09:26:16 +0330] "GET /1edc4d4aaf8bf825dda7cdbfb1fcf172bfd3b4da_0.file.footer.tpl.php.file.footer.tpl.php.tar.gz HTTP/1.1" 200 1392 "-" "Mozilla/5.0 (Windows NT 10.0; Win64; x64) AppleWebKit/537.36 (KHTML, like Gecko) Chrome/107.0.0.0 Safari/537.36"
183.207.45.104 - - [22/Jan/2025:09:26:16 +0330] "GET /1c07808cf6c7e21a7d22cf7b4a946a2fa7f13aea_0.file.head.tpl.php.tar HTTP/1.1" 200 6144 "-" "Mozilla/5.0 (Windows NT 10.0; Win64; x64) AppleWebKit/537.36 (KHTML, like Gecko) Chrome/107.0.0.0 Safari/537.36"
183.207.45.104 - - [22/Jan/2025:09:26:17 +0330] "GET /1c07808cf6c7e21a7d22cf7b4a946a2fa7f13aea_0.file.head.tpl.php.file.head.tpl.php.tar.gz HTTP/1.1" 200 1401 "-" "Mozilla/5.0 (Windows NT 10.0; Win64; x64) AppleWebKit/537.36 (KHTML, like Gecko) Chrome/107.0.0.0 Safari/537.36"
183.207.45.104 - - [22/Jan/2025:09:26:18 +0330] "GET /1b2749a50bf9099e7781e7f861c7ef42c619c19b_0.file.homepage.tpl.php.tar HTTP/1.1" 200 9216 "-" "Mozilla/5.0 (Windows NT 10.0; Win64; x64) AppleWebKit/537.36 (KHTML, like Gecko) Chrome/107.0.0.0 Safari/537.36"
183.207.45.104 - - [22/Jan/2025:09:26:18 +0330] "GET /092265fe1c5ee811d6b188ca83a7525efe33dce9_0.file.flashmessage.tpl.php.tar HTTP/1.1" 200 3072 "-" "Mozilla/5.0 (Windows NT 10.0; Win64; x64) AppleWebKit/537.36 (KHTML, like Gecko) Chrome/107.0.0.0 Safari/537.36"
183.207.45.104 - - [22/Jan/2025:09:26:19 +0330] "GET /084714ece2a76c4446ff033038b207e561ed9300_0.string.php.tar HTTP/1.1" 200 6656 "-" "Mozilla/5.0 (Windows NT 10.0; Win64; x64) AppleWebKit/537.36 (KHTML, like Gecko) Chrome/107.0.0.0 Safari/537.36"
183.207.45.104 - - [22/Jan/2025:09:26:20 +0330] "GET /084714ece2a76c4446ff033038b207e561ed9300_0.string.php.string.php.tar.gz HTTP/1.1" 200 1101 "-" "Mozilla/5.0 (Windows NT 10.0; Win64; x64) AppleWebKit/537.36 (KHTML, like Gecko) Chrome/107.0.0.0 Safari/537.36"
183.207.45.104 - - [22/Jan/2025:09:26:21 +0330] "GET /057a3fc7dbae32f7a7300a03054f6d5b%5e3658c8804036d8e01de31155025e7476dc5a36b3_0.mailMessage.subject.php.tar HTTP/1.1" 200 2560 "-" "Mozilla/5.0 (Windows NT 10.0; Win64; x64) AppleWebKit/537.36 (KHTML, like Gecko) Chrome/107.0.0.0 Safari/537.36"
183.207.45.104 - - [22/Jan/2025:09:26:21 +0330] "GET /057a3fc7dbae32f7a7300a03054f6d5b%5e652e3de8ff57f412acf7c0a8dadc70dc1a7637b6_0.mailMessage.message.php.tar HTTP/1.1" 200 11264 "-" "Mozilla/5.0 (Windows NT 10.0; Win64; x64) AppleWebKit/537.36 (KHTML, like Gecko) Chrome/107.0.0.0 Safari/537.36"
183.207.45.104 - - [22/Jan/2025:09:26:22 +0330] "GET /0536f8b741ca42f29f57bea8083f464b224402c5_0.string.php.tar HTTP/1.1" 200 10752 "-" "Mozilla/5.0 (Windows NT 10.0; Win64; x64) AppleWebKit/537.36 (KHTML, like Gecko) Chrome/107.0.0.0 Safari/537.36"
183.207.45.104 - - [22/Jan/2025:09:26:23 +0330] "GET /0536f8b741ca42f29f57bea8083f464b224402c5_0.string.php.string.php.tar.gz HTTP/1.1" 200 2009 "-" "Mozilla/5.0 (Windows NT 10.0; Win64; x64) AppleWebKit/537.36 (KHTML, like Gecko) Chrome/107.0.0.0 Safari/537.36"
183.207.45.104 - - [22/Jan/2025:09:26:23 +0330] "GET /04511949cf50140ff79d58b1e3f323d741588a61_0.file.verifyemail.tpl.php.tar HTTP/1.1" 200 4608 "-" "Mozilla/5.0 (Windows NT 10.0; Win64; x64) AppleWebKit/537.36 (KHTML, like Gecko) Chrome/107.0.0.0 Safari/537.36"
183.207.45.104 - - [22/Jan/2025:09:26:24 +0330] "GET /036d7ea7182b19e54fe030ecf95eff52822b5a22_0.file.linkedaccounts.tpl.php.tar HTTP/1.1" 200 12288 "-" "Mozilla/5.0 (Windows NT 10.0; Win64; x64) AppleWebKit/537.36 (KHTML, like Gecko) Chrome/107.0.0.0 Safari/537.36"
183.207.45.104 - - [22/Jan/2025:09:26:25 +0330] "GET /00e7b1f5b1bf1a08519ca970463044844fd85a78_0.string.php.tar HTTP/1.1" 200 6656 "-" "Mozilla/5.0 (Windows NT 10.0; Win64; x64) AppleWebKit/537.36 (KHTML, like Gecko) Chrome/107.0.0.0 Safari/537.36"
183.207.45.104 - - [22/Jan/2025:09:26:25 +0330] "GET /00e7b1f5b1bf1a08519ca970463044844fd85a78_0.string.php.string.php.tar.gz HTTP/1.1" 200 1221 "-" "Mozilla/5.0 (Windows NT 10.0; Win64; x64) AppleWebKit/537.36 (KHTML, like Gecko) Chrome/107.0.0.0 Safari/537.36"
183.207.45.104 - - [22/Jan/2025:09:26:26 +0330] "GET /0_README_BEFORE_DELETING_VIRTFS.tar.gz HTTP/1.1" 200 394 "-" "Mozilla/5.0 (Windows NT 10.0; Win64; x64) AppleWebKit/537.36 (KHTML, like Gecko) Chrome/107.0.0.0 Safari/537.36"
183.207.45.104 - - [22/Jan/2025:09:26:27 +0330] "GET /0_README_BEFORE_DELETING_VIRTFS.tar HTTP/1.1" 200 2560 "-" "Mozilla/5.0 (Windows NT 10.0; Win64; x64) AppleWebKit/537.36 (KHTML, like Gecko) Chrome/107.0.0.0 Safari/537.36"
183.207.45.104 - - [22/Jan/2025:09:26:28 +0330] "GET /?C=D;O=A HTTP/1.1" 200 653485 "-" "Mozilla/5.0 (Windows NT 10.0; Win64; x64) AppleWebKit/537.36 (KHTML, like Gecko) Chrome/107.0.0.0 Safari/537.36"
183.207.45.104 - - [22/Jan/2025:09:26:32 +0330] "GET /?C=S;O=A HTTP/1.1" 200 653485 "-" "Mozilla/5.0 (Windows NT 10.0; Win64; x64) AppleWebKit/537.36 (KHTML, like Gecko) Chrome/107.0.0.0 Safari/537.36"
183.207.45.104 - - [22/Jan/2025:09:26:35 +0330] "GET /?C=M;O=A HTTP/1.1" 200 653485 "-" "Mozilla/5.0 (Windows NT 10.0; Win64; x64) AppleWebKit/537.36 (KHTML, like Gecko) Chrome/107.0.0.0 Safari/537.36"
183.207.45.104 - - [22/Jan/2025:09:26:37 +0330] "GET /?C=N;O=D HTTP/1.1" 200 653485 "-" "Mozilla/5.0 (Windows NT 10.0; Win64; x64) AppleWebKit/537.36 (KHTML, like Gecko) Chrome/107.0.0.0 Safari/537.36"
213.176.29.180 - - [22/Jan/2025:09:26:51 +0330] "POST /wp-cron.php?doing_wp_cron=1737525411.1055300235748291015625 HTTP/1.1" 200 20 "-" "WordPress/6.7.1; https://webtaragh.ir"
107.189.12.89 - - [22/Jan/2025:09:26:48 +0330] "GET /wp-admin/plugin-install.php?tab=upload HTTP/1.1" 302 336 "-" "Mozilla/5.0 (Windows NT 6.1; WOW64; rv:29.0) Gecko/20100101 Firefox/29.0"
46.228.199.158 - - [22/Jan/2025:09:28:15 +0330] "GET / HTTP/1.1" 200 653485 "-" "Mozilla/5.0 (Windows NT 10.0; Win64; x64) AppleWebKit/537.36 (KHTML, like Gecko) Chrome/91.0.4472.114 Safari/537.36 Edg/91.0.864.54"
213.176.29.180 - - [22/Jan/2025:09:28:47 +0330] "POST /wp-cron.php?doing_wp_cron=1737525527.4803481101989746093750 HTTP/1.1" 200 20 "-" "WordPress/6.7.1; https://webtaragh.ir"
107.189.12.89 - - [22/Jan/2025:09:28:42 +0330] "GET /wp-login.php HTTP/1.1" 302 336 "-" "Mozilla/5.0 (Macintosh; Intel Mac OS X 10_8_5) AppleWebKit/537.77.4 (KHTML, like Gecko) Version/6.1.5 Safari/537.77.4"
213.176.29.180 - - [22/Jan/2025:09:29:29 +0330] "POST /wp-cron.php?doing_wp_cron=1737525569.5674951076507568359375 HTTP/1.1" 200 20 "-" "WordPress/6.7.1; https://webtaragh.ir"
107.189.12.89 - - [22/Jan/2025:09:29:23 +0330] "POST /wp-login.php HTTP/1.1" 302 336 "-" "Mozilla/5.0 (Macintosh; Intel Mac OS X 10_8_5) AppleWebKit/537.77.4 (KHTML, like Gecko) Version/6.1.5 Safari/537.77.4"
213.176.29.180 - - [22/Jan/2025:09:30:00 +0330] "POST /wp-cron.php?doing_wp_cron=1737525600.7501819133758544921875 HTTP/1.1" 200 20 "-" "WordPress/6.7.1; https://webtaragh.ir"
107.189.12.89 - - [22/Jan/2025:09:29:57 +0330] "GET /wp-admin/plugin-install.php?tab=upload HTTP/1.1" 302 336 "-" "Mozilla/5.0 (Macintosh; Intel Mac OS X 10_8_5) AppleWebKit/537.77.4 (KHTML, like Gecko) Version/6.1.5 Safari/537.77.4"
62.60.162.206 - - [22/Jan/2025:09:30:36 +0330] "GET / HTTP/1.1" 200 653485 "-" "Go-http-client/1.1"
213.176.29.180 - - [22/Jan/2025:09:31:31 +0330] "POST /wp-cron.php?doing_wp_cron=1737525691.2367188930511474609375 HTTP/1.1" 200 20 "-" "WordPress/6.7.1; https://webtaragh.ir"
107.189.12.89 - - [22/Jan/2025:09:31:26 +0330] "GET /wp-admin/ HTTP/1.1" 302 336 "-" "Mozilla/5.0 (Macintosh; Intel Mac OS X 10_8_5) AppleWebKit/537.77.4 (KHTML, like Gecko) Version/6.1.5 Safari/537.77.4"
213.176.29.180 - - [22/Jan/2025:09:32:40 +0330] "POST /wp-cron.php?doing_wp_cron=1737525759.9991109371185302734375 HTTP/1.1" 200 20 "-" "WordPress/6.7.1; https://webtaragh.ir"
107.189.12.89 - - [22/Jan/2025:09:32:36 +0330] "GET /wp-login.php HTTP/1.1" 302 336 "-" "Mozilla/5.0 (iPhone; CPU iPhone OS 7_1_2 like Mac OS X) AppleWebKit/537.51.2 (KHTML, like Gecko) Version/7.0 Mobile/11D257 Safari/9537.53"
213.176.29.180 - - [22/Jan/2025:09:33:16 +0330] "POST /wp-cron.php?doing_wp_cron=1737525796.0402359962463378906250 HTTP/1.1" 200 20 "-" "WordPress/6.7.1; https://webtaragh.ir"
107.189.12.89 - - [22/Jan/2025:09:33:12 +0330] "POST /wp-login.php HTTP/1.1" 302 336 "-" "Mozilla/5.0 (iPhone; CPU iPhone OS 7_1_2 like Mac OS X) AppleWebKit/537.51.2 (KHTML, like Gecko) Version/7.0 Mobile/11D257 Safari/9537.53"
213.176.29.180 - - [22/Jan/2025:09:33:50 +0330] "POST /wp-cron.php?doing_wp_cron=1737525830.5096869468688964843750 HTTP/1.1" 200 20 "-" "WordPress/6.7.1; https://webtaragh.ir"
107.189.12.89 - - [22/Jan/2025:09:33:45 +0330] "GET /wp-admin/plugin-install.php?tab=upload HTTP/1.1" 302 336 "-" "Mozilla/5.0 (iPhone; CPU iPhone OS 7_1_2 like Mac OS X) AppleWebKit/537.51.2 (KHTML, like Gecko) Version/7.0 Mobile/11D257 Safari/9537.53"
213.176.29.180 - - [22/Jan/2025:09:34:58 +0330] "POST /wp-cron.php?doing_wp_cron=1737525898.6083579063415527343750 HTTP/1.1" 200 20 "-" "WordPress/6.7.1; https://webtaragh.ir"
107.189.12.89 - - [22/Jan/2025:09:34:54 +0330] "GET /wp-admin/ HTTP/1.1" 302 336 "-" "Mozilla/5.0 (iPhone; CPU iPhone OS 7_1_2 like Mac OS X) AppleWebKit/537.51.2 (KHTML, like Gecko) Version/7.0 Mobile/11D257 Safari/9537.53"
188.165.212.137 - - [22/Jan/2025:09:39:02 +0330] "GET /robots.txt HTTP/1.1" 404 - "-" "Mozilla/5.0 (compatible; MJ12bot/v1.4.8; http://mj12bot.com/)"
188.165.212.137 - - [22/Jan/2025:09:39:17 +0330] "GET /wp_wolx.php HTTP/1.1" 200 118423 "-" "Mozilla/5.0 (compatible; MJ12bot/v1.4.8; http://mj12bot.com/)"
213.176.29.180 - - [22/Jan/2025:09:48:20 +0330] "POST /wp-cron.php?doing_wp_cron=1737526700.1881799697875976562500 HTTP/1.1" 200 20 "-" "WordPress/6.7.1; https://webtaragh.ir"
45.61.187.242 - - [22/Jan/2025:09:48:15 +0330] "GET /wp-login.php HTTP/1.1" 302 336 "-" "Mozilla/5.0 (Windows NT 6.1; WOW64; rv:24.0) Gecko/20100101 Firefox/24.0"
213.176.29.180 - - [22/Jan/2025:09:48:46 +0330] "POST /wp-cron.php?doing_wp_cron=1737526726.7010579109191894531250 HTTP/1.1" 200 20 "-" "WordPress/6.7.1; https://webtaragh.ir"
45.61.187.242 - - [22/Jan/2025:09:48:43 +0330] "POST /wp-login.php HTTP/1.1" 302 336 "-" "Mozilla/5.0 (Windows NT 6.1; WOW64; rv:24.0) Gecko/20100101 Firefox/24.0"
213.176.29.180 - - [22/Jan/2025:09:49:14 +0330] "POST /wp-cron.php?doing_wp_cron=1737526754.5629351139068603515625 HTTP/1.1" 200 20 "-" "WordPress/6.7.1; https://webtaragh.ir"
45.61.187.242 - - [22/Jan/2025:09:49:05 +0330] "GET /wp-admin/plugin-install.php?tab=upload HTTP/1.1" 302 336 "-" "Mozilla/5.0 (Windows NT 6.1; WOW64; rv:24.0) Gecko/20100101 Firefox/24.0"
213.176.29.180 - - [22/Jan/2025:09:49:51 +0330] "POST /wp-cron.php?doing_wp_cron=1737526790.8926200866699218750000 HTTP/1.1" 200 20 "-" "WordPress/6.7.1; https://webtaragh.ir"
45.61.187.242 - - [22/Jan/2025:09:49:47 +0330] "GET /wp-admin/ HTTP/1.1" 302 336 "-" "Mozilla/5.0 (Windows NT 6.1; WOW64; rv:24.0) Gecko/20100101 Firefox/24.0"
213.176.29.180 - - [22/Jan/2025:09:50:55 +0330] "POST /wp-cron.php?doing_wp_cron=1737526854.9275619983673095703125 HTTP/1.1" 200 20 "-" "WordPress/6.7.1; https://webtaragh.ir"
45.61.187.242 - - [22/Jan/2025:09:50:24 +0330] "POST /wp-admin/update.php?action=upload-plugin HTTP/1.1" 302 336 "-" "Mozilla/5.0 (Windows NT 6.1; WOW64; rv:24.0) Gecko/20100101 Firefox/24.0"
213.176.29.180 - - [22/Jan/2025:09:51:27 +0330] "POST /wp-cron.php?doing_wp_cron=1737526887.4178359508514404296875 HTTP/1.1" 200 20 "-" "WordPress/6.7.1; https://webtaragh.ir"
45.61.187.242 - - [22/Jan/2025:09:51:25 +0330] "GET /wp-admin/plugins.php?action=activate&plugin=wp-file-manager%2Ffile_folder_manager.php&_wpnonce= HTTP/1.1" 302 336 "-" "Mozilla/5.0 (Windows NT 6.1; WOW64; rv:24.0) Gecko/20100101 Firefox/24.0"
45.61.187.242 - - [22/Jan/2025:09:51:53 +0330] "GET /wp-content/plugins/wp-file-manager/login_wall.php?login=cmd HTTP/1.1" 404 - "http://www.google.com.hk" "Mozilla/5.0 (Windows NT 6.1; WOW64) AppleWebKit/537.36 (KHTML, like Gecko) Chrome/42.0.2311.90 Safari/537.36"
45.61.187.242 - - [22/Jan/2025:09:52:01 +0330] "GET /wp-content/plugins/wp-file-manager/index.php HTTP/1.1" 200 20 "http://www.google.com.hk" "Mozilla/5.0 (Windows NT 6.1; WOW64) AppleWebKit/537.36 (KHTML, like Gecko) Chrome/42.0.2311.90 Safari/537.36"
45.61.187.242 - - [22/Jan/2025:09:52:07 +0330] "GET /wp-content/plugins/wp-file-manager/login_wall.php HTTP/1.1" 404 - "http://www.google.com.hk" "Mozilla/5.0 (Windows NT 6.1; WOW64) AppleWebKit/537.36 (KHTML, like Gecko) Chrome/42.0.2311.90 Safari/537.36"
45.61.187.242 - - [22/Jan/2025:09:52:12 +0330] "GET /wp-content/plugins/wp-file-manager/index.php HTTP/1.1" 200 20 "http://www.google.com.hk" "Mozilla/5.0 (Windows NT 6.1; WOW64) AppleWebKit/537.36 (KHTML, like Gecko) Chrome/42.0.2311.90 Safari/537.36"
45.61.187.242 - - [22/Jan/2025:09:52:18 +0330] "GET /wp-includes/css/css.php HTTP/1.1" 404 - "http://www.google.com.hk" "Mozilla/5.0 (Windows NT 6.1; WOW64) AppleWebKit/537.36 (KHTML, like Gecko) Chrome/42.0.2311.90 Safari/537.36"
45.61.187.242 - - [22/Jan/2025:09:52:23 +0330] "GET /wp-includes/css/wp-config.php HTTP/1.1" 404 - "http://www.google.com.hk" "Mozilla/5.0 (Windows NT 6.1; WOW64) AppleWebKit/537.36 (KHTML, like Gecko) Chrome/42.0.2311.90 Safari/537.36"
213.176.29.180 - - [22/Jan/2025:09:52:29 +0330] "POST /wp-cron.php?doing_wp_cron=1737526948.9966850280761718750000 HTTP/1.1" 200 20 "-" "WordPress/6.7.1; https://webtaragh.ir"
45.61.187.242 - - [22/Jan/2025:09:52:27 +0330] "GET /wp-login.php HTTP/1.1" 302 336 "-" "Mozilla/5.0 (Macintosh; Intel Mac OS X 10_8_5) AppleWebKit/537.77.4 (KHTML, like Gecko) Version/6.1.5 Safari/537.77.4"
213.176.29.180 - - [22/Jan/2025:09:52:57 +0330] "POST /wp-cron.php?doing_wp_cron=1737526977.0977671146392822265625 HTTP/1.1" 200 20 "-" "WordPress/6.7.1; https://webtaragh.ir"
45.61.187.242 - - [22/Jan/2025:09:52:47 +0330] "POST /wp-login.php HTTP/1.1" 302 336 "-" "Mozilla/5.0 (Macintosh; Intel Mac OS X 10_8_5) AppleWebKit/537.77.4 (KHTML, like Gecko) Version/6.1.5 Safari/537.77.4"
213.176.29.180 - - [22/Jan/2025:09:53:28 +0330] "POST /wp-cron.php?doing_wp_cron=1737527007.9886040687561035156250 HTTP/1.1" 200 20 "-" "WordPress/6.7.1; https://webtaragh.ir"
45.61.187.242 - - [22/Jan/2025:09:53:20 +0330] "GET /wp-admin/plugin-install.php?tab=upload HTTP/1.1" 302 336 "-" "Mozilla/5.0 (Macintosh; Intel Mac OS X 10_8_5) AppleWebKit/537.77.4 (KHTML, like Gecko) Version/6.1.5 Safari/537.77.4"
213.176.29.180 - - [22/Jan/2025:09:53:59 +0330] "POST /wp-cron.php?doing_wp_cron=1737527039.0950810909271240234375 HTTP/1.1" 200 20 "-" "WordPress/6.7.1; https://webtaragh.ir"
45.61.187.242 - - [22/Jan/2025:09:53:53 +0330] "GET /wp-login.php HTTP/1.1" 302 336 "-" "Mozilla/5.0 (compatible; MSIE 10.0; Windows NT 6.1; WOW64; Trident/6.0)"
45.61.187.242 - - [22/Jan/2025:09:54:22 +0330] "POST /wp-login.php HTTP/1.1" 302 336 "-" "Mozilla/5.0 (compatible; MSIE 10.0; Windows NT 6.1; WOW64; Trident/6.0)"
213.176.29.180 - - [22/Jan/2025:09:54:26 +0330] "POST /wp-cron.php?doing_wp_cron=1737527066.6050140857696533203125 HTTP/1.1" 200 20 "-" "WordPress/6.7.1; https://webtaragh.ir"
213.176.29.180 - - [22/Jan/2025:09:54:48 +0330] "POST /wp-cron.php?doing_wp_cron=1737527088.1657419204711914062500 HTTP/1.1" 200 20 "-" "WordPress/6.7.1; https://webtaragh.ir"
45.61.187.242 - - [22/Jan/2025:09:54:42 +0330] "GET /wp-admin/plugin-install.php?tab=upload HTTP/1.1" 302 336 "-" "Mozilla/5.0 (compatible; MSIE 10.0; Windows NT 6.1; WOW64; Trident/6.0)"
213.176.29.180 - - [22/Jan/2025:09:55:28 +0330] "POST /wp-cron.php?doing_wp_cron=1737527128.1536700725555419921875 HTTP/1.1" 200 20 "-" "WordPress/6.7.1; https://webtaragh.ir"
45.61.187.242 - - [22/Jan/2025:09:55:22 +0330] "GET /wp-admin/ HTTP/1.1" 302 336 "-" "Mozilla/5.0 (compatible; MSIE 10.0; Windows NT 6.1; WOW64; Trident/6.0)"
213.176.29.180 - - [22/Jan/2025:09:55:55 +0330] "POST /wp-cron.php?doing_wp_cron=1737527155.3529510498046875000000 HTTP/1.1" 200 20 "-" "WordPress/6.7.1; https://webtaragh.ir"
45.61.187.242 - - [22/Jan/2025:09:55:51 +0330] "GET /wp-login.php HTTP/1.1" 302 336 "-" "Mozilla/5.0 (compatible; MSIE 10.0; Windows NT 6.1; WOW64; Trident/6.0)"
213.176.29.180 - - [22/Jan/2025:09:56:21 +0330] "POST /wp-cron.php?doing_wp_cron=1737527181.2626531124114990234375 HTTP/1.1" 200 20 "-" "WordPress/6.7.1; https://webtaragh.ir"
45.61.187.242 - - [22/Jan/2025:09:56:17 +0330] "POST /wp-login.php HTTP/1.1" 302 336 "-" "Mozilla/5.0 (compatible; MSIE 10.0; Windows NT 6.1; WOW64; Trident/6.0)"
213.176.29.180 - - [22/Jan/2025:09:56:48 +0330] "POST /wp-cron.php?doing_wp_cron=1737527208.7032990455627441406250 HTTP/1.1" 200 20 "-" "WordPress/6.7.1; https://webtaragh.ir"
45.61.187.242 - - [22/Jan/2025:09:56:38 +0330] "GET /wp-admin/plugin-install.php?tab=upload HTTP/1.1" 302 336 "-" "Mozilla/5.0 (compatible; MSIE 10.0; Windows NT 6.1; WOW64; Trident/6.0)"
213.176.29.180 - - [22/Jan/2025:09:57:28 +0330] "POST /wp-cron.php?doing_wp_cron=1737527248.1406259536743164062500 HTTP/1.1" 200 20 "-" "WordPress/6.7.1; https://webtaragh.ir"
45.61.187.242 - - [22/Jan/2025:09:57:21 +0330] "GET /wp-admin/ HTTP/1.1" 302 336 "-" "Mozilla/5.0 (compatible; MSIE 10.0; Windows NT 6.1; WOW64; Trident/6.0)"
62.60.162.206 - - [22/Jan/2025:10:00:34 +0330] "GET / HTTP/1.1" 200 653485 "-" "Go-http-client/1.1"
62.60.162.206 - - [22/Jan/2025:10:30:36 +0330] "GET / HTTP/1.1" 200 653485 "-" "Go-http-client/1.1"
45.156.129.81 - - [22/Jan/2025:10:35:07 +0330] "GET / HTTP/1.1" 200 653485 "-" "Mozilla/5.0 (Windows NT 10.0; WOW64) AppleWebKit/537.36 (KHTML, like Gecko) Chrome/66.0.3359.117 Safari/537.36"
213.176.29.180 - - [22/Jan/2025:10:35:17 +0330] "POST /wp-cron.php?doing_wp_cron=1737529517.7273581027984619140625 HTTP/1.1" 200 20 "-" "WordPress/6.7.1; https://webtaragh.ir"
37.97.228.222 - - [22/Jan/2025:10:35:14 +0330] "GET /wp-login.php HTTP/1.1" 302 356 "-" "GRequests/0.10"
213.176.29.180 - - [22/Jan/2025:12:07:44 +0330] "POST /wp-cron.php?doing_wp_cron=1737535064.8198039531707763671875 HTTP/1.1" 200 20 "-" "WordPress/6.7.1; https://webtaragh.ir"
45.61.187.242 - - [22/Jan/2025:12:07:42 +0330] "GET /wp-login.php HTTP/1.1" 302 - "-" "Mozilla/5.0 (Macintosh; Intel Mac OS X 10_9_0) AppleWebKit/537.36 (KHTML, like Gecko) Chrome/36.0.1985.125 Safari/537.36"
45.61.187.242 - - [22/Jan/2025:12:08:01 +0330] "POST /wp-login.php HTTP/1.1" 302 - "-" "Mozilla/5.0 (Macintosh; Intel Mac OS X 10_9_0) AppleWebKit/537.36 (KHTML, like Gecko) Chrome/36.0.1985.125 Safari/537.36"
45.61.187.242 - - [22/Jan/2025:12:08:15 +0330] "GET /wp-admin/plugin-install.php?tab=upload HTTP/1.1" 302 - "-" "Mozilla/5.0 (Macintosh; Intel Mac OS X 10_9_0) AppleWebKit/537.36 (KHTML, like Gecko) Chrome/36.0.1985.125 Safari/537.36"
45.61.187.242 - - [22/Jan/2025:12:08:36 +0330] "GET /wp-admin/ HTTP/1.1" 302 - "-" "Mozilla/5.0 (Macintosh; Intel Mac OS X 10_9_0) AppleWebKit/537.36 (KHTML, like Gecko) Chrome/36.0.1985.125 Safari/537.36"
45.61.187.242 - - [22/Jan/2025:12:08:58 +0330] "POST /wp-admin/update.php?action=upload-plugin HTTP/1.1" 302 - "-" "Mozilla/5.0 (Macintosh; Intel Mac OS X 10_9_0) AppleWebKit/537.36 (KHTML, like Gecko) Chrome/36.0.1985.125 Safari/537.36"
45.61.187.242 - - [22/Jan/2025:12:09:40 +0330] "GET /wp-admin/plugins.php?action=activate&plugin=wp-file-manager%2Ffile_folder_manager.php&_wpnonce= HTTP/1.1" 302 - "-" "Mozilla/5.0 (Macintosh; Intel Mac OS X 10_9_0) AppleWebKit/537.36 (KHTML, like Gecko) Chrome/36.0.1985.125 Safari/537.36"
45.61.187.242 - - [22/Jan/2025:12:09:59 +0330] "GET /wp-content/plugins/wp-file-manager/login_wall.php?login=cmd HTTP/1.1" 404 - "http://www.google.com.hk" "Mozilla/5.0 (Windows NT 6.1; WOW64) AppleWebKit/537.36 (KHTML, like Gecko) Chrome/42.0.2311.90 Safari/537.36"
45.61.187.242 - - [22/Jan/2025:12:10:05 +0330] "GET /wp-content/plugins/wp-file-manager/index.php HTTP/1.1" 200 20 "http://www.google.com.hk" "Mozilla/5.0 (Windows NT 6.1; WOW64) AppleWebKit/537.36 (KHTML, like Gecko) Chrome/42.0.2311.90 Safari/537.36"
45.61.187.242 - - [22/Jan/2025:12:10:09 +0330] "GET /wp-content/plugins/wp-file-manager/login_wall.php HTTP/1.1" 404 - "http://www.google.com.hk" "Mozilla/5.0 (Windows NT 6.1; WOW64) AppleWebKit/537.36 (KHTML, like Gecko) Chrome/42.0.2311.90 Safari/537.36"
45.61.187.242 - - [22/Jan/2025:12:10:15 +0330] "GET /wp-content/plugins/wp-file-manager/index.php HTTP/1.1" 200 20 "http://www.google.com.hk" "Mozilla/5.0 (Windows NT 6.1; WOW64) AppleWebKit/537.36 (KHTML, like Gecko) Chrome/42.0.2311.90 Safari/537.36"
45.61.187.242 - - [22/Jan/2025:12:10:23 +0330] "GET /wp-includes/css/css.php HTTP/1.1" 404 - "http://www.google.com.hk" "Mozilla/5.0 (Windows NT 6.1; WOW64) AppleWebKit/537.36 (KHTML, like Gecko) Chrome/42.0.2311.90 Safari/537.36"
45.61.187.242 - - [22/Jan/2025:12:10:31 +0330] "GET /wp-includes/css/wp-config.php HTTP/1.1" 404 - "http://www.google.com.hk" "Mozilla/5.0 (Windows NT 6.1; WOW64) AppleWebKit/537.36 (KHTML, like Gecko) Chrome/42.0.2311.90 Safari/537.36"
45.61.187.242 - - [22/Jan/2025:12:10:37 +0330] "GET /wp-login.php HTTP/1.1" 302 - "-" "Mozilla/5.0 (Windows NT 5.1; rv:31.0) Gecko/20100101 Firefox/31.0"
45.61.187.242 - - [22/Jan/2025:12:10:53 +0330] "POST /wp-login.php HTTP/1.1" 302 - "-" "Mozilla/5.0 (Windows NT 5.1; rv:31.0) Gecko/20100101 Firefox/31.0"
45.61.187.242 - - [22/Jan/2025:12:11:09 +0330] "GET /wp-admin/plugin-install.php?tab=upload HTTP/1.1" 302 - "-" "Mozilla/5.0 (Windows NT 5.1; rv:31.0) Gecko/20100101 Firefox/31.0"
45.61.187.242 - - [22/Jan/2025:12:11:19 +0330] "GET /wp-login.php HTTP/1.1" 302 - "-" "Mozilla/5.0 (Macintosh; Intel Mac OS X 10_9_4 AppleWebKit/537.36 (KHTML, like Gecko) Chrome/36.0.1985.125 Safari/537.36"
45.61.187.242 - - [22/Jan/2025:12:11:32 +0330] "POST /wp-login.php HTTP/1.1" 302 - "-" "Mozilla/5.0 (Macintosh; Intel Mac OS X 10_9_4 AppleWebKit/537.36 (KHTML, like Gecko) Chrome/36.0.1985.125 Safari/537.36"
45.61.187.242 - - [22/Jan/2025:12:11:48 +0330] "GET /wp-admin/plugin-install.php?tab=upload HTTP/1.1" 302 - "-" "Mozilla/5.0 (Macintosh; Intel Mac OS X 10_9_4 AppleWebKit/537.36 (KHTML, like Gecko) Chrome/36.0.1985.125 Safari/537.36"
45.61.187.242 - - [22/Jan/2025:12:12:06 +0330] "GET /wp-admin/ HTTP/1.1" 302 - "-" "Mozilla/5.0 (Macintosh; Intel Mac OS X 10_9_4 AppleWebKit/537.36 (KHTML, like Gecko) Chrome/36.0.1985.125 Safari/537.36"
45.61.187.242 - - [22/Jan/2025:12:12:28 +0330] "GET /wp-login.php HTTP/1.1" 302 - "-" "Mozilla/5.0 (Macintosh; Intel Mac OS X 10_9_3) AppleWebKit/537.36 (KHTML, like Gecko) Chrome/35.0.1916.153 Safari/537.36"
45.61.187.242 - - [22/Jan/2025:12:12:44 +0330] "POST /wp-login.php HTTP/1.1" 302 - "-" "Mozilla/5.0 (Macintosh; Intel Mac OS X 10_9_3) AppleWebKit/537.36 (KHTML, like Gecko) Chrome/35.0.1916.153 Safari/537.36"
45.61.187.242 - - [22/Jan/2025:12:12:57 +0330] "GET /wp-admin/plugin-install.php?tab=upload HTTP/1.1" 302 - "-" "Mozilla/5.0 (Macintosh; Intel Mac OS X 10_9_3) AppleWebKit/537.36 (KHTML, like Gecko) Chrome/35.0.1916.153 Safari/537.36"
45.61.187.242 - - [22/Jan/2025:12:13:17 +0330] "GET /wp-admin/ HTTP/1.1" 302 - "-" "Mozilla/5.0 (Macintosh; Intel Mac OS X 10_9_3) AppleWebKit/537.36 (KHTML, like Gecko) Chrome/35.0.1916.153 Safari/537.36"
62.60.162.206 - - [22/Jan/2025:12:30:30 +0330] "GET / HTTP/1.1" 200 653485 "-" "Go-http-client/1.1"
62.60.162.206 - - [22/Jan/2025:13:00:31 +0330] "GET / HTTP/1.1" 200 653485 "-" "Go-http-client/1.1"
62.60.162.206 - - [22/Jan/2025:13:30:34 +0330] "GET / HTTP/1.1" 200 653485 "-" "Go-http-client/1.1"
62.60.162.206 - - [22/Jan/2025:14:00:24 +0330] "GET / HTTP/1.1" 200 653485 "-" "Go-http-client/1.1"
194.225.50.70 - - [22/Jan/2025:14:10:58 +0330] "GET / HTTP/1.1" 200 653485 "-" "Mozilla/5.0 (Linux; Android 10; Mobile) AppleWebKit/537.36 (KHTML, like Gecko) Chrome/85.0.4183.81 Mobile Safari/537.36"
62.60.162.206 - - [22/Jan/2025:14:30:36 +0330] "GET / HTTP/1.1" 200 653485 "-" "Go-http-client/1.1"
213.176.29.180 - - [22/Jan/2025:14:37:44 +0330] "POST /wp-cron.php?doing_wp_cron=1737544064.0423040390014648437500 HTTP/1.1" 200 20 "-" "WordPress/6.7.1; https://webtaragh.ir"
