52.159.118.201 - - [22/Jan/2025:14:37:40 +0330] "GET /wp-login.php HTTP/1.1" 302 356 "-" "GRequests/0.10"
213.176.29.180 - - [22/Jan/2025:14:37:53 +0330] "POST /wp-cron.php?doing_wp_cron=1737544073.5157389640808105468750 HTTP/1.1" 200 20 "-" "WordPress/6.7.1; https://webtaragh.ir"
52.159.118.201 - - [22/Jan/2025:14:37:50 +0330] "POST /wp-login.php HTTP/1.1" 302 356 "-" "GRequests/0.10"
213.176.29.180 - - [22/Jan/2025:14:38:05 +0330] "POST /wp-cron.php?doing_wp_cron=1737544085.5392339229583740234375 HTTP/1.1" 200 20 "-" "WordPress/6.7.1; https://webtaragh.ir"
52.159.118.201 - - [22/Jan/2025:14:38:00 +0330] "GET /wp-admin/ HTTP/1.1" 302 356 "-" "GRequests/0.10"
62.60.162.206 - - [22/Jan/2025:15:00:29 +0330] "GET / HTTP/1.1" 200 653485 "-" "Go-http-client/1.1"
54.36.148.167 - - [22/Jan/2025:15:23:51 +0330] "GET /robots.txt HTTP/1.1" 404 - "-" "Mozilla/5.0 (compatible; AhrefsBot/7.0; +http://ahrefs.com/robot/)"
51.222.253.15 - - [22/Jan/2025:15:23:52 +0330] "GET /66ba4fb0ccf38dabfc8b4074adf4fd35012a5688_0.file.viewcart.tpl.php.tar HTTP/1.1" 200 68608 "-" "Mozilla/5.0 (compatible; AhrefsBot/7.0; +http://ahrefs.com/robot/)"
62.60.162.206 - - [22/Jan/2025:15:30:37 +0330] "GET / HTTP/1.1" 200 653485 "-" "Go-http-client/1.1"
62.60.162.206 - - [22/Jan/2025:16:00:38 +0330] "GET / HTTP/1.1" 200 653485 "-" "Go-http-client/1.1"
62.60.162.206 - - [22/Jan/2025:16:30:37 +0330] "GET / HTTP/1.1" 200 653485 "-" "Go-http-client/1.1"
51.222.253.2 - - [22/Jan/2025:17:56:09 +0330] "GET /2e87a07e8edc3d0d8473928dd64b5d5476da6ae7_0.file.verifyemail.tpl.php.tar HTTP/1.1" 200 4608 "-" "Mozilla/5.0 (compatible; AhrefsBot/7.0; +http://ahrefs.com/robot/)"
62.60.162.206 - - [22/Jan/2025:18:00:27 +0330] "GET / HTTP/1.1" 200 653485 "-" "Go-http-client/1.1"
204.48.17.36 - - [22/Jan/2025:18:21:10 +0330] "GET /wp-content/themes/adifier/css/single-ad-order.css HTTP/1.1" 404 - "-" "Mozilla/5.0 (Windows NT 10.0; Win64; x64) AppleWebKit/537.36 (KHTML, like Gecko) Chrome/124.0.0.0 Safari/537.36"
62.60.162.206 - - [22/Jan/2025:18:30:21 +0330] "GET / HTTP/1.1" 200 653485 "-" "Go-http-client/1.1"
51.222.253.12 - - [22/Jan/2025:18:59:01 +0330] "GET /8398b5f491382b4b95bb0b1511772fb00b9da201_0.file.domainregister.tpl.php.tar HTTP/1.1" 200 39936 "-" "Mozilla/5.0 (compatible; AhrefsBot/7.0; +http://ahrefs.com/robot/)"
62.60.162.206 - - [22/Jan/2025:19:00:14 +0330] "GET / HTTP/1.1" 200 653485 "-" "Go-http-client/1.1"
51.222.253.2 - - [22/Jan/2025:19:25:56 +0330] "GET /?C=S;O=A HTTP/1.1" 200 653485 "-" "Mozilla/5.0 (compatible; AhrefsBot/7.0; +http://ahrefs.com/robot/)"
51.222.253.11 - - [22/Jan/2025:19:28:35 +0330] "GET /adminfunctions.php.tar HTTP/1.1" 200 34816 "-" "Mozilla/5.0 (compatible; AhrefsBot/7.0; +http://ahrefs.com/robot/)"
51.222.253.1 - - [22/Jan/2025:19:29:18 +0330] "GET /cartfunctions.php.php.tar.gz HTTP/1.1" 200 38926 "-" "Mozilla/5.0 (compatible; AhrefsBot/7.0; +http://ahrefs.com/robot/)"
51.222.253.20 - - [22/Jan/2025:19:29:34 +0330] "GET /class-wp-feed-cache-transient.php.tar HTTP/1.1" 200 5120 "-" "Mozilla/5.0 (compatible; AhrefsBot/7.0; +http://ahrefs.com/robot/)"
51.222.253.6 - - [22/Jan/2025:19:29:38 +0330] "GET /class-wp-font-face-resolver.php.tar HTTP/1.1" 200 7680 "-" "Mozilla/5.0 (compatible; AhrefsBot/7.0; +http://ahrefs.com/robot/)"
51.222.253.14 - - [22/Jan/2025:19:29:43 +0330] "GET /class-wp-font-face.php.php.tar.gz HTTP/1.1" 200 2970 "-" "Mozilla/5.0 (compatible; AhrefsBot/7.0; +http://ahrefs.com/robot/)"
51.222.253.16 - - [22/Jan/2025:19:29:45 +0330] "GET /class-wp-widget-text.php.php.tar.gz HTTP/1.1" 200 6333 "-" "Mozilla/5.0 (compatible; AhrefsBot/7.0; +http://ahrefs.com/robot/)"
51.222.253.20 - - [22/Jan/2025:19:29:49 +0330] "GET /custom-background.php.php.tar.gz HTTP/1.1" 200 328 "-" "Mozilla/5.0 (compatible; AhrefsBot/7.0; +http://ahrefs.com/robot/)"
51.222.253.7 - - [22/Jan/2025:19:29:50 +0330] "GET /customize-models.js.js.tar.gz HTTP/1.1" 200 2062 "-" "Mozilla/5.0 (compatible; AhrefsBot/7.0; +http://ahrefs.com/robot/)"
51.222.253.12 - - [22/Jan/2025:19:29:53 +0330] "GET /embed.tar HTTP/1.1" 200 23552 "-" "Mozilla/5.0 (compatible; AhrefsBot/7.0; +http://ahrefs.com/robot/)"
51.222.253.1 - - [22/Jan/2025:19:29:56 +0330] "GET /entry.php.php.tar.gz HTTP/1.1" 200 1415 "-" "Mozilla/5.0 (compatible; AhrefsBot/7.0; +http://ahrefs.com/robot/)"
51.222.253.1 - - [22/Jan/2025:19:29:58 +0330] "GET /fa_IR-60d06fac6f98e8e8f0ec5a945738b660.json.tar HTTP/1.1" 200 2560 "-" "Mozilla/5.0 (compatible; AhrefsBot/7.0; +http://ahrefs.com/robot/)"
51.222.253.3 - - [22/Jan/2025:19:30:00 +0330] "GET /fa_IR-947c76bb5095da30e16668eec15406b2.json.json.tar.gz HTTP/1.1" 200 1500 "-" "Mozilla/5.0 (compatible; AhrefsBot/7.0; +http://ahrefs.com/robot/)"
51.222.253.5 - - [22/Jan/2025:19:30:05 +0330] "GET /italian.php.php.tar.gz HTTP/1.1" 200 97690 "-" "Mozilla/5.0 (compatible; AhrefsBot/7.0; +http://ahrefs.com/robot/)"
51.222.253.12 - - [22/Jan/2025:19:30:07 +0330] "GET /l10n.tar.gz HTTP/1.1" 200 6837 "-" "Mozilla/5.0 (compatible; AhrefsBot/7.0; +http://ahrefs.com/robot/)"
62.60.162.206 - - [22/Jan/2025:19:30:14 +0330] "GET / HTTP/1.1" 200 653485 "-" "Go-http-client/1.1"
51.222.253.7 - - [22/Jan/2025:19:30:15 +0330] "GET /loginout.tar HTTP/1.1" 200 7168 "-" "Mozilla/5.0 (compatible; AhrefsBot/7.0; +http://ahrefs.com/robot/)"
51.222.253.3 - - [22/Jan/2025:19:30:16 +0330] "GET /laminas.tar.gz HTTP/1.1" 200 419077 "-" "Mozilla/5.0 (compatible; AhrefsBot/7.0; +http://ahrefs.com/robot/)"
51.222.253.18 - - [22/Jan/2025:19:30:17 +0330] "GET /mail.tar HTTP/1.1" 200 417792 "-" "Mozilla/5.0 (compatible; AhrefsBot/7.0; +http://ahrefs.com/robot/)"
51.222.253.15 - - [22/Jan/2025:19:30:19 +0330] "GET /norwegian.php.php.tar.gz HTTP/1.1" 200 98628 "-" "Mozilla/5.0 (compatible; AhrefsBot/7.0; +http://ahrefs.com/robot/)"
51.222.253.10 - - [22/Jan/2025:19:30:31 +0330] "GET /post-author.tar HTTP/1.1" 200 11776 "-" "Mozilla/5.0 (compatible; AhrefsBot/7.0; +http://ahrefs.com/robot/)"
51.222.253.20 - - [22/Jan/2025:19:30:36 +0330] "GET /post-comments-form.php.tar HTTP/1.1" 200 4608 "-" "Mozilla/5.0 (compatible; AhrefsBot/7.0; +http://ahrefs.com/robot/)"
51.222.253.11 - - [22/Jan/2025:19:30:37 +0330] "GET /registration.php.php.tar.gz HTTP/1.1" 200 269 "-" "Mozilla/5.0 (compatible; AhrefsBot/7.0; +http://ahrefs.com/robot/)"
51.222.253.15 - - [22/Jan/2025:19:30:39 +0330] "GET /search.php.php.tar.gz HTTP/1.1" 200 92558 "-" "Mozilla/5.0 (compatible; AhrefsBot/7.0; +http://ahrefs.com/robot/)"
51.222.253.14 - - [22/Jan/2025:19:30:41 +0330] "GET /separator.tar HTTP/1.1" 200 15360 "-" "Mozilla/5.0 (compatible; AhrefsBot/7.0; +http://ahrefs.com/robot/)"
51.222.253.6 - - [22/Jan/2025:19:30:43 +0330] "GET /template-part.tar HTTP/1.1" 200 14848 "-" "Mozilla/5.0 (compatible; AhrefsBot/7.0; +http://ahrefs.com/robot/)"
51.222.253.5 - - [22/Jan/2025:19:30:45 +0330] "GET /twentytwentyfive.tar HTTP/1.1" 200 8590848 "-" "Mozilla/5.0 (compatible; AhrefsBot/7.0; +http://ahrefs.com/robot/)"
51.222.253.14 - - [22/Jan/2025:19:30:47 +0330] "GET /users.php.php.tar.gz HTTP/1.1" 200 5758 "-" "Mozilla/5.0 (compatible; AhrefsBot/7.0; +http://ahrefs.com/robot/)"
51.222.253.18 - - [22/Jan/2025:19:30:51 +0330] "GET /wp-auth-check-rtl.min.css.min.css.tar.gz HTTP/1.1" 200 850 "-" "Mozilla/5.0 (compatible; AhrefsBot/7.0; +http://ahrefs.com/robot/)"
51.222.253.18 - - [22/Jan/2025:19:43:55 +0330] "GET /LICENSE.tar HTTP/1.1" 200 2560 "-" "Mozilla/5.0 (compatible; AhrefsBot/7.0; +http://ahrefs.com/robot/)"
51.222.253.13 - - [22/Jan/2025:19:48:06 +0330] "GET /async-upload.php.php.tar.gz HTTP/1.1" 200 2053 "-" "Mozilla/5.0 (compatible; AhrefsBot/7.0; +http://ahrefs.com/robot/)"
51.222.253.13 - - [22/Jan/2025:19:52:52 +0330] "GET /cbd0a50e4df2e7145dcd4d987195bb345a275458_0.file.sidebar.tpl.php.tar HTTP/1.1" 200 11776 "-" "Mozilla/5.0 (compatible; AhrefsBot/7.0; +http://ahrefs.com/robot/)"
45.61.187.242 - - [22/Jan/2025:19:54:26 +0330] "GET /wp-login.php HTTP/1.1" 500 2431 "-" "Mozilla/5.0 (Macintosh; Intel Mac OS X 10_6_8) AppleWebKit/534.59.10 (KHTML, like Gecko) Version/5.1.9 Safari/534.59.10"
45.61.187.242 - - [22/Jan/2025:19:55:16 +0330] "GET /wp-login.php HTTP/1.1" 500 2431 "-" "Mozilla/5.0 (Windows NT 5.1; rv:30.0) Gecko/20100101 Firefox/30.0"
45.61.187.242 - - [22/Jan/2025:19:56:11 +0330] "GET /wp-login.php HTTP/1.1" 500 2431 "-" "Mozilla/5.0 (Macintosh; Intel Mac OS X 10_10) AppleWebKit/600.1.3 (KHTML, like Gecko) Version/8.0 Safari/600.1.3"
45.61.187.242 - - [22/Jan/2025:19:56:59 +0330] "POST /wp-login.php HTTP/1.1" 500 2431 "-" "Mozilla/5.0 (Macintosh; Intel Mac OS X 10_10) AppleWebKit/600.1.3 (KHTML, like Gecko) Version/8.0 Safari/600.1.3"
51.222.253.10 - - [22/Jan/2025:19:57:06 +0330] "GET /class-wp-exception.php.php.tar.gz HTTP/1.1" 200 271 "-" "Mozilla/5.0 (compatible; AhrefsBot/7.0; +http://ahrefs.com/robot/)"
45.61.187.242 - - [22/Jan/2025:19:57:34 +0330] "GET /wp-admin/plugin-install.php?tab=upload HTTP/1.1" 500 3117 "-" "Mozilla/5.0 (Macintosh; Intel Mac OS X 10_10) AppleWebKit/600.1.3 (KHTML, like Gecko) Version/8.0 Safari/600.1.3"
45.61.187.242 - - [22/Jan/2025:19:58:33 +0330] "GET /wp-admin/ HTTP/1.1" 500 3117 "-" "Mozilla/5.0 (Macintosh; Intel Mac OS X 10_10) AppleWebKit/600.1.3 (KHTML, like Gecko) Version/8.0 Safari/600.1.3"
45.61.187.242 - - [22/Jan/2025:19:59:31 +0330] "GET /wp-login.php HTTP/1.1" 500 2431 "-" "Mozilla/5.0 (Macintosh; Intel Mac OS X 10_8_5) AppleWebKit/537.36 (KHTML, like Gecko) Chrome/36.0.1985.125 Safari/537.36"
62.60.162.206 - - [22/Jan/2025:20:00:14 +0330] "GET / HTTP/1.1" 200 653485 "-" "Go-http-client/1.1"
51.222.253.11 - - [22/Jan/2025:20:01:24 +0330] "GET /class-wp-html-tag-processor.php.tar HTTP/1.1" 200 148480 "-" "Mozilla/5.0 (compatible; AhrefsBot/7.0; +http://ahrefs.com/robot/)"
51.222.253.3 - - [22/Jan/2025:20:06:34 +0330] "GET /class-wp-http-requests-hooks.php.tar HTTP/1.1" 200 3584 "-" "Mozilla/5.0 (compatible; AhrefsBot/7.0; +http://ahrefs.com/robot/)"
51.222.253.17 - - [22/Jan/2025:20:11:03 +0330] "GET /class-wp-styles.php.php.tar.gz HTTP/1.1" 200 3141 "-" "Mozilla/5.0 (compatible; AhrefsBot/7.0; +http://ahrefs.com/robot/)"
51.222.253.15 - - [22/Jan/2025:20:15:43 +0330] "GET /class-wp-translation-file-mo.php.php.tar.gz HTTP/1.1" 200 2055 "-" "Mozilla/5.0 (compatible; AhrefsBot/7.0; +http://ahrefs.com/robot/)"
51.222.253.6 - - [22/Jan/2025:20:20:54 +0330] "GET /comment-date.tar.gz HTTP/1.1" 200 739 "-" "Mozilla/5.0 (compatible; AhrefsBot/7.0; +http://ahrefs.com/robot/)"
51.222.253.4 - - [22/Jan/2025:20:27:06 +0330] "GET /comment-template.tar HTTP/1.1" 200 8192 "-" "Mozilla/5.0 (compatible; AhrefsBot/7.0; +http://ahrefs.com/robot/)"
62.60.162.206 - - [22/Jan/2025:20:30:14 +0330] "GET / HTTP/1.1" 200 653485 "-" "Go-http-client/1.1"
51.222.253.17 - - [22/Jan/2025:20:32:57 +0330] "GET /dist.tar.gz HTTP/1.1" 200 375123 "-" "Mozilla/5.0 (compatible; AhrefsBot/7.0; +http://ahrefs.com/robot/)"
124.156.157.91 - - [22/Jan/2025:20:33:03 +0330] "GET / HTTP/1.1" 200 440487 "-" "Mozilla/5.0 (iPhone; CPU iPhone OS 13_2_3 like Mac OS X) AppleWebKit/605.1.15 (KHTML, like Gecko) Version/13.0.3 Mobile/15E148 Safari/604.1"
51.222.253.14 - - [22/Jan/2025:20:38:32 +0330] "GET /editor.min.css.tar HTTP/1.1" 200 28672 "-" "Mozilla/5.0 (compatible; AhrefsBot/7.0; +http://ahrefs.com/robot/)"
51.222.253.2 - - [22/Jan/2025:20:44:14 +0330] "GET /f04df9a5222407170038d895695b2d74c1f85b45_0.string.php.string.php.tar.gz HTTP/1.1" 200 846 "-" "Mozilla/5.0 (compatible; AhrefsBot/7.0; +http://ahrefs.com/robot/)"
51.222.253.4 - - [22/Jan/2025:20:49:54 +0330] "GET /fa_IR-1780a2033cf98d69ce13c2e5c8510004.json.tar HTTP/1.1" 200 3072 "-" "Mozilla/5.0 (compatible; AhrefsBot/7.0; +http://ahrefs.com/robot/)"
51.222.253.15 - - [22/Jan/2025:20:54:26 +0330] "GET /fa_IR-a25d1cc7bf7ca0b4e114f6bea64943f4.json.json.tar.gz HTTP/1.1" 200 429 "-" "Mozilla/5.0 (compatible; AhrefsBot/7.0; +http://ahrefs.com/robot/)"
51.222.253.7 - - [22/Jan/2025:20:59:54 +0330] "GET /footnotes.tar.gz HTTP/1.1" 200 916 "-" "Mozilla/5.0 (compatible; AhrefsBot/7.0; +http://ahrefs.com/robot/)"
62.60.162.206 - - [22/Jan/2025:21:00:15 +0330] "GET / HTTP/1.1" 200 653485 "-" "Go-http-client/1.1"
51.222.253.6 - - [22/Jan/2025:21:04:34 +0330] "GET /german.php.php.tar.gz HTTP/1.1" 200 98917 "-" "Mozilla/5.0 (compatible; AhrefsBot/7.0; +http://ahrefs.com/robot/)"
51.222.253.17 - - [22/Jan/2025:21:09:58 +0330] "GET /german.php.tar HTTP/1.1" 200 387072 "-" "Mozilla/5.0 (compatible; AhrefsBot/7.0; +http://ahrefs.com/robot/)"
51.222.253.14 - - [22/Jan/2025:21:15:37 +0330] "GET /horde.sqlite.sqlite.tar.gz HTTP/1.1" 200 24220 "-" "Mozilla/5.0 (compatible; AhrefsBot/7.0; +http://ahrefs.com/robot/)"
51.222.253.20 - - [22/Jan/2025:21:21:59 +0330] "GET /lib.tar.gz HTTP/1.1" 200 9199 "-" "Mozilla/5.0 (compatible; AhrefsBot/7.0; +http://ahrefs.com/robot/)"
51.222.253.19 - - [22/Jan/2025:21:27:56 +0330] "GET /mediaelement.tar HTTP/1.1" 200 737792 "-" "Mozilla/5.0 (compatible; AhrefsBot/7.0; +http://ahrefs.com/robot/)"
185.7.214.130 - - [22/Jan/2025:21:29:23 +0330] "GET / HTTP/1.0" 200 653485 "http://webtaragh.ir/" "Mozilla/5.0 (Windows NT 10.0; Win64; x64) AppleWebKit/537.36 (KHTML, like Gecko) Chrome/129.0.0.0 Safari/537.36"
62.60.162.206 - - [22/Jan/2025:21:30:15 +0330] "GET / HTTP/1.1" 200 653485 "-" "Go-http-client/1.1"
51.222.253.4 - - [22/Jan/2025:21:34:31 +0330] "GET /my-sites.php.php.tar.gz HTTP/1.1" 200 2081 "-" "Mozilla/5.0 (compatible; AhrefsBot/7.0; +http://ahrefs.com/robot/)"
51.222.253.15 - - [22/Jan/2025:21:40:22 +0330] "GET /network.tar HTTP/1.1" 200 150528 "-" "Mozilla/5.0 (compatible; AhrefsBot/7.0; +http://ahrefs.com/robot/)"
51.222.253.9 - - [22/Jan/2025:21:46:04 +0330] "GET /30129755bca8df440496b8e2b152d1981cd47661_0.file.intellisearch-results.tpl.php.tar HTTP/1.1" 200 13824 "-" "Mozilla/5.0 (compatible; AhrefsBot/7.0; +http://ahrefs.com/robot/)"
51.222.253.11 - - [22/Jan/2025:21:49:20 +0330] "GET /3ea7f608af61ba5cfe90f20e164cc6c98be9799a_0.file.header.tpl.php.tar HTTP/1.1" 200 6656 "-" "Mozilla/5.0 (compatible; AhrefsBot/7.0; +http://ahrefs.com/robot/)"
51.222.253.10 - - [22/Jan/2025:21:52:40 +0330] "GET /admin-bar.min.css.tar HTTP/1.1" 200 22016 "-" "Mozilla/5.0 (compatible; AhrefsBot/7.0; +http://ahrefs.com/robot/)"
51.222.253.6 - - [22/Jan/2025:21:55:44 +0330] "GET /adminfunctions.php.php.tar.gz HTTP/1.1" 200 24132 "-" "Mozilla/5.0 (compatible; AhrefsBot/7.0; +http://ahrefs.com/robot/)"
51.222.253.20 - - [22/Jan/2025:21:59:26 +0330] "GET /class-wp-block-parser.php.php.tar.gz HTTP/1.1" 200 3494 "-" "Mozilla/5.0 (compatible; AhrefsBot/7.0; +http://ahrefs.com/robot/)"
62.60.162.206 - - [22/Jan/2025:22:00:14 +0330] "GET / HTTP/1.1" 200 653485 "-" "Go-http-client/1.1"
51.222.253.2 - - [22/Jan/2025:22:02:23 +0330] "GET /class-wp-customize-date-time-control.php.php.tar.gz HTTP/1.1" 200 2844 "-" "Mozilla/5.0 (compatible; AhrefsBot/7.0; +http://ahrefs.com/robot/)"
51.222.253.12 - - [22/Jan/2025:22:05:08 +0330] "GET /class-wp-customize-nav-menu-locations-control.php.php.tar.gz HTTP/1.1" 200 1276 "-" "Mozilla/5.0 (compatible; AhrefsBot/7.0; +http://ahrefs.com/robot/)"
51.222.253.20 - - [22/Jan/2025:22:08:17 +0330] "GET /class-wp-customize-setting.php.tar HTTP/1.1" 200 31744 "-" "Mozilla/5.0 (compatible; AhrefsBot/7.0; +http://ahrefs.com/robot/)"
51.222.253.5 - - [22/Jan/2025:22:11:30 +0330] "GET /class-wp-http-proxy.php.php.tar.gz HTTP/1.1" 200 2061 "-" "Mozilla/5.0 (compatible; AhrefsBot/7.0; +http://ahrefs.com/robot/)"
51.222.253.7 - - [22/Jan/2025:22:14:36 +0330] "GET /comment-author-name.php.php.tar.gz HTTP/1.1" 200 904 "-" "Mozilla/5.0 (compatible; AhrefsBot/7.0; +http://ahrefs.com/robot/)"
51.222.253.19 - - [22/Jan/2025:22:17:28 +0330] "GET /configaddons.php.tar HTTP/1.1" 200 466432 "-" "Mozilla/5.0 (compatible; AhrefsBot/7.0; +http://ahrefs.com/robot/)"
51.222.253.17 - - [22/Jan/2025:22:20:33 +0330] "GET /configclientgroups.php.php.tar.gz HTTP/1.1" 200 55830 "-" "Mozilla/5.0 (compatible; AhrefsBot/7.0; +http://ahrefs.com/robot/)"
51.222.253.11 - - [22/Jan/2025:22:23:45 +0330] "GET /configemailtemplates.php.tar HTTP/1.1" 200 214528 "-" "Mozilla/5.0 (compatible; AhrefsBot/7.0; +http://ahrefs.com/robot/)"
51.222.253.9 - - [22/Jan/2025:22:26:32 +0330] "GET /configregistrars.php.php.tar.gz HTTP/1.1" 200 70722 "-" "Mozilla/5.0 (compatible; AhrefsBot/7.0; +http://ahrefs.com/robot/)"
51.222.253.6 - - [22/Jan/2025:22:29:42 +0330] "GET /fa_IR-2a60fb9605efeab98825d6b2f781090a.json.tar HTTP/1.1" 200 6144 "-" "Mozilla/5.0 (compatible; AhrefsBot/7.0; +http://ahrefs.com/robot/)"
62.60.162.206 - - [22/Jan/2025:22:30:14 +0330] "GET / HTTP/1.1" 200 653485 "-" "Go-http-client/1.1"
51.222.253.6 - - [22/Jan/2025:22:32:38 +0330] "GET /gateways.tar HTTP/1.1" 200 6377984 "-" "Mozilla/5.0 (compatible; AhrefsBot/7.0; +http://ahrefs.com/robot/)"
51.222.253.16 - - [22/Jan/2025:22:35:17 +0330] "GET /latest-comments.php.tar HTTP/1.1" 200 6656 "-" "Mozilla/5.0 (compatible; AhrefsBot/7.0; +http://ahrefs.com/robot/)"
51.222.253.1 - - [22/Jan/2025:22:38:18 +0330] "GET /ms-upgrade-network.php.php.tar.gz HTTP/1.1" 200 281 "-" "Mozilla/5.0 (compatible; AhrefsBot/7.0; +http://ahrefs.com/robot/)"
51.222.253.13 - - [22/Jan/2025:22:41:27 +0330] "GET /orderforms.tar HTTP/1.1" 200 1293824 "-" "Mozilla/5.0 (compatible; AhrefsBot/7.0; +http://ahrefs.com/robot/)"
51.222.253.12 - - [22/Jan/2025:22:44:30 +0330] "GET /page-list-item.tar HTTP/1.1" 200 3072 "-" "Mozilla/5.0 (compatible; AhrefsBot/7.0; +http://ahrefs.com/robot/)"
51.222.253.13 - - [22/Jan/2025:22:47:27 +0330] "GET /pluggable-deprecated.php.php.tar.gz HTTP/1.1" 200 2014 "-" "Mozilla/5.0 (compatible; AhrefsBot/7.0; +http://ahrefs.com/robot/)"
51.222.253.5 - - [22/Jan/2025:22:50:32 +0330] "GET /ramsey.tar.gz HTTP/1.1" 200 79268 "-" "Mozilla/5.0 (compatible; AhrefsBot/7.0; +http://ahrefs.com/robot/)"
51.222.253.14 - - [22/Jan/2025:22:53:16 +0330] "GET /razor-agent.log.log.tar.gz HTTP/1.1" 200 295 "-" "Mozilla/5.0 (compatible; AhrefsBot/7.0; +http://ahrefs.com/robot/)"
209.38.103.247 - - [22/Jan/2025:22:53:43 +0330] "GET / HTTP/1.1" 200 653485 "-" "Mozilla/5.0 (compatible)"
209.38.103.247 - - [22/Jan/2025:22:53:44 +0330] "GET /favicon.ico HTTP/1.1" 404 - "http://www.webtaragh.ir/" "Mozilla/5.0 (compatible)"
51.222.253.2 - - [22/Jan/2025:22:56:09 +0330] "GET /react.tar.gz HTTP/1.1" 200 17143 "-" "Mozilla/5.0 (compatible; AhrefsBot/7.0; +http://ahrefs.com/robot/)"
51.222.253.17 - - [22/Jan/2025:22:59:00 +0330] "GET /style-engine.php.tar HTTP/1.1" 200 9216 "-" "Mozilla/5.0 (compatible; AhrefsBot/7.0; +http://ahrefs.com/robot/)"
62.60.162.206 - - [22/Jan/2025:23:00:34 +0330] "GET / HTTP/1.1" 200 653485 "-" "Go-http-client/1.1"
51.222.253.14 - - [22/Jan/2025:23:01:40 +0330] "GET /systememaillog.php.php.tar.gz HTTP/1.1" 200 17370 "-" "Mozilla/5.0 (compatible; AhrefsBot/7.0; +http://ahrefs.com/robot/)"
51.222.253.8 - - [22/Jan/2025:23:04:17 +0330] "GET /template-loader.php.php.tar.gz HTTP/1.1" 200 1221 "-" "Mozilla/5.0 (compatible; AhrefsBot/7.0; +http://ahrefs.com/robot/)"
165.227.37.216 - - [22/Jan/2025:23:05:07 +0330] "GET / HTTP/1.1" 200 653485 "-" "Mozilla/5.0 (compatible)"
165.227.37.216 - - [22/Jan/2025:23:05:08 +0330] "GET /favicon.ico HTTP/1.1" 404 - "http://mail.webtaragh.ir/" "Mozilla/5.0 (compatible)"
51.222.253.6 - - [22/Jan/2025:23:06:49 +0330] "GET /theme-editor.php.php.tar.gz HTTP/1.1" 200 5364 "-" "Mozilla/5.0 (compatible; AhrefsBot/7.0; +http://ahrefs.com/robot/)"
51.222.253.15 - - [22/Jan/2025:23:09:39 +0330] "GET /themes.php.tar HTTP/1.1" 200 49664 "-" "Mozilla/5.0 (compatible; AhrefsBot/7.0; +http://ahrefs.com/robot/)"
51.222.253.9 - - [22/Jan/2025:23:12:29 +0330] "GET /turkish.php.php.tar.gz HTTP/1.1" 200 99693 "-" "Mozilla/5.0 (compatible; AhrefsBot/7.0; +http://ahrefs.com/robot/)"
51.222.253.8 - - [22/Jan/2025:23:15:12 +0330] "GET /twentytwentythree.tar.gz HTTP/1.1" 200 2194568 "-" "Mozilla/5.0 (compatible; AhrefsBot/7.0; +http://ahrefs.com/robot/)"
51.222.253.19 - - [22/Jan/2025:23:18:02 +0330] "GET /wpicons-2x.png.png.tar.gz HTTP/1.1" 200 14733 "-" "Mozilla/5.0 (compatible; AhrefsBot/7.0; +http://ahrefs.com/robot/)"
51.222.253.4 - - [22/Jan/2025:23:21:12 +0330] "GET /wpspin.gif.tar HTTP/1.1" 200 4096 "-" "Mozilla/5.0 (compatible; AhrefsBot/7.0; +http://ahrefs.com/robot/)"
51.222.253.17 - - [22/Jan/2025:23:24:03 +0330] "GET /zbateson.tar.gz HTTP/1.1" 200 76435 "-" "Mozilla/5.0 (compatible; AhrefsBot/7.0; +http://ahrefs.com/robot/)"
51.222.253.19 - - [22/Jan/2025:23:25:59 +0330] "GET /?C=N;O=D HTTP/1.1" 200 653485 "-" "Mozilla/5.0 (compatible; AhrefsBot/7.0; +http://ahrefs.com/robot/)"
51.222.253.16 - - [22/Jan/2025:23:27:59 +0330] "GET /?C=N;O=A HTTP/1.1" 200 653485 "-" "Mozilla/5.0 (compatible; AhrefsBot/7.0; +http://ahrefs.com/robot/)"
51.222.253.20 - - [22/Jan/2025:23:29:53 +0330] "GET /?C=S;O=D HTTP/1.1" 200 653485 "-" "Mozilla/5.0 (compatible; AhrefsBot/7.0; +http://ahrefs.com/robot/)"
62.60.162.206 - - [22/Jan/2025:23:30:22 +0330] "GET / HTTP/1.1" 200 653485 "-" "Go-http-client/1.1"
51.222.253.5 - - [22/Jan/2025:23:50:03 +0330] "GET /2025.tar HTTP/1.1" 200 - "-" "Mozilla/5.0 (compatible; AhrefsBot/7.0; +http://ahrefs.com/robot/)"
51.222.253.6 - - [22/Jan/2025:23:55:23 +0330] "GET /29218045c63f8e73f7eb7cf899853acf488f1d65_0.file.checkout.tpl.php.tar HTTP/1.1" 200 69632 "-" "Mozilla/5.0 (compatible; AhrefsBot/7.0; +http://ahrefs.com/robot/)"
62.60.162.206 - - [23/Jan/2025:00:00:30 +0330] "GET / HTTP/1.1" 200 653485 "-" "Go-http-client/1.1"
51.222.253.11 - - [23/Jan/2025:00:00:52 +0330] "GET /4221b843d1aa95ad45abd32a50fa6a9fb86eca5b_0.string.php.tar HTTP/1.1" 200 3072 "-" "Mozilla/5.0 (compatible; AhrefsBot/7.0; +http://ahrefs.com/robot/)"
51.222.253.14 - - [23/Jan/2025:00:06:09 +0330] "GET /898b491df7ef1759801691d39fd506c3ec48d253_0.file.client-paymethods.tpl.php.tar HTTP/1.1" 200 5632 "-" "Mozilla/5.0 (compatible; AhrefsBot/7.0; +http://ahrefs.com/robot/)"
51.222.253.4 - - [23/Jan/2025:00:11:44 +0330] "GET /af1gurpth.css.tar HTTP/1.1" 200 587776 "-" "Mozilla/5.0 (compatible; AhrefsBot/7.0; +http://ahrefs.com/robot/)"
51.222.253.18 - - [23/Jan/2025:00:16:44 +0330] "GET /certificates.tar.gz HTTP/1.1" 200 130571 "-" "Mozilla/5.0 (compatible; AhrefsBot/7.0; +http://ahrefs.com/robot/)"
51.222.253.19 - - [23/Jan/2025:00:22:18 +0330] "GET /class-IXR-clientmulticall.php.tar HTTP/1.1" 200 3072 "-" "Mozilla/5.0 (compatible; AhrefsBot/7.0; +http://ahrefs.com/robot/)"
51.222.253.3 - - [23/Jan/2025:00:28:04 +0330] "GET /class-IXR-value.php.php.tar.gz HTTP/1.1" 200 1164 "-" "Mozilla/5.0 (compatible; AhrefsBot/7.0; +http://ahrefs.com/robot/)"
62.60.162.206 - - [23/Jan/2025:00:30:29 +0330] "GET / HTTP/1.1" 200 653485 "-" "Go-http-client/1.1"
51.222.253.16 - - [23/Jan/2025:00:34:06 +0330] "GET /class-wp-customize-partial.php.php.tar.gz HTTP/1.1" 200 2912 "-" "Mozilla/5.0 (compatible; AhrefsBot/7.0; +http://ahrefs.com/robot/)"
51.222.253.3 - - [23/Jan/2025:00:40:04 +0330] "GET /clientareafunctions.php.tar HTTP/1.1" 200 79872 "-" "Mozilla/5.0 (compatible; AhrefsBot/7.0; +http://ahrefs.com/robot/)"
51.222.253.12 - - [23/Jan/2025:00:43:04 +0330] "GET /configaddonmods.php.php.tar.gz HTTP/1.1" 200 115271 "-" "Mozilla/5.0 (compatible; AhrefsBot/7.0; +http://ahrefs.com/robot/)"
51.222.253.2 - - [23/Jan/2025:00:45:42 +0330] "GET /configuressl.php.php.tar.gz HTTP/1.1" 200 95836 "-" "Mozilla/5.0 (compatible; AhrefsBot/7.0; +http://ahrefs.com/robot/)"
51.222.253.15 - - [23/Jan/2025:00:48:24 +0330] "GET /contribute.php.tar HTTP/1.1" 200 7680 "-" "Mozilla/5.0 (compatible; AhrefsBot/7.0; +http://ahrefs.com/robot/)"
51.222.253.10 - - [23/Jan/2025:00:51:16 +0330] "GET /dashicons.woff.woff.tar.gz HTTP/1.1" 200 26077 "-" "Mozilla/5.0 (compatible; AhrefsBot/7.0; +http://ahrefs.com/robot/)"
51.222.253.11 - - [23/Jan/2025:00:53:54 +0330] "GET /export.php.php.tar.gz HTTP/1.1" 200 3267 "-" "Mozilla/5.0 (compatible; AhrefsBot/7.0; +http://ahrefs.com/robot/)"
51.222.253.3 - - [23/Jan/2025:00:56:39 +0330] "GET /fa_IR-5251f7623766a714c8207c7edb938628.json.json.tar.gz HTTP/1.1" 200 568 "-" "Mozilla/5.0 (compatible; AhrefsBot/7.0; +http://ahrefs.com/robot/)"
51.222.253.13 - - [23/Jan/2025:00:59:42 +0330] "GET /fa_IR-8240df461220d1d3a028a9a4c5652a5b.json.tar HTTP/1.1" 200 4096 "-" "Mozilla/5.0 (compatible; AhrefsBot/7.0; +http://ahrefs.com/robot/)"
87.120.114.184 - - [23/Jan/2025:00:59:56 +0330] "POST /wp-plain.php HTTP/1.1" 404 - "www.google.com" "Mozilla/5.0 (Linux; Android 7.0; SM-G892A Bulid/NRD90M; wv) AppleWebKit/537.36 (KHTML, like Gecko) Version/4.0 Chrome/60.0.3112.107 Moblie Safari/537.36"
87.120.114.184 - - [23/Jan/2025:00:59:56 +0330] "GET /wp-content/plugins/fix/up.php HTTP/1.1" 404 - "-" "Mozilla/5.0 (Windows NT 10.0; Win64; x64) AppleWebKit/537.36 (KHTML, like Gecko) Chrome/85.0.4183.102 Safari/537.36"
87.120.114.184 - - [23/Jan/2025:00:59:56 +0330] "POST /ALFA_DATA/alfacgiapi/perl.alfa HTTP/1.1" 404 - "www.google.com" "Mozlila/5.0 (Linux; Android 7.0; SM-G892A Bulid/NRD90M; wv) AppleWebKit/537.36 (KHTML, like Gecko) Version/4.0 Chrome/60.0.3112.107 Moblie Safari/537.36"
87.120.114.184 - - [23/Jan/2025:00:59:56 +0330] "GET /wp-content/themes/seotheme/db.php?u HTTP/1.1" 404 - "www.google.com" "Mozlila/5.0 (Linux; Android 7.0; SM-G892A Bulid/NRD90M; wv) AppleWebKit/537.36 (KHTML, like Gecko) Version/4.0 Chrome/60.0.3112.107 Moblie Safari/537.36"
87.120.114.184 - - [23/Jan/2025:00:59:56 +0330] "GET /jzpiojtn.php?Fox=d3wL7 HTTP/1.1" 404 - "www.google.com" "Mozilla/5.0 (Linux; Android 7.0; SM-G892A Bulid/NRD90M; wv) AppleWebKit/537.36 (KHTML, like Gecko) Version/4.0 Chrome/60.0.3112.107 Moblie Safari/537.36"
87.120.114.184 - - [23/Jan/2025:00:59:56 +0330] "POST /alfacgiapi/perl.alfa HTTP/1.1" 404 - "www.google.com" "Mozlila/5.0 (Linux; Android 7.0; SM-G892A Bulid/NRD90M; wv) AppleWebKit/537.36 (KHTML, like Gecko) Version/4.0 Chrome/60.0.3112.107 Moblie Safari/537.36"
87.120.114.184 - - [23/Jan/2025:00:59:56 +0330] "GET / HTTP/1.1" 200 653485 "-" "Mozlila/5.0 (Linux; Android 7.0; SM-G892A Bulid/NRD90M; wv) AppleWebKit/537.36 (KHTML, like Gecko) Version/4.0 Chrome/60.0.3112.107 Moblie Safari/537.36"
87.120.114.184 - - [23/Jan/2025:00:59:56 +0330] "GET /wp-content/plugins/apikey/apikey.php?test=hello HTTP/1.1" 404 - "-" "Mozlila/5.0 (Linux; Android 7.0; SM-G892A Bulid/NRD90M; wv) AppleWebKit/537.36 (KHTML, like Gecko) Version/4.0 Chrome/60.0.3112.107 Moblie Safari/537.36"
87.120.114.184 - - [23/Jan/2025:00:59:56 +0330] "GET /plugins/content/apismtp/apismtp.php?test=hello HTTP/1.1" 404 - "-" "Mozlila/5.0 (Linux; Android 7.0; SM-G892A Bulid/NRD90M; wv) AppleWebKit/537.36 (KHTML, like Gecko) Version/4.0 Chrome/60.0.3112.107 Moblie Safari/537.36"
87.120.114.184 - - [23/Jan/2025:00:59:56 +0330] "GET /wp-content/plugins/apikey/apikey.php.suspected?test=hello HTTP/1.1" 404 - "-" "Mozlila/5.0 (Linux; Android 7.0; SM-G892A Bulid/NRD90M; wv) AppleWebKit/537.36 (KHTML, like Gecko) Version/4.0 Chrome/60.0.3112.107 Moblie Safari/537.36"
87.120.114.184 - - [23/Jan/2025:00:59:57 +0330] "GET /plugins/content/apismtp/apismtp.php.suspected?test=hello HTTP/1.1" 404 - "-" "Mozlila/5.0 (Linux; Android 7.0; SM-G892A Bulid/NRD90M; wv) AppleWebKit/537.36 (KHTML, like Gecko) Version/4.0 Chrome/60.0.3112.107 Moblie Safari/537.36"
62.60.162.206 - - [23/Jan/2025:01:00:31 +0330] "GET / HTTP/1.1" 200 653485 "-" "Go-http-client/1.1"
51.222.253.18 - - [23/Jan/2025:01:02:36 +0330] "GET /fa_IR-93882e8f9976382d7f724ac595ed7151.json.json.tar.gz HTTP/1.1" 200 515 "-" "Mozilla/5.0 (compatible; AhrefsBot/7.0; +http://ahrefs.com/robot/)"
51.222.253.4 - - [23/Jan/2025:01:05:45 +0330] "GET /includes.tar.gz HTTP/1.1" 200 681704 "-" "Mozilla/5.0 (compatible; AhrefsBot/7.0; +http://ahrefs.com/robot/)"
51.222.253.18 - - [23/Jan/2025:01:08:27 +0330] "GET /paragonie.tar.gz HTTP/1.1" 200 16727 "-" "Mozilla/5.0 (compatible; AhrefsBot/7.0; +http://ahrefs.com/robot/)"
51.222.253.16 - - [23/Jan/2025:01:11:01 +0330] "GET /profile.php.php.tar.gz HTTP/1.1" 200 317 "-" "Mozilla/5.0 (compatible; AhrefsBot/7.0; +http://ahrefs.com/robot/)"
51.222.253.15 - - [23/Jan/2025:01:12:59 +0330] "GET /registration.php.tar HTTP/1.1" 200 2048 "-" "Mozilla/5.0 (compatible; AhrefsBot/7.0; +http://ahrefs.com/robot/)"
51.222.253.1 - - [23/Jan/2025:01:14:31 +0330] "GET /resource.php.php.tar.gz HTTP/1.1" 200 9355 "-" "Mozilla/5.0 (compatible; AhrefsBot/7.0; +http://ahrefs.com/robot/)"
51.222.253.9 - - [23/Jan/2025:01:16:08 +0330] "GET /server.c302.cloudmark.com.conf.tar HTTP/1.1" 200 2560 "-" "Mozilla/5.0 (compatible; AhrefsBot/7.0; +http://ahrefs.com/robot/)"
51.222.253.4 - - [23/Jan/2025:01:17:42 +0330] "GET /sess_618c97c4c08daf56b362e602cc60a0df.tar.gz HTTP/1.1" 200 767 "-" "Mozilla/5.0 (compatible; AhrefsBot/7.0; +http://ahrefs.com/robot/)"
194.31.194.203 - - [23/Jan/2025:01:19:04 +0330] "GET /wp-login.php HTTP/1.1" 302 356 "-" "GRequests/0.10"
194.31.194.203 - - [23/Jan/2025:01:19:06 +0330] "POST /wp-login.php HTTP/1.1" 302 356 "-" "GRequests/0.10"
194.31.194.203 - - [23/Jan/2025:01:19:08 +0330] "GET /wp-admin/ HTTP/1.1" 302 356 "-" "GRequests/0.10"
51.222.253.17 - - [23/Jan/2025:01:19:18 +0330] "GET /streams.php.php.tar.gz HTTP/1.1" 200 1919 "-" "Mozilla/5.0 (compatible; AhrefsBot/7.0; +http://ahrefs.com/robot/)"
51.222.253.18 - - [23/Jan/2025:01:21:01 +0330] "GET /supportticketskbarticle.php.php.tar.gz HTTP/1.1" 200 17832 "-" "Mozilla/5.0 (compatible; AhrefsBot/7.0; +http://ahrefs.com/robot/)"
51.222.253.10 - - [23/Jan/2025:01:22:49 +0330] "GET /voku.tar.gz HTTP/1.1" 200 126714 "-" "Mozilla/5.0 (compatible; AhrefsBot/7.0; +http://ahrefs.com/robot/)"
51.222.253.18 - - [23/Jan/2025:01:24:25 +0330] "GET /wp-auth-check.min.js.tar HTTP/1.1" 200 3584 "-" "Mozilla/5.0 (compatible; AhrefsBot/7.0; +http://ahrefs.com/robot/)"
51.222.253.18 - - [23/Jan/2025:01:25:44 +0330] "GET /wp-blog-header.php HTTP/1.1" 404 356 "-" "Mozilla/5.0 (compatible; AhrefsBot/7.0; +http://ahrefs.com/robot/)"
51.222.253.16 - - [23/Jan/2025:01:27:00 +0330] "GET /wp-embed-template.min.css.min.css.tar.gz HTTP/1.1" 200 2058 "-" "Mozilla/5.0 (compatible; AhrefsBot/7.0; +http://ahrefs.com/robot/)"
62.60.162.206 - - [23/Jan/2025:01:30:24 +0330] "GET / HTTP/1.1" 200 653485 "-" "Go-http-client/1.1"
51.222.253.14 - - [23/Jan/2025:01:37:08 +0330] "GET /96621d307f1f44f4a960f6e1990b63daa5b862f7_0.file.clientssummary.tpl.php.tar HTTP/1.1" 200 69632 "-" "Mozilla/5.0 (compatible; AhrefsBot/7.0; +http://ahrefs.com/robot/)"
51.222.253.7 - - [23/Jan/2025:01:39:52 +0330] "GET /HTML.tar.gz HTTP/1.1" 200 4473 "-" "Mozilla/5.0 (compatible; AhrefsBot/7.0; +http://ahrefs.com/robot/)"