18.116.67.43 - - [30/Jan/2025:18:45:46 +0330] "GET /wp_wolx.php?path=%2F%2Fproc%2F491%2F..%2F12%2F..%2F781%2F..%2F10%2Ftask%2F..%2F..%2F473%2F..%2F787%2F..%2F616%2F..%2F28%2F..%2F483%2Ffdinfo&upload=gaskan HTTP/1.1" 200 1942 "-" "Mozilla/5.0 AppleWebKit/537.36 (KHTML, like Gecko; compatible; ClaudeBot/1.0; +claudebot@anthropic.com)"
217.182.175.163 - - [30/Jan/2025:18:45:47 +0330] "GET /goods.php?q=%E0%A6%95%E0%A6%95proc%E0%A6%951178&e=oom_score HTTP/1.1" 200 1070 "-" "Mozilla/5.0 (compatible; MJ12bot/v1.4.8; http://mj12bot.com/)"
3.145.49.90 - - [30/Jan/2025:18:45:47 +0330] "GET /wp_wolx.php?path=%2F%2Flib%2F.build-id%2F00%2F..%2F64%2F..%2F92%2F..%2Fe0%2F..%2Fe0%2F..%2F39%2F..%2F05%2F..%2F9c%2F..%2F05%2F..%2F73%2F..%2Fda HTTP/1.1" 200 2518 "-" "Mozilla/5.0 AppleWebKit/537.36 (KHTML, like Gecko; compatible; ClaudeBot/1.0; +claudebot@anthropic.com)"
18.116.67.43 - - [30/Jan/2025:18:45:47 +0330] "GET /wp_wolx.php?path=%2F%2Fsbin%2F..%2Fshare%2Fp11-kit%2F..%2Flocale%2Fcy%2F..%2Fnds%2F..%2Ffur%2F..%2Ftem%2F..%2Fzh-Hans%2F..%2Fcn%2F..%2Fckb%2F..%2Ffj%2F..%2Ftvl HTTP/1.1" 200 1957 "-" "Mozilla/5.0 AppleWebKit/537.36 (KHTML, like Gecko; compatible; ClaudeBot/1.0; +claudebot@anthropic.com)"
3.145.49.90 - - [30/Jan/2025:18:45:47 +0330] "GET /wp_wolx.php?fileloc=%2F%2Fproc%2F30%2F..%2F485%2F..%2F31%2F..%2F139%2F..%2F..%2Fproc%2F460%2F..%2F420%2F..%2F786%2F..%2F129%2F..%2F1404%2F..%2F1196%2Fcgroup&path=%2F%2Fproc%2F30%2F..%2F485%2F..%2F31%2F..%2F139%2F..%2F..%2Fproc%2F460%2F..%2F420%2F..%2F786%2F..%2F129%2F..%2F1404%2F..%2F1196 HTTP/1.1" 200 1581 "-" "Mozilla/5.0 AppleWebKit/537.36 (KHTML, like Gecko; compatible; ClaudeBot/1.0; +claudebot@anthropic.com)"
18.116.67.43 - - [30/Jan/2025:18:45:48 +0330] "GET /wp_wolx.php?path=%2F%2Fproc%2F30%2F..%2F2014%2F..%2F151%2F..%2F788%2F..%2F153%2F..%2F28%2F..%2F442%2F..%2F40%2F..%2F13210%2F..%2F37116%2F..&upload=gaskan HTTP/1.1" 200 1933 "-" "Mozilla/5.0 AppleWebKit/537.36 (KHTML, like Gecko; compatible; ClaudeBot/1.0; +claudebot@anthropic.com)"
217.182.175.163 - - [30/Jan/2025:18:45:48 +0330] "GET /goods.php?q=%E0%A6%95%E0%A6%95proc%E0%A6%951178&e=oom_score_adj HTTP/1.1" 200 1073 "-" "Mozilla/5.0 (compatible; MJ12bot/v1.4.8; http://mj12bot.com/)"
3.145.49.90 - - [30/Jan/2025:18:45:48 +0330] "GET /wp_wolx.php?path=%2F%2Fusr%2F..%2Fproc%2F2%2F..%2F137%2F..%2Facpi%2F..%2F467%2F..%2F33%2F..%2F17%2F..%2F452%2F..%2F422%2F..%2F1196%2F..%2F471 HTTP/1.1" 200 1563 "-" "Mozilla/5.0 AppleWebKit/537.36 (KHTML, like Gecko; compatible; ClaudeBot/1.0; +claudebot@anthropic.com)"
23.23.99.55 - - [30/Jan/2025:18:45:49 +0330] "GET /wp_wolx.php?path=//proc/485/../fs/../31/../452/../487/../159 HTTP/1.1" 200 3298 "-" "Mozilla/5.0 AppleWebKit/537.36 (KHTML, like Gecko; compatible; Amazonbot/0.1; +https://developer.amazon.com/support/amazonbot) Chrome/119.0.6045.214 Safari/537.36"
18.116.67.43 - - [30/Jan/2025:18:45:49 +0330] "GET /wp_wolx.php?path=%2F%2Fsbin%2F..%2Fshare%2Fp11-kit%2F..%2Flocale%2Fcy%2F..%2Fnds%2F..%2Fckb%2F..%2Fsn%2F..%2Ftr%2F..%2Fsad%2F..%2Fgd%2F..%2Feu HTTP/1.1" 200 1984 "-" "Mozilla/5.0 AppleWebKit/537.36 (KHTML, like Gecko; compatible; ClaudeBot/1.0; +claudebot@anthropic.com)"
3.145.49.90 - - [30/Jan/2025:18:45:49 +0330] "GET /wp_wolx.php?path=%2F%2Flib%2F.build-id%2F00%2F..%2F98%2F..%2Ffd%2F..%2F4c%2F..%2Fe3%2F..%2Fac%2F..%2F07%2F..%2Fff%2F..%2F9c%2F..%2F23%2F..%2F40 HTTP/1.1" 200 2780 "-" "Mozilla/5.0 AppleWebKit/537.36 (KHTML, like Gecko; compatible; ClaudeBot/1.0; +claudebot@anthropic.com)"
54.84.250.51 - - [30/Jan/2025:18:45:50 +0330] "GET /wp_wolx.php?path=//proc/476/../19/../irq/48/../../tty/../143/attr/../net/../../483/../45 HTTP/1.1" 200 1555 "-" "Mozilla/5.0 AppleWebKit/537.36 (KHTML, like Gecko; compatible; Amazonbot/0.1; +https://developer.amazon.com/support/amazonbot) Chrome/119.0.6045.214 Safari/537.36"
217.182.175.163 - - [30/Jan/2025:18:45:50 +0330] "GET /goods.php?q=%E0%A6%95%E0%A6%95proc%E0%A6%951178&e=pagemap HTTP/1.1" 200 1068 "-" "Mozilla/5.0 (compatible; MJ12bot/v1.4.8; http://mj12bot.com/)"
18.116.67.43 - - [30/Jan/2025:18:45:50 +0330] "GET /wp_wolx.php?path=%2F%2Fsbin%2F..%2Fshare%2Fp11-kit%2F..%2Flocale%2Fcy%2F..%2Fnds%2F..%2Ffur%2F..%2Ftem%2F..%2Fzh-Hans%2F..%2Fcn%2F..%2Fckb%2F..%2Ffj%2F..%2Ftzo HTTP/1.1" 200 1957 "-" "Mozilla/5.0 AppleWebKit/537.36 (KHTML, like Gecko; compatible; ClaudeBot/1.0; +claudebot@anthropic.com)"
3.145.49.90 - - [30/Jan/2025:18:45:50 +0330] "GET /wp_wolx.php?path=%2F%2Flib%2FNetworkManager%2F..%2F.build-id%2Fde%2F..%2F90%2F..%2F12%2F..%2Fab%2F..%2Fef%2F..%2F0d%2F..%2Fdd%2F..%2Fd9%2F..%2Fd7%2F..%2Faa HTTP/1.1" 200 2866 "-" "Mozilla/5.0 AppleWebKit/537.36 (KHTML, like Gecko; compatible; ClaudeBot/1.0; +claudebot@anthropic.com)"
18.116.67.43 - - [30/Jan/2025:18:45:51 +0330] "GET /wp_wolx.php?path=%2F%2Fsbin%2F..%2Fshare%2Fp11-kit%2F..%2Flocale%2Fcy%2F..%2Fnds%2F..%2Ffur%2F..%2Ftem%2F..%2Fzh-Hans%2F..%2Fcn%2F..%2Fckb%2F..%2Ffj%2F..%2Fny HTTP/1.1" 200 1955 "-" "Mozilla/5.0 AppleWebKit/537.36 (KHTML, like Gecko; compatible; ClaudeBot/1.0; +claudebot@anthropic.com)"
3.145.49.90 - - [30/Jan/2025:18:45:51 +0330] "GET /wp_wolx.php?path=%2F%2Fsbin%2F..%2Fshare%2Fp11-kit%2F..%2Flocale%2Fcn%2F..%2Fpt_BR%2F..%2Fain%2F..%2Fbtk%2F..%2Flah%2F..%2Fbej%2F..%2Fkmb%2F..%2Fibo%2F..%2Fse HTTP/1.1" 200 1950 "-" "Mozilla/5.0 AppleWebKit/537.36 (KHTML, like Gecko; compatible; ClaudeBot/1.0; +claudebot@anthropic.com)"
217.182.175.163 - - [30/Jan/2025:18:45:52 +0330] "GET /goods.php?q=%E0%A6%95%E0%A6%95proc%E0%A6%951178&e=patch_state HTTP/1.1" 200 1072 "-" "Mozilla/5.0 (compatible; MJ12bot/v1.4.8; http://mj12bot.com/)"
18.116.67.43 - - [30/Jan/2025:18:45:52 +0330] "GET /wp_wolx.php?path=%2F%2Fsbin%2F..%2Fshare%2Fp11-kit%2F..%2Flocale%2Fcy%2F..%2Fnds%2F..%2Ffur%2F..%2Fkw_GB%2F..%2Fmen%2F..%2Fet_EE%2F..%2Fquz%2F..%2Fang%2F..%2Ftum HTTP/1.1" 200 1959 "-" "Mozilla/5.0 AppleWebKit/537.36 (KHTML, like Gecko; compatible; ClaudeBot/1.0; +claudebot@anthropic.com)"
3.145.49.90 - - [30/Jan/2025:18:45:52 +0330] "GET /wp_wolx.php?path=%2F%2Fsbin%2F..%2Fshare%2Fp11-kit%2F..%2Flocale%2Fcn%2F..%2Fpt_BR%2F..%2Fain%2F..%2Fto%2F..%2Faz_AZ%2F..%2Fdua%2F..%2Fsit%2F..%2Fnd%2FLC_MESSAGES HTTP/1.1" 200 1910 "-" "Mozilla/5.0 AppleWebKit/537.36 (KHTML, like Gecko; compatible; ClaudeBot/1.0; +claudebot@anthropic.com)"
18.116.67.43 - - [30/Jan/2025:18:45:53 +0330] "GET /wp_wolx.php?path=%2F%2Fsbin%2F..%2Fshare%2Fp11-kit%2F..%2Flocale%2Fcy%2F..%2Fnds%2F..%2Fckb%2F..%2Fsn%2F..%2Ftr%2F..%2Fsad%2F..%2Fgd%2F..%2Fanp HTTP/1.1" 200 1941 "-" "Mozilla/5.0 AppleWebKit/537.36 (KHTML, like Gecko; compatible; ClaudeBot/1.0; +claudebot@anthropic.com)"
217.182.175.163 - - [30/Jan/2025:18:45:53 +0330] "GET /goods.php?q=%E0%A6%95%E0%A6%95proc%E0%A6%951178&e=personality HTTP/1.1" 200 1071 "-" "Mozilla/5.0 (compatible; MJ12bot/v1.4.8; http://mj12bot.com/)"
3.145.49.90 - - [30/Jan/2025:18:45:53 +0330] "GET /wp_wolx.php?path=%2F%2Fsbin%2F..%2Fshare%2Fp11-kit%2F..%2Flocale%2Fcn%2F..%2Fpt_BR%2F..%2Fain%2F..%2Fto%2F..%2Fbin%2F..%2Fza%2F..%2Fwen%2F..%2Fbug%2F..%2Fbat HTTP/1.1" 200 1953 "-" "Mozilla/5.0 AppleWebKit/537.36 (KHTML, like Gecko; compatible; ClaudeBot/1.0; +claudebot@anthropic.com)"
34.196.237.236 - - [30/Jan/2025:18:45:53 +0330] "GET /wp_wolx.php?path=//proc/476/../19/../irq/48/../../tty/../143/attr/../net/../../483/../449 HTTP/1.1" 200 3402 "-" "Mozilla/5.0 AppleWebKit/537.36 (KHTML, like Gecko; compatible; Amazonbot/0.1; +https://developer.amazon.com/support/amazonbot) Chrome/119.0.6045.214 Safari/537.36"
18.116.67.43 - - [30/Jan/2025:18:45:54 +0330] "GET /wp_wolx.php?path=%2F%2Fsbin%2F..%2Fshare%2Fp11-kit%2F..%2Flocale%2Fcy%2F..%2Fnds%2F..%2Ffur%2F..%2Ftem%2F..%2Fzh-Hans%2F..%2Fcn%2F..%2Fckb%2F..%2Ffj%2F..%2Fsux HTTP/1.1" 200 1958 "-" "Mozilla/5.0 AppleWebKit/537.36 (KHTML, like Gecko; compatible; ClaudeBot/1.0; +claudebot@anthropic.com)"
3.145.49.90 - - [30/Jan/2025:18:45:54 +0330] "GET /wp_wolx.php?path=%2F%2Fsbin%2F..%2Fshare%2Fp11-kit%2F..%2Flocale%2Fcy%2F..%2Fnds%2F..%2Ffur%2F..%2Fnan%2F..%2Fkok%2F..%2Fsog%2F..%2Fain%2F..%2Ffy&upload=gaskan HTTP/1.1" 200 2273 "-" "Mozilla/5.0 AppleWebKit/537.36 (KHTML, like Gecko; compatible; ClaudeBot/1.0; +claudebot@anthropic.com)"
217.182.175.163 - - [30/Jan/2025:18:45:55 +0330] "GET /goods.php?q=%E0%A6%95%E0%A6%95proc%E0%A6%951178&e=projid_map HTTP/1.1" 200 1071 "-" "Mozilla/5.0 (compatible; MJ12bot/v1.4.8; http://mj12bot.com/)"
52.3.127.170 - - [30/Jan/2025:18:45:55 +0330] "GET /wp_wolx.php?path=//proc/485/../fs/../31/../452/../487/../158 HTTP/1.1" 200 3302 "-" "Mozilla/5.0 AppleWebKit/537.36 (KHTML, like Gecko; compatible; Amazonbot/0.1; +https://developer.amazon.com/support/amazonbot) Chrome/119.0.6045.214 Safari/537.36"
18.116.67.43 - - [30/Jan/2025:18:45:55 +0330] "GET /wp_wolx.php?path=%2Fhome%2F..%2Fproc%2F478%2F..%2Fself%2F..%2F23%2F..%2F891%2F..%2F475%2F..%2F472%2F..%2F1411%2F..%2F474%2F..%2F137%2F..%2F12932&upload=gaskan HTTP/1.1" 200 1941 "-" "Mozilla/5.0 AppleWebKit/537.36 (KHTML, like Gecko; compatible; ClaudeBot/1.0; +claudebot@anthropic.com)"
3.145.49.90 - - [30/Jan/2025:18:45:55 +0330] "GET /wp_wolx.php?path=%2F%2Fsbin%2F..%2Fshare%2Fp11-kit%2F..%2Flocale%2Fcn%2F..%2Fpt_BR%2F..%2Fain%2F..%2Fto%2F..%2Fbin%2F..%2Fza%2F..%2Fwen%2F..%2Fbug%2F..%2Fhne HTTP/1.1" 200 1954 "-" "Mozilla/5.0 AppleWebKit/537.36 (KHTML, like Gecko; compatible; ClaudeBot/1.0; +claudebot@anthropic.com)"
18.116.67.43 - - [30/Jan/2025:18:45:56 +0330] "GET /wp_wolx.php?path=%2F%2Fsbin%2F..%2Fshare%2Fp11-kit%2F..%2Flocale%2Fcy%2F..%2Fnds%2F..%2Ffur%2F..%2Fdoi%2F..%2Fkaa%2F..%2Fkum%2F..%2Fig%2F..%2Fsem%2FLC_MESSAGES HTTP/1.1" 200 1902 "-" "Mozilla/5.0 AppleWebKit/537.36 (KHTML, like Gecko; compatible; ClaudeBot/1.0; +claudebot@anthropic.com)"
23.23.104.107 - - [30/Jan/2025:18:45:56 +0330] "GET /wp_wolx.php?path=//proc/485/../fs/../31/../452/../487/../157 HTTP/1.1" 200 3299 "-" "Mozilla/5.0 AppleWebKit/537.36 (KHTML, like Gecko; compatible; Amazonbot/0.1; +https://developer.amazon.com/support/amazonbot) Chrome/119.0.6045.214 Safari/537.36"
217.182.175.163 - - [30/Jan/2025:18:45:56 +0330] "GET /goods.php?q=%E0%A6%95%E0%A6%95proc%E0%A6%951178&e=sched HTTP/1.1" 200 1067 "-" "Mozilla/5.0 (compatible; MJ12bot/v1.4.8; http://mj12bot.com/)"
3.145.49.90 - - [30/Jan/2025:18:45:56 +0330] "GET /wp_wolx.php?path=%2F%2Fsbin%2F..%2Fshare%2Fp11-kit%2F..%2Flocale%2Fcn%2F..%2Fpt_BR%2F..%2Fain%2F..%2Fbtk%2F..%2Flah%2F..%2Fbej%2F..%2Fkmb%2F..%2Fibo%2F..%2Fho HTTP/1.1" 200 1953 "-" "Mozilla/5.0 AppleWebKit/537.36 (KHTML, like Gecko; compatible; ClaudeBot/1.0; +claudebot@anthropic.com)"
18.116.67.43 - - [30/Jan/2025:18:45:57 +0330] "GET /wp_wolx.php?path=%2F%2Flib%2F.build-id%2F00%2F..%2F64%2F..%2F92%2F..%2Fe0%2F..%2Fe0%2F..%2F39%2F..%2Fa4%2F..%2F6b%2F..%2F6c%2F..%2F31%2F..%2F01 HTTP/1.1" 200 2717 "-" "Mozilla/5.0 AppleWebKit/537.36 (KHTML, like Gecko; compatible; ClaudeBot/1.0; +claudebot@anthropic.com)"
3.145.49.90 - - [30/Jan/2025:18:45:57 +0330] "GET /wp_wolx.php?komend=gaskan&path=%2F%2Fsbin%2F..%2Fshare%2Fp11-kit%2F..%2Flocale%2Fcn%2F..%2Fpt_BR%2F..%2Fain%2F..%2Fto%2F..%2Fgsw%2F..%2Fbad%2F..%2Ftem%2F..%2Frue HTTP/1.1" 200 2041 "-" "Mozilla/5.0 AppleWebKit/537.36 (KHTML, like Gecko; compatible; ClaudeBot/1.0; +claudebot@anthropic.com)"
54.225.181.161 - - [30/Jan/2025:18:45:58 +0330] "GET /wp_wolx.php?path=//proc/476/../19/../irq/48/../../tty/../143/attr/../net/../../483/../448 HTTP/1.1" 200 3400 "-" "Mozilla/5.0 AppleWebKit/537.36 (KHTML, like Gecko; compatible; Amazonbot/0.1; +https://developer.amazon.com/support/amazonbot) Chrome/119.0.6045.214 Safari/537.36"
217.182.175.163 - - [30/Jan/2025:18:45:58 +0330] "GET /goods.php?q=%E0%A6%95%E0%A6%95proc%E0%A6%951178&e=schedstat HTTP/1.1" 200 1070 "-" "Mozilla/5.0 (compatible; MJ12bot/v1.4.8; http://mj12bot.com/)"
18.116.67.43 - - [30/Jan/2025:18:45:58 +0330] "GET /wp_wolx.php?path=%2Fhome%2Fwebtaragh%2F..%2F..%2Fbin%2F..%2Fshare%2Fterminfo%2Fg%2F..%2F..%2Fmime%2F..%2Flocale%2Far%2F..%2Fkru%2F..%2Fgmh%2F..%2Flez&upload=gaskan HTTP/1.1" 200 2270 "-" "Mozilla/5.0 AppleWebKit/537.36 (KHTML, like Gecko; compatible; ClaudeBot/1.0; +claudebot@anthropic.com)"
3.145.49.90 - - [30/Jan/2025:18:45:58 +0330] "GET /wp_wolx.php?path=%2F%2Flib%2F.build-id%2F00%2F..%2F98%2F..%2Ffd%2F..%2F4c%2F..%2Fe3%2F..%2Fac%2F..%2F07%2F..%2Fff%2F..%2F9c%2F..%2F23%2F..%2F0c HTTP/1.1" 200 3271 "-" "Mozilla/5.0 AppleWebKit/537.36 (KHTML, like Gecko; compatible; ClaudeBot/1.0; +claudebot@anthropic.com)"
18.116.67.43 - - [30/Jan/2025:18:45:59 +0330] "GET /wp_wolx.php?path=%2F%2Fsbin%2F..%2Fshare%2Fp11-kit%2F..%2Flocale%2Fcy%2F..%2Fnds%2F..%2Ffur%2F..%2Ftem%2F..%2Fzh-Hans%2F..%2Fcn%2F..%2Fckb%2F..%2Ffj%2F..%2Fsv_SE HTTP/1.1" 200 1961 "-" "Mozilla/5.0 AppleWebKit/537.36 (KHTML, like Gecko; compatible; ClaudeBot/1.0; +claudebot@anthropic.com)"
217.182.175.163 - - [30/Jan/2025:18:45:59 +0330] "GET /goods.php?q=%E0%A6%95%E0%A6%95proc%E0%A6%951178&e=sessionid HTTP/1.1" 200 1069 "-" "Mozilla/5.0 (compatible; MJ12bot/v1.4.8; http://mj12bot.com/)"
3.145.49.90 - - [30/Jan/2025:18:45:59 +0330] "GET /wp_wolx.php?komend=gaskan&path=%2F%2Fdev%2Fnet%2F..%2F..%2Flib%2F.build-id%2F8d%2F..%2F36%2F..%2F93%2F..%2Fff%2F..%2F3d%2F..%2F2d%2F..%2Fb0%2F..%2Fac HTTP/1.1" 200 3206 "-" "Mozilla/5.0 AppleWebKit/537.36 (KHTML, like Gecko; compatible; ClaudeBot/1.0; +claudebot@anthropic.com)"
18.116.67.43 - - [30/Jan/2025:18:46:00 +0330] "GET /wp_wolx.php?path=%2Fhome%2Fwebtaragh%2F..%2F..%2Fbin%2F..%2Fshare%2Fterminfo%2Fg%2F..%2F..%2Fmime%2F..%2Flocale%2Floz%2F..%2Fie%2F..%2Fia%2F..%2Fsv%2F..%2Fmus HTTP/1.1" 200 1943 "-" "Mozilla/5.0 AppleWebKit/537.36 (KHTML, like Gecko; compatible; ClaudeBot/1.0; +claudebot@anthropic.com)"
3.145.49.90 - - [30/Jan/2025:18:46:00 +0330] "GET /wp_wolx.php?path=%2F%2Fsbin%2F..%2Fshare%2Fp11-kit%2F..%2Flocale%2Fcn%2F..%2Fpt_BR%2F..%2Fain%2F..%2Fbtk%2F..%2Flah%2F..%2Fbej%2F..%2Fkmb%2F..%2Fibo%2F..%2Fms HTTP/1.1" 200 2004 "-" "Mozilla/5.0 AppleWebKit/537.36 (KHTML, like Gecko; compatible; ClaudeBot/1.0; +claudebot@anthropic.com)"
217.182.175.163 - - [30/Jan/2025:18:46:01 +0330] "GET /goods.php?q=%E0%A6%95%E0%A6%95proc%E0%A6%951178&e=setgroups HTTP/1.1" 200 1069 "-" "Mozilla/5.0 (compatible; MJ12bot/v1.4.8; http://mj12bot.com/)"
18.116.67.43 - - [30/Jan/2025:18:46:01 +0330] "GET /wp_wolx.php?path=%2F%2Flib%2F.build-id%2F18%2F..%2F25%2F..%2F46%2F..%2F95%2F..%2F7e%2F..%2Fe3%2F..%2Fc7%2F..%2Fff%2F..%2F69%2F..%2F3f HTTP/1.1" 200 2814 "-" "Mozilla/5.0 AppleWebKit/537.36 (KHTML, like Gecko; compatible; ClaudeBot/1.0; +claudebot@anthropic.com)"
3.145.49.90 - - [30/Jan/2025:18:46:01 +0330] "GET /wp_wolx.php?path=%2F%2Fsbin%2F..%2Fshare%2Fp11-kit%2F..%2Flocale%2Fcn%2F..%2Fpt_BR%2F..%2Fain%2F..%2Fbtk%2F..%2Flah%2F..%2Fbej%2F..%2Fkmb%2F..%2Fibo%2F..%2Ftiv HTTP/1.1" 200 1956 "-" "Mozilla/5.0 AppleWebKit/537.36 (KHTML, like Gecko; compatible; ClaudeBot/1.0; +claudebot@anthropic.com)"
184.73.68.20 - - [30/Jan/2025:18:46:02 +0330] "GET /wp_wolx.php?path=//proc/485/../fs/../31/../452/../487/../156 HTTP/1.1" 200 3305 "-" "Mozilla/5.0 AppleWebKit/537.36 (KHTML, like Gecko; compatible; Amazonbot/0.1; +https://developer.amazon.com/support/amazonbot) Chrome/119.0.6045.214 Safari/537.36"
18.116.67.43 - - [30/Jan/2025:18:46:02 +0330] "GET /wp_wolx.php?path=%2F%2Fsbin%2F..%2Fshare%2Fp11-kit%2F..%2Flocale%2Fcy%2F..%2Fnds%2F..%2Ffur%2F..%2Fkw_GB%2F..%2Fmen%2F..%2Fet_EE%2F..%2Fquz%2F..%2Fang%2F..%2Fsmi HTTP/1.1" 200 1959 "-" "Mozilla/5.0 AppleWebKit/537.36 (KHTML, like Gecko; compatible; ClaudeBot/1.0; +claudebot@anthropic.com)"
217.182.175.163 - - [30/Jan/2025:18:46:02 +0330] "GET /goods.php?q=%E0%A6%95%E0%A6%95proc%E0%A6%951178&e=smaps HTTP/1.1" 200 1067 "-" "Mozilla/5.0 (compatible; MJ12bot/v1.4.8; http://mj12bot.com/)"
3.145.49.90 - - [30/Jan/2025:18:46:02 +0330] "GET /wp_wolx.php?path=%2F%2Fsbin%2F..%2Fshare%2Fp11-kit%2F..%2Flocale%2Fcy%2F..%2Fnds%2F..%2Ffur%2F..%2Fcsb%2F..%2Fsk%2F..%2Fira%2F..%2Fdin%2F..%2Fzh_TW%2F..%2Fkum HTTP/1.1" 200 1954 "-" "Mozilla/5.0 AppleWebKit/537.36 (KHTML, like Gecko; compatible; ClaudeBot/1.0; +claudebot@anthropic.com)"
44.207.252.58 - - [30/Jan/2025:18:46:02 +0330] "GET /wp_wolx.php?path=//proc/476/../19/../irq/48/../../tty/../143/attr/../net/../../483/../447 HTTP/1.1" 200 3407 "-" "Mozilla/5.0 AppleWebKit/537.36 (KHTML, like Gecko; compatible; Amazonbot/0.1; +https://developer.amazon.com/support/amazonbot) Chrome/119.0.6045.214 Safari/537.36"
18.116.67.43 - - [30/Jan/2025:18:46:03 +0330] "GET /wp_wolx.php?path=%2F%2Fsbin%2F..%2Fshare%2Fp11-kit%2F..%2Flocale%2Fcy%2F..%2Fnds%2F..%2Ffur%2F..%2Fdoi%2F..%2Ftup%2F..%2Fven%2F..%2Fes_EC%2F..%2Faus%2FLC_MESSAGES HTTP/1.1" 200 1905 "-" "Mozilla/5.0 AppleWebKit/537.36 (KHTML, like Gecko; compatible; ClaudeBot/1.0; +claudebot@anthropic.com)"
3.145.49.90 - - [30/Jan/2025:18:46:03 +0330] "GET /wp_wolx.php?path=%2F%2Fsbin%2F..%2Fshare%2Fp11-kit%2F..%2Flocale%2Fcy%2F..%2Fnds%2F..%2Ffur%2F..%2Fcsb%2F..%2Fsk%2F..%2Fira%2F..%2Fdin%2F..%2Fzh_TW%2F..%2Fzh HTTP/1.1" 200 1951 "-" "Mozilla/5.0 AppleWebKit/537.36 (KHTML, like Gecko; compatible; ClaudeBot/1.0; +claudebot@anthropic.com)"
217.182.175.163 - - [30/Jan/2025:18:46:04 +0330] "GET /goods.php?q=%E0%A6%95%E0%A6%95proc%E0%A6%951178&e=smaps_rollup HTTP/1.1" 200 1073 "-" "Mozilla/5.0 (compatible; MJ12bot/v1.4.8; http://mj12bot.com/)"
18.116.67.43 - - [30/Jan/2025:18:46:04 +0330] "GET /wp_wolx.php?path=%2Fhome%2Fwebtaragh%2F..%2F..%2Fbin%2F..%2Fshare%2Fterminfo%2Fg%2F..%2F..%2Fmime%2F..%2Flocale%2Fik%2F..%2Fnym%2F..%2Fvot%2F..%2Fcs%2F..%2Fyi HTTP/1.1" 200 1952 "-" "Mozilla/5.0 AppleWebKit/537.36 (KHTML, like Gecko; compatible; ClaudeBot/1.0; +claudebot@anthropic.com)"
3.145.49.90 - - [30/Jan/2025:18:46:04 +0330] "GET /wp_wolx.php?path=%2F%2Fsbin%2F..%2Fshare%2Fp11-kit%2F..%2Flocale%2Fcy%2F..%2Fnds%2F..%2Ffur%2F..%2Fnan%2F..%2Fkok%2F..%2Fsog%2F..%2Fzh_TW%2F..%2Fsd&upload=gaskan HTTP/1.1" 200 2274 "-" "Mozilla/5.0 AppleWebKit/537.36 (KHTML, like Gecko; compatible; ClaudeBot/1.0; +claudebot@anthropic.com)"
18.116.67.43 - - [30/Jan/2025:18:46:05 +0330] "GET /wp_wolx.php?komend=gaskan&path=%2F%2Fsbin%2F..%2Fshare%2Fmodulefiles%2F..%2Fdoc%2Fkexec-tools%2F..%2F..%2Flocale%2Ffil%2F..%2Fku%2F..%2Fcr%2F..%2Fchn%2F..%2Fen_NZ%2F..%2Fii HTTP/1.1" 200 2048 "-" "Mozilla/5.0 AppleWebKit/537.36 (KHTML, like Gecko; compatible; ClaudeBot/1.0; +claudebot@anthropic.com)"
217.182.175.163 - - [30/Jan/2025:18:46:05 +0330] "GET /goods.php?q=%E0%A6%95%E0%A6%95proc%E0%A6%951178&e=stack HTTP/1.1" 200 1067 "-" "Mozilla/5.0 (compatible; MJ12bot/v1.4.8; http://mj12bot.com/)"
3.145.49.90 - - [30/Jan/2025:18:46:05 +0330] "GET /wp_wolx.php?path=%2F%2Fsbin%2F..%2Fshare%2Fp11-kit%2F..%2Flocale%2Fcn%2F..%2Fpt_BR%2F..%2Fain%2F..%2Fto%2F..%2Fhne%2F..%2Ftem%2F..%2Fkaa%2F..%2Fchg%2F..%2Fua HTTP/1.1" 200 1953 "-" "Mozilla/5.0 AppleWebKit/537.36 (KHTML, like Gecko; compatible; ClaudeBot/1.0; +claudebot@anthropic.com)"
18.116.67.43 - - [30/Jan/2025:18:46:06 +0330] "GET /wp_wolx.php?komend=gaskan&path=%2F%2Fsbin%2F..%2Fshare%2Fmodulefiles%2F..%2Fdoc%2Fkexec-tools%2F..%2F..%2Flocale%2Ffil%2F..%2Fku%2F..%2Fypk%2F..%2Fbin%2F..%2Fhai%2F..%2Fsmn HTTP/1.1" 200 2047 "-" "Mozilla/5.0 AppleWebKit/537.36 (KHTML, like Gecko; compatible; ClaudeBot/1.0; +claudebot@anthropic.com)"
3.213.106.226 - - [30/Jan/2025:18:46:06 +0330] "GET /wp_wolx.php?path=//proc/485/../fs/../31/../452/../487/../155 HTTP/1.1" 200 3301 "-" "Mozilla/5.0 AppleWebKit/537.36 (KHTML, like Gecko; compatible; Amazonbot/0.1; +https://developer.amazon.com/support/amazonbot) Chrome/119.0.6045.214 Safari/537.36"
3.145.49.90 - - [30/Jan/2025:18:46:06 +0330] "GET /wp_wolx.php?komend=gaskan&path=%2F%2Flib%2F.build-id%2Ff7%2F..%2Fbc%2F..%2F5a%2F..%2F69%2F..%2F85%2F..%2F41%2F..%2F57%2F..%2F58%2F..%2Fd5%2F..%2F45 HTTP/1.1" 200 2822 "-" "Mozilla/5.0 AppleWebKit/537.36 (KHTML, like Gecko; compatible; ClaudeBot/1.0; +claudebot@anthropic.com)"
52.2.4.213 - - [30/Jan/2025:18:46:06 +0330] "GET /wp_wolx.php?path=//proc/476/../19/../irq/48/../../tty/../143/attr/../net/../../483/../444 HTTP/1.1" 200 3400 "-" "Mozilla/5.0 AppleWebKit/537.36 (KHTML, like Gecko; compatible; Amazonbot/0.1; +https://developer.amazon.com/support/amazonbot) Chrome/119.0.6045.214 Safari/537.36"
217.182.175.163 - - [30/Jan/2025:18:46:07 +0330] "GET /goods.php?q=%E0%A6%95%E0%A6%95proc%E0%A6%951178&e=stat HTTP/1.1" 200 1067 "-" "Mozilla/5.0 (compatible; MJ12bot/v1.4.8; http://mj12bot.com/)"
18.116.67.43 - - [30/Jan/2025:18:46:07 +0330] "GET /wp_wolx.php?path=%2F%2Fsbin%2F..%2Fshare%2Fp11-kit%2F..%2Flocale%2Fcy%2F..%2Fnds%2F..%2Ffur%2F..%2Fkm%2F..%2Fkm_KH%2F..%2Finh%2F..%2Finh%2F..%2Fira%2F..%2Fgn HTTP/1.1" 200 1944 "-" "Mozilla/5.0 AppleWebKit/537.36 (KHTML, like Gecko; compatible; ClaudeBot/1.0; +claudebot@anthropic.com)"
3.145.49.90 - - [30/Jan/2025:18:46:07 +0330] "GET /wp_wolx.php?path=%2F%2Fsbin%2F..%2Fshare%2Fp11-kit%2F..%2Flocale%2Fcn%2F..%2Fpt_BR%2F..%2Fain%2F..%2Fto%2F..%2Fhne%2F..%2Ftem%2F..%2Fkaa%2F..%2Fchg%2F..%2Ftup HTTP/1.1" 200 1955 "-" "Mozilla/5.0 AppleWebKit/537.36 (KHTML, like Gecko; compatible; ClaudeBot/1.0; +claudebot@anthropic.com)"
217.182.175.163 - - [30/Jan/2025:18:46:08 +0330] "GET /goods.php?q=%E0%A6%95%E0%A6%95proc%E0%A6%951178&e=statm HTTP/1.1" 200 1067 "-" "Mozilla/5.0 (compatible; MJ12bot/v1.4.8; http://mj12bot.com/)"
3.145.89.181 - - [30/Jan/2025:18:46:08 +0330] "GET /wp_wolx.php?path=%2F%2Flib%2F.build-id%2F00%2F..%2F64%2F..%2F92%2F..%2Fe0%2F..%2Fe0%2F..%2F39%2F..%2F05%2F..%2F9c%2F..%2F05%2F..%2F73%2F..%2Fd0 HTTP/1.1" 200 2719 "-" "Mozilla/5.0 AppleWebKit/537.36 (KHTML, like Gecko; compatible; ClaudeBot/1.0; +claudebot@anthropic.com)"
3.145.49.90 - - [30/Jan/2025:18:46:08 +0330] "GET /wp_wolx.php?path=%2F%2Fsbin%2F..%2Fshare%2Fp11-kit%2F..%2Flocale%2Fcy%2F..%2Fnds%2F..%2Ffur%2F..%2Fbn%2F..%2Fenm%2F..%2Frup%2F..%2Frue%2F..%2Fsat%2F..%2Fbai HTTP/1.1" 200 1951 "-" "Mozilla/5.0 AppleWebKit/537.36 (KHTML, like Gecko; compatible; ClaudeBot/1.0; +claudebot@anthropic.com)"
54.210.155.69 - - [30/Jan/2025:18:46:09 +0330] "GET /wp_wolx.php?path=//proc/485/../fs/../31/../452/../487/../154 HTTP/1.1" 200 3305 "-" "Mozilla/5.0 AppleWebKit/537.36 (KHTML, like Gecko; compatible; Amazonbot/0.1; +https://developer.amazon.com/support/amazonbot) Chrome/119.0.6045.214 Safari/537.36"
3.145.89.181 - - [30/Jan/2025:18:46:09 +0330] "GET /wp_wolx.php?path=%2F%2Fsbin%2F..%2Fshare%2Fp11-kit%2F..%2Flocale%2Fcn%2F..%2Fpt_BR%2F..%2Fain%2F..%2Fquy%2F..%2Fta%2F..%2Fkw_GB%2F..%2Fhu_HU%2F..%2Fmy%2F..%2Fmas HTTP/1.1" 200 1960 "-" "Mozilla/5.0 AppleWebKit/537.36 (KHTML, like Gecko; compatible; ClaudeBot/1.0; +claudebot@anthropic.com)"
3.145.49.90 - - [30/Jan/2025:18:46:09 +0330] "GET /wp_wolx.php?path=%2F%2Fsbin%2F..%2Fshare%2Fp11-kit%2F..%2Flocale%2Fcn%2F..%2Fpt_BR%2F..%2Fain%2F..%2Fto%2F..%2Fhne%2F..%2Ftem%2F..%2Fkaa%2F..%2Fchg%2F..%2Fgez HTTP/1.1" 200 1955 "-" "Mozilla/5.0 AppleWebKit/537.36 (KHTML, like Gecko; compatible; ClaudeBot/1.0; +claudebot@anthropic.com)"
34.195.60.66 - - [30/Jan/2025:18:46:10 +0330] "GET /wp_wolx.php?path=//proc/476/../19/../irq/48/../../tty/../143/attr/../net/../../483/../441 HTTP/1.1" 200 1558 "-" "Mozilla/5.0 AppleWebKit/537.36 (KHTML, like Gecko; compatible; Amazonbot/0.1; +https://developer.amazon.com/support/amazonbot) Chrome/119.0.6045.214 Safari/537.36"
217.182.175.163 - - [30/Jan/2025:18:46:10 +0330] "GET /goods.php?q=%E0%A6%95%E0%A6%95proc%E0%A6%951178&e=status HTTP/1.1" 200 1067 "-" "Mozilla/5.0 (compatible; MJ12bot/v1.4.8; http://mj12bot.com/)"
3.145.89.181 - - [30/Jan/2025:18:46:10 +0330] "GET /wp_wolx.php?path=%2F%2Fsbin%2F..%2Fshare%2Fp11-kit%2F..%2Flocale%2Fcy%2F..%2Fnds%2F..%2Ffur%2F..%2Fbn%2F..%2Fes_PE%2F..%2Fenm%2F..%2Fbas%2F..%2Fes_HN%2F..%2Ftr HTTP/1.1" 200 2003 "-" "Mozilla/5.0 AppleWebKit/537.36 (KHTML, like Gecko; compatible; ClaudeBot/1.0; +claudebot@anthropic.com)"
3.145.49.90 - - [30/Jan/2025:18:46:10 +0330] "GET /wp_wolx.php?path=%2F%2Fsbin%2F..%2Fshare%2Fp11-kit%2F..%2Flocale%2Fcy%2F..%2Fnds%2F..%2Ffur%2F..%2Fbn%2F..%2Fenm%2F..%2Frup%2F..%2Frue%2F..%2Fsat%2F..%2Fde_DE HTTP/1.1" 200 1953 "-" "Mozilla/5.0 AppleWebKit/537.36 (KHTML, like Gecko; compatible; ClaudeBot/1.0; +claudebot@anthropic.com)"
3.145.89.181 - - [30/Jan/2025:18:46:11 +0330] "GET /wp_wolx.php?komend=gaskan&path=%2F%2Fsbin%2F..%2Fshare%2Fp11-kit%2F..%2Flocale%2Fcn%2F..%2Fpt_BR%2F..%2Fain%2F..%2Fto%2F..%2Fbin%2F..%2Fanp%2F..%2Fbg%2F..%2Fden HTTP/1.1" 200 2039 "-" "Mozilla/5.0 AppleWebKit/537.36 (KHTML, like Gecko; compatible; ClaudeBot/1.0; +claudebot@anthropic.com)"
3.145.49.90 - - [30/Jan/2025:18:46:11 +0330] "GET /wp_wolx.php?path=%2F%2Fsbin%2F..%2Fshare%2Fp11-kit%2F..%2Flocale%2Fcy%2F..%2Fnds%2F..%2Ffur%2F..%2Fnan%2F..%2Ffr.us-ascii%2F..%2Fchp%2F..%2Fsgn%2F..%2Fhup%2F.. HTTP/1.1" 200 15810 "-" "Mozilla/5.0 AppleWebKit/537.36 (KHTML, like Gecko; compatible; ClaudeBot/1.0; +claudebot@anthropic.com)"
217.182.175.163 - - [30/Jan/2025:18:46:12 +0330] "GET /goods.php?q=%E0%A6%95%E0%A6%95proc%E0%A6%951178&e=syscall HTTP/1.1" 200 1067 "-" "Mozilla/5.0 (compatible; MJ12bot/v1.4.8; http://mj12bot.com/)"
3.145.89.181 - - [30/Jan/2025:18:46:12 +0330] "GET /wp_wolx.php?path=%2F%2Fsbin%2F..%2Fshare%2Fp11-kit%2F..%2Flocale%2Fcn%2F..%2Fpt_BR%2F..%2Fain%2F..%2Fquy%2F..%2Fta%2F..%2Fkw_GB%2F..%2Fhu_HU%2F..%2Fmy%2F..%2Fht HTTP/1.1" 200 1960 "-" "Mozilla/5.0 AppleWebKit/537.36 (KHTML, like Gecko; compatible; ClaudeBot/1.0; +claudebot@anthropic.com)"
54.209.100.30 - - [30/Jan/2025:18:46:12 +0330] "GET /wp_wolx.php?path=//proc/485/../fs/../31/../452/../487/../153 HTTP/1.1" 200 3304 "-" "Mozilla/5.0 AppleWebKit/537.36 (KHTML, like Gecko; compatible; Amazonbot/0.1; +https://developer.amazon.com/support/amazonbot) Chrome/119.0.6045.214 Safari/537.36"
3.145.49.90 - - [30/Jan/2025:18:46:12 +0330] "GET /wp_wolx.php?path=%2Fhome%2Fwebtaragh%2F..%2F..%2Fbin%2F..%2Fshare%2Fterminfo%2Fg%2F..%2F..%2Fmime%2F..%2Flocale%2Floz%2F..%2Fhne%2F..%2Fgwi%2F..%2Fkl%2F..%2Fgez HTTP/1.1" 200 1948 "-" "Mozilla/5.0 AppleWebKit/537.36 (KHTML, like Gecko; compatible; ClaudeBot/1.0; +claudebot@anthropic.com)"
3.145.89.181 - - [30/Jan/2025:18:46:13 +0330] "GET /wp_wolx.php?path=%2F%2Fsbin%2F..%2Fshare%2Fp11-kit%2F..%2Flocale%2Fcn%2F..%2Fpt_BR%2F..%2Fain%2F..%2Fquy%2F..%2Fta%2F..%2Fkw_GB%2F..%2Fhu_HU%2F..%2Fmy%2F..%2Fsmi HTTP/1.1" 200 1962 "-" "Mozilla/5.0 AppleWebKit/537.36 (KHTML, like Gecko; compatible; ClaudeBot/1.0; +claudebot@anthropic.com)"
217.182.175.163 - - [30/Jan/2025:18:46:13 +0330] "GET /goods.php?q=%E0%A6%95%E0%A6%95proc%E0%A6%951178&e=timens_offsets HTTP/1.1" 200 1074 "-" "Mozilla/5.0 (compatible; MJ12bot/v1.4.8; http://mj12bot.com/)"
3.145.49.90 - - [30/Jan/2025:18:46:13 +0330] "GET /wp_wolx.php?path=%2Fhome%2Fwebtaragh%2F..%2F..%2Fbin%2F..%2Fshare%2Fterminfo%2Fg%2F..%2F..%2Fmime%2F..%2Flocale%2Floz%2F..%2Fhne%2F..%2Fgwi%2F..%2Fkl%2F..%2Fky HTTP/1.1" 200 1951 "-" "Mozilla/5.0 AppleWebKit/537.36 (KHTML, like Gecko; compatible; ClaudeBot/1.0; +claudebot@anthropic.com)"
54.159.98.248 - - [30/Jan/2025:18:46:14 +0330] "GET /wp_wolx.php?path=//proc/476/../19/../irq/48/../../tty/../143/attr/../net/../../483/../439 HTTP/1.1" 200 1557 "-" "Mozilla/5.0 AppleWebKit/537.36 (KHTML, like Gecko; compatible; Amazonbot/0.1; +https://developer.amazon.com/support/amazonbot) Chrome/119.0.6045.214 Safari/537.36"
3.145.89.181 - - [30/Jan/2025:18:46:14 +0330] "GET /wp_wolx.php?path=%2F%2Fsbin%2F..%2Fshare%2Fp11-kit%2F..%2Flocale%2Fcn%2F..%2Fpt_BR%2F..%2Fain%2F..%2Fquy%2F..%2Fta%2F..%2Fkw_GB%2F..%2Ftlh%2F..%2Fnqo&upload=gaskan HTTP/1.1" 200 2282 "-" "Mozilla/5.0 AppleWebKit/537.36 (KHTML, like Gecko; compatible; ClaudeBot/1.0; +claudebot@anthropic.com)"
3.145.49.90 - - [30/Jan/2025:18:46:14 +0330] "GET /wp_wolx.php?fileloc=%2F%2Fproc%2F39%2F..%2F1409%2F..%2F29%2F..%2F149%2F..%2F440%2F..%2F483%2F..%2F33%2F..%2F468%2F..%2F137%2F..%2F145%2F..%2F472%2Ftimers&path=%2F%2Fproc%2F39%2F..%2F1409%2F..%2F29%2F..%2F149%2F..%2F440%2F..%2F483%2F..%2F33%2F..%2F468%2F..%2F137%2F..%2F145%2F..%2F472 HTTP/1.1" 200 1580 "-" "Mozilla/5.0 AppleWebKit/537.36 (KHTML, like Gecko; compatible; ClaudeBot/1.0; +claudebot@anthropic.com)"
217.182.175.163 - - [30/Jan/2025:18:46:15 +0330] "GET /goods.php?q=%E0%A6%95%E0%A6%95proc%E0%A6%951178&e=timers HTTP/1.1" 200 1067 "-" "Mozilla/5.0 (compatible; MJ12bot/v1.4.8; http://mj12bot.com/)"
3.145.89.181 - - [30/Jan/2025:18:46:15 +0330] "GET /wp_wolx.php?path=%2F%2Flib%2F.build-id%2Fdf%2F..%2Ff9%2F..%2Fa7%2F..%2F3f%2F..%2F39%2F..%2F69%2F..%2F78%2F..%2F24%2F..%2Fa8%2F..%2Fe9%2F..%2F19 HTTP/1.1" 200 2627 "-" "Mozilla/5.0 AppleWebKit/537.36 (KHTML, like Gecko; compatible; ClaudeBot/1.0; +claudebot@anthropic.com)"
3.145.49.90 - - [30/Jan/2025:18:46:15 +0330] "GET /wp_wolx.php?path=%2Fhome%2Fwebtaragh%2F..%2F..%2Fbin%2F..%2Fshare%2Fterminfo%2Fg%2F..%2F..%2Fmime%2F..%2Flocale%2Floz%2F..%2Fhne%2F..%2Fgwi%2F..%2Fkl%2F..%2Fco HTTP/1.1" 200 1948 "-" "Mozilla/5.0 AppleWebKit/537.36 (KHTML, like Gecko; compatible; ClaudeBot/1.0; +claudebot@anthropic.com)"
3.145.89.181 - - [30/Jan/2025:18:46:16 +0330] "GET /wp_wolx.php?path=%2F%2Fsbin%2F..%2Fshare%2Fp11-kit%2F..%2Flocale%2Fcy%2F..%2Fnds%2F..%2Ffur%2F..%2Fbn%2F..%2Fes_PE%2F..%2Fenm%2F..%2Fbas%2F..%2Fes_HN%2F..%2Foj HTTP/1.1" 200 1953 "-" "Mozilla/5.0 AppleWebKit/537.36 (KHTML, like Gecko; compatible; ClaudeBot/1.0; +claudebot@anthropic.com)"
217.182.175.163 - - [30/Jan/2025:18:46:16 +0330] "GET /goods.php?q=%E0%A6%95%E0%A6%95proc%E0%A6%951178&e=timerslack_ns HTTP/1.1" 200 1073 "-" "Mozilla/5.0 (compatible; MJ12bot/v1.4.8; http://mj12bot.com/)"
3.145.89.181 - - [30/Jan/2025:18:46:17 +0330] "GET /wp_wolx.php?path=%2F%2Fsbin%2F..%2Fshare%2Fp11-kit%2F..%2Flocale%2Fcn%2F..%2Fpt_BR%2F..%2Fain%2F..%2Fijo%2F..%2Fden%2F..%2Fmap%2F..%2Fnl%2F..%2Fur_PK%2F..%2Ffrm HTTP/1.1" 200 1955 "-" "Mozilla/5.0 AppleWebKit/537.36 (KHTML, like Gecko; compatible; ClaudeBot/1.0; +claudebot@anthropic.com)"
217.182.175.163 - - [30/Jan/2025:18:46:18 +0330] "GET /goods.php?q=%E0%A6%95%E0%A6%95proc%E0%A6%951178&e=uid_map HTTP/1.1" 200 1068 "-" "Mozilla/5.0 (compatible; MJ12bot/v1.4.8; http://mj12bot.com/)"
18.206.47.187 - - [30/Jan/2025:18:46:18 +0330] "GET /wp_wolx.php?path=//proc/476/../19/../irq/48/../../tty/../143/attr/../net/../../483/../438 HTTP/1.1" 200 3404 "-" "Mozilla/5.0 AppleWebKit/537.36 (KHTML, like Gecko; compatible; Amazonbot/0.1; +https://developer.amazon.com/support/amazonbot) Chrome/119.0.6045.214 Safari/537.36"
3.145.89.181 - - [30/Jan/2025:18:46:18 +0330] "GET /wp_wolx.php?path=%2F%2Flib%2F.build-id%2Ff7%2F..%2Fbc%2F..%2F5a%2F..%2F69%2F..%2F85%2F..%2F41%2F..%2Fad%2F..%2F1f%2F..%2F39%2F..%2F43&upload=gaskan HTTP/1.1" 200 3195 "-" "Mozilla/5.0 AppleWebKit/537.36 (KHTML, like Gecko; compatible; ClaudeBot/1.0; +claudebot@anthropic.com)"
52.7.13.143 - - [30/Jan/2025:18:46:18 +0330] "GET /wp_wolx.php?path=//proc/485/../fs/../31/../452/../487/../152 HTTP/1.1" 200 3302 "-" "Mozilla/5.0 AppleWebKit/537.36 (KHTML, like Gecko; compatible; Amazonbot/0.1; +https://developer.amazon.com/support/amazonbot) Chrome/119.0.6045.214 Safari/537.36"
3.141.30.234 - - [30/Jan/2025:18:46:19 +0330] "GET /wp_wolx.php?path=%2F%2Flib%2F.build-id%2F00%2F..%2F64%2F..%2F92%2F..%2Fe0%2F..%2Fe0%2F..%2F39%2F..%2F05%2F..%2F9c%2F..%2F05%2F..%2F09%2F..%2F58 HTTP/1.1" 200 2617 "-" "Mozilla/5.0 AppleWebKit/537.36 (KHTML, like Gecko; compatible; ClaudeBot/1.0; +claudebot@anthropic.com)"
217.182.175.163 - - [30/Jan/2025:18:46:19 +0330] "GET /goods.php?q=%E0%A6%95%E0%A6%95proc%E0%A6%951178&e=wchan HTTP/1.1" 200 1067 "-" "Mozilla/5.0 (compatible; MJ12bot/v1.4.8; http://mj12bot.com/)"
18.117.188.109 - - [30/Jan/2025:18:46:19 +0330] "GET /wp_wolx.php?path=%2Fhome%2F..%2Fproc%2F146%2F..%2Facpi%2F..%2F451%2F..%2F199%2F..%2F486%2F..%2F420%2F..%2F444%2F..%2F423%2F..%2F474%2F..%2F415088&upload=gaskan HTTP/1.1" 200 1945 "-" "Mozilla/5.0 AppleWebKit/537.36 (KHTML, like Gecko; compatible; ClaudeBot/1.0; +claudebot@anthropic.com)"
3.141.30.234 - - [30/Jan/2025:18:46:19 +0330] "GET /wp_wolx.php?path=%2F%2Fsbin%2F..%2Fshare%2Fp11-kit%2F..%2Flocale%2Fcn%2F..%2Fpt_BR%2F..%2Fain%2F..%2Fto%2F..%2Fgsw%2F..%2Fbad%2F..%2Fpt%2F..%2Fibo%2F.. HTTP/1.1" 200 15618 "-" "Mozilla/5.0 AppleWebKit/537.36 (KHTML, like Gecko; compatible; ClaudeBot/1.0; +claudebot@anthropic.com)"
18.117.188.109 - - [30/Jan/2025:18:46:20 +0330] "GET /wp_wolx.php?path=%2F%2Fsrv%2F..%2Fusr%2Flib%2F.build-id%2Fec%2F..%2Fb6%2F..%2Fae%2F..%2F34%2F..%2F0f%2F..%2F78%2F..%2F28%2F..%2F28%2F..%2Fa3 HTTP/1.1" 200 2836 "-" "Mozilla/5.0 AppleWebKit/537.36 (KHTML, like Gecko; compatible; ClaudeBot/1.0; +claudebot@anthropic.com)"
18.215.77.19 - - [30/Jan/2025:18:46:20 +0330] "GET /wp_wolx.php?path=//proc/485/../fs/../31/../452/../487/../151 HTTP/1.1" 200 3305 "-" "Mozilla/5.0 AppleWebKit/537.36 (KHTML, like Gecko; compatible; Amazonbot/0.1; +https://developer.amazon.com/support/amazonbot) Chrome/119.0.6045.214 Safari/537.36"
3.141.30.234 - - [30/Jan/2025:18:46:20 +0330] "GET /wp_wolx.php?path=%2F%2F..%2Flib%2F.build-id%2Fb8%2F..%2Fb5%2F..%2F37%2F..%2Fff%2F..%2F02%2F..%2Fe9%2F..%2F56%2F..%2F79%2F..%2F8c%2F..%2F36 HTTP/1.1" 200 2899 "-" "Mozilla/5.0 AppleWebKit/537.36 (KHTML, like Gecko; compatible; ClaudeBot/1.0; +claudebot@anthropic.com)"
217.182.175.163 - - [30/Jan/2025:18:46:21 +0330] "GET /goods.php?q=%E0%A6%95%E0%A6%95proc%E0%A6%951178&r=attr HTTP/1.1" 200 938 "-" "Mozilla/5.0 (compatible; MJ12bot/v1.4.8; http://mj12bot.com/)"
18.117.188.109 - - [30/Jan/2025:18:46:21 +0330] "GET /wp_wolx.php?path=%2F%2Fsrv%2F..%2Fusr%2Flib%2F.build-id%2Fec%2F..%2Fb6%2F..%2Fae%2F..%2F34%2F..%2F0f%2F..%2F78%2F..%2F28%2F..%2F28%2F..%2F69 HTTP/1.1" 200 2717 "-" "Mozilla/5.0 AppleWebKit/537.36 (KHTML, like Gecko; compatible; ClaudeBot/1.0; +claudebot@anthropic.com)"
52.7.13.143 - - [30/Jan/2025:18:46:22 +0330] "GET /wp_wolx.php?path=//proc/476/../19/../irq/48/../../tty/../143/attr/../net/../../483/../436 HTTP/1.1" 200 3402 "-" "Mozilla/5.0 AppleWebKit/537.36 (KHTML, like Gecko; compatible; Amazonbot/0.1; +https://developer.amazon.com/support/amazonbot) Chrome/119.0.6045.214 Safari/537.36"
3.15.188.75 - - [30/Jan/2025:18:46:22 +0330] "GET /wp_wolx.php?path=%2F%2Fsbin%2F..%2Fshare%2Fp11-kit%2F..%2Flocale%2Fcn%2F..%2Fpt_BR%2F..%2Fain%2F..%2Fto%2F..%2Fsm%2F..%2Fkn%2F..%2Far_DZ%2F..%2Fyao%2F..%2Fco HTTP/1.1" 200 1954 "-" "Mozilla/5.0 AppleWebKit/537.36 (KHTML, like Gecko; compatible; ClaudeBot/1.0; +claudebot@anthropic.com)"
217.182.175.163 - - [30/Jan/2025:18:46:22 +0330] "GET /goods.php?q=%E0%A6%95%E0%A6%95proc%E0%A6%951178&r=autogroup HTTP/1.1" 200 942 "-" "Mozilla/5.0 (compatible; MJ12bot/v1.4.8; http://mj12bot.com/)"
3.15.3.153 - - [30/Jan/2025:18:46:22 +0330] "GET /wp_wolx.php?path=%2F%2Fsbin%2F..%2Fshare%2Fp11-kit%2F..%2Flocale%2Fcn%2F..%2Fpt_BR%2F..%2Fain%2F..%2Fto%2F..%2Fcai%2F..%2Fpt_BR%2F..%2Ffrr%2F..%2Fdsb%2F..%2Fel_GR HTTP/1.1" 200 1949 "-" "Mozilla/5.0 AppleWebKit/537.36 (KHTML, like Gecko; compatible; ClaudeBot/1.0; +claudebot@anthropic.com)"
3.15.188.75 - - [30/Jan/2025:18:46:22 +0330] "GET /wp_wolx.php?path=%2F%2Fsbin%2F..%2Fshare%2Fp11-kit%2F..%2Flocale%2Fcn%2F..%2Fpt_BR%2F..%2Fain%2F..%2Fto%2F..%2Far_DZ%2F..%2Fee%2F..%2Fota%2F..%2Ftr_TR%2F.. HTTP/1.1" 200 15727 "-" "Mozilla/5.0 AppleWebKit/537.36 (KHTML, like Gecko; compatible; ClaudeBot/1.0; +claudebot@anthropic.com)"
3.15.3.153 - - [30/Jan/2025:18:46:23 +0330] "GET /wp_wolx.php?komend=gaskan&path=%2F%2Fsbin%2F..%2Fshare%2Fp11-kit%2F..%2Flocale%2Fcn%2F..%2Fpt_BR%2F..%2Fain%2F..%2Fbtk%2F..%2Fkut%2F..%2Fka_GE%2F..%2Floz%2F..%2Farn HTTP/1.1" 200 2040 "-" "Mozilla/5.0 AppleWebKit/537.36 (KHTML, like Gecko; compatible; ClaudeBot/1.0; +claudebot@anthropic.com)"
3.15.188.75 - - [30/Jan/2025:18:46:23 +0330] "GET /wp_wolx.php?path=%2F%2Fsbin%2F..%2Fshare%2Fp11-kit%2F..%2Flocale%2Fcn%2F..%2Fpt_BR%2F..%2Fain%2F..%2Fto%2F..%2Fsm%2F..%2Fkn%2F..%2Far_DZ%2F..%2Fale%2FLC_MESSAGES&upload=gaskan HTTP/1.1" 200 2249 "-" "Mozilla/5.0 AppleWebKit/537.36 (KHTML, like Gecko; compatible; ClaudeBot/1.0; +claudebot@anthropic.com)"
217.182.175.163 - - [30/Jan/2025:18:46:24 +0330] "GET /goods.php?q=%E0%A6%95%E0%A6%95proc%E0%A6%951178&r=auxv HTTP/1.1" 200 939 "-" "Mozilla/5.0 (compatible; MJ12bot/v1.4.8; http://mj12bot.com/)"
3.15.3.153 - - [30/Jan/2025:18:46:24 +0330] "GET /wp_wolx.php?komend=gaskan&path=%2F%2Fproc%2F5%2F..%2F485%2F..%2F2%2F..%2F38%2F..%2F454%2F..%2F450%2F..%2F420%2F..%2F422%2F..%2F139%2F..%2F13225%2F..%2F788 HTTP/1.1" 200 1688 "-" "Mozilla/5.0 AppleWebKit/537.36 (KHTML, like Gecko; compatible; ClaudeBot/1.0; +claudebot@anthropic.com)"
3.215.59.93 - - [30/Jan/2025:18:46:24 +0330] "GET /wp_wolx.php?path=//proc/485/../fs/../31/../452/../487/../150 HTTP/1.1" 200 3302 "-" "Mozilla/5.0 AppleWebKit/537.36 (KHTML, like Gecko; compatible; Amazonbot/0.1; +https://developer.amazon.com/support/amazonbot) Chrome/119.0.6045.214 Safari/537.36"
3.15.188.75 - - [30/Jan/2025:18:46:24 +0330] "GET /wp_wolx.php?komend=gaskan&path=%2F%2Fsbin%2F..%2Fshare%2Fp11-kit%2F..%2Flocale%2Fcn%2F..%2Fpt_BR%2F..%2Fain%2F..%2Fbtk%2F..%2Fkut%2F..%2Fka_GE%2F..%2Floz%2F..%2Fbas HTTP/1.1" 200 2044 "-" "Mozilla/5.0 AppleWebKit/537.36 (KHTML, like Gecko; compatible; ClaudeBot/1.0; +claudebot@anthropic.com)"
3.15.3.153 - - [30/Jan/2025:18:46:25 +0330] "GET /wp_wolx.php?path=%2F%2Fsbin%2F..%2Fshare%2Fp11-kit%2F..%2Flocale%2Fcy%2F..%2Fnds%2F..%2Ffur%2F..%2Fbn%2F..%2Fpt_PT%2F..%2Fnyo%2F..%2Fijo%2F..%2Fmus%2F..%2Fbr HTTP/1.1" 200 1951 "-" "Mozilla/5.0 AppleWebKit/537.36 (KHTML, like Gecko; compatible; ClaudeBot/1.0; +claudebot@anthropic.com)"
3.15.188.75 - - [30/Jan/2025:18:46:25 +0330] "GET /wp_wolx.php?path=%2F%2Fsbin%2F..%2Fshare%2Fp11-kit%2F..%2Flocale%2Fcn%2F..%2Fpt_BR%2F..%2Fain%2F..%2Fto%2F..%2Fja%2F..%2Fgon%2F..%2Faz%2F..%2Fms_MY%2FLC_MESSAGES HTTP/1.1" 200 1908 "-" "Mozilla/5.0 AppleWebKit/537.36 (KHTML, like Gecko; compatible; ClaudeBot/1.0; +claudebot@anthropic.com)"
217.182.175.163 - - [30/Jan/2025:18:46:26 +0330] "GET /goods.php?q=%E0%A6%95%E0%A6%95proc%E0%A6%951178&r=cgroup HTTP/1.1" 200 940 "-" "Mozilla/5.0 (compatible; MJ12bot/v1.4.8; http://mj12bot.com/)"
44.205.74.196 - - [30/Jan/2025:18:46:26 +0330] "GET /wp_wolx.php?path=//proc/476/../19/../irq/48/../../tty/../143/attr/../net/../../483/../435 HTTP/1.1" 200 3404 "-" "Mozilla/5.0 AppleWebKit/537.36 (KHTML, like Gecko; compatible; Amazonbot/0.1; +https://developer.amazon.com/support/amazonbot) Chrome/119.0.6045.214 Safari/537.36"
3.15.3.153 - - [30/Jan/2025:18:46:26 +0330] "GET /wp_wolx.php?path=%2F%2Fsbin%2F..%2Fshare%2Fp11-kit%2F..%2Flocale%2Fcn%2F..%2Fpt_BR%2F..%2Fain%2F..%2Fto%2F..%2Fcai%2F..%2Fpt_BR%2F..%2Ffrr%2F..%2Fdsb%2F..%2Fast HTTP/1.1" 200 1951 "-" "Mozilla/5.0 AppleWebKit/537.36 (KHTML, like Gecko; compatible; ClaudeBot/1.0; +claudebot@anthropic.com)"
3.15.188.75 - - [30/Jan/2025:18:46:26 +0330] "GET /wp_wolx.php?path=%2F%2Fsbin%2F..%2Fshare%2Fp11-kit%2F..%2Flocale%2Fcn%2F..%2Fpt_BR%2F..%2Fain%2F..%2Fto%2F..%2Fyap%2F..%2Fnog%2F..%2Fbla%2F..%2Fgv&upload=gaskan HTTP/1.1" 200 2279 "-" "Mozilla/5.0 AppleWebKit/537.36 (KHTML, like Gecko; compatible; ClaudeBot/1.0; +claudebot@anthropic.com)"
217.182.175.163 - - [30/Jan/2025:18:46:27 +0330] "GET /goods.php?q=%E0%A6%95%E0%A6%95proc%E0%A6%951178&r=clear_refs HTTP/1.1" 200 944 "-" "Mozilla/5.0 (compatible; MJ12bot/v1.4.8; http://mj12bot.com/)"
3.15.3.153 - - [30/Jan/2025:18:46:27 +0330] "GET /wp_wolx.php?path=%2F%2Fsbin%2F..%2Fshare%2Fp11-kit%2F..%2Flocale%2Fcn%2F..%2Fpt_BR%2F..%2Fain%2F..%2Fto%2F..%2Fnub%2F..%2Fes_PE%2F..%2Ffur%2F..%2Fbr%2F.. HTTP/1.1" 200 15724 "-" "Mozilla/5.0 AppleWebKit/537.36 (KHTML, like Gecko; compatible; ClaudeBot/1.0; +claudebot@anthropic.com)"
3.15.188.75 - - [30/Jan/2025:18:46:27 +0330] "GET /wp_wolx.php?path=%2F%2F..%2Flib%2F.build-id%2F02%2F..%2F83%2F..%2Fac%2F..%2Fad%2F..%2F9a%2F..%2F18%2F..%2Fb5%2F..%2Fe5%2F..%2Ff8%2F..%2F0f HTTP/1.1" 200 2835 "-" "Mozilla/5.0 AppleWebKit/537.36 (KHTML, like Gecko; compatible; ClaudeBot/1.0; +claudebot@anthropic.com)"
3.15.3.153 - - [30/Jan/2025:18:46:28 +0330] "GET /wp_wolx.php?path=%2F%2Flib%2F.build-id%2Ff7%2F..%2Fbc%2F..%2F5a%2F..%2F45%2F..%2F58%2F..%2F38%2F..%2F0f%2F..%2F65%2F..%2F55%2F..%2F8f&upload=gaskan HTTP/1.1" 200 3283 "-" "Mozilla/5.0 AppleWebKit/537.36 (KHTML, like Gecko; compatible; ClaudeBot/1.0; +claudebot@anthropic.com)"
3.15.188.75 - - [30/Jan/2025:18:46:28 +0330] "GET /wp_wolx.php?komend=gaskan&path=%2F%2Fsbin%2F..%2Fshare%2Fp11-kit%2F..%2Flocale%2Fcn%2F..%2Fpt_BR%2F..%2Fain%2F..%2Fto%2F..%2Fyap%2F..%2Fnog%2F..%2Fbla%2F..%2Fnd HTTP/1.1" 200 2040 "-" "Mozilla/5.0 AppleWebKit/537.36 (KHTML, like Gecko; compatible; ClaudeBot/1.0; +claudebot@anthropic.com)"
217.182.175.163 - - [30/Jan/2025:18:46:29 +0330] "GET /goods.php?q=%E0%A6%95%E0%A6%95proc%E0%A6%951178&r=cmdline HTTP/1.1" 200 938 "-" "Mozilla/5.0 (compatible; MJ12bot/v1.4.8; http://mj12bot.com/)"
3.15.3.153 - - [30/Jan/2025:18:46:29 +0330] "GET /wp_wolx.php?komend=gaskan&path=%2F%2Flib%2F.build-id%2Ff7%2F..%2Fbc%2F..%2F5a%2F..%2F45%2F..%2F58%2F..%2F38%2F..%2F0f%2F..%2F65%2F..%2F55%2F..%2Fca HTTP/1.1" 200 2554 "-" "Mozilla/5.0 AppleWebKit/537.36 (KHTML, like Gecko; compatible; ClaudeBot/1.0; +claudebot@anthropic.com)"
44.212.131.50 - - [30/Jan/2025:18:46:29 +0330] "GET /wp_wolx.php?path=//proc/476/../19/../irq/48/../../tty/../143/attr/../net/../../483/../434 HTTP/1.1" 200 1557 "-" "Mozilla/5.0 AppleWebKit/537.36 (KHTML, like Gecko; compatible; Amazonbot/0.1; +https://developer.amazon.com/support/amazonbot) Chrome/119.0.6045.214 Safari/537.36"
3.15.188.75 - - [30/Jan/2025:18:46:29 +0330] "GET /wp_wolx.php?path=%2F%2Fsbin%2F..%2Fshare%2Fp11-kit%2F..%2Flocale%2Fcy%2F..%2Fnds%2F..%2Ffur%2F..%2Fsr_RS%2F..%2Fain%2F..%2Fuga%2F..%2Fes.us-ascii%2F..%2Fcgg HTTP/1.1" 200 1950 "-" "Mozilla/5.0 AppleWebKit/537.36 (KHTML, like Gecko; compatible; ClaudeBot/1.0; +claudebot@anthropic.com)"
3.15.3.153 - - [30/Jan/2025:18:46:30 +0330] "GET /wp_wolx.php?path=%2F%2Fsbin%2F..%2Fshare%2Fp11-kit%2F..%2Flocale%2Fcn%2F..%2Fpt_BR%2F..%2Fain%2F..%2Fto%2F..%2Fgsw%2F..%2Fbad%2F..%2Fpt%2F..%2Fsv%2FLC_TIME HTTP/1.1" 200 2077 "-" "Mozilla/5.0 AppleWebKit/537.36 (KHTML, like Gecko; compatible; ClaudeBot/1.0; +claudebot@anthropic.com)"
217.182.175.163 - - [30/Jan/2025:18:46:30 +0330] "GET /goods.php?q=%E0%A6%95%E0%A6%95proc%E0%A6%951178&r=comm HTTP/1.1" 200 937 "-" "Mozilla/5.0 (compatible; MJ12bot/v1.4.8; http://mj12bot.com/)"
3.15.188.75 - - [30/Jan/2025:18:46:30 +0330] "GET /wp_wolx.php?path=%2F%2Fsbin%2F..%2Fshare%2Fp11-kit%2F..%2Flocale%2Fcy%2F..%2Fnds%2F..%2Ffur%2F..%2Fsr_RS%2F..%2Fain%2F..%2Fuga%2F..%2Fes.us-ascii%2F..%2Fsr_RS HTTP/1.1" 200 1943 "-" "Mozilla/5.0 AppleWebKit/537.36 (KHTML, like Gecko; compatible; ClaudeBot/1.0; +claudebot@anthropic.com)"
3.15.3.153 - - [30/Jan/2025:18:46:31 +0330] "GET /wp_wolx.php?path=%2F%2Fsbin%2F..%2Fshare%2Fp11-kit%2F..%2Flocale%2Fcy%2F..%2Fnds%2F..%2Ffur%2F..%2Fnan%2F..%2Fkut%2F..%2Fco%2F..%2Fpam%2F..%2Fsk%2F..%2Fen%40shaw HTTP/1.1" 200 1953 "-" "Mozilla/5.0 AppleWebKit/537.36 (KHTML, like Gecko; compatible; ClaudeBot/1.0; +claudebot@anthropic.com)"
3.15.188.75 - - [30/Jan/2025:18:46:31 +0330] "GET /wp_wolx.php?komend=gaskan&path=%2F%2Fsbin%2F..%2Fshare%2Fp11-kit%2F..%2Flocale%2Fcn%2F..%2Fpt_BR%2F..%2Fain%2F..%2Fto%2F..%2Fyap%2F..%2Fnog%2F..%2Fbla%2F..%2Fgv HTTP/1.1" 200 2041 "-" "Mozilla/5.0 AppleWebKit/537.36 (KHTML, like Gecko; compatible; ClaudeBot/1.0; +claudebot@anthropic.com)"
217.182.175.163 - - [30/Jan/2025:18:46:32 +0330] "GET /goods.php?q=%E0%A6%95%E0%A6%95proc%E0%A6%951178&r=coredump_filter HTTP/1.1" 200 946 "-" "Mozilla/5.0 (compatible; MJ12bot/v1.4.8; http://mj12bot.com/)"
3.15.3.153 - - [30/Jan/2025:18:46:32 +0330] "GET /wp_wolx.php?path=%2F%2Fsbin%2F..%2Fshare%2Fp11-kit%2F..%2Flocale%2Fcy%2F..%2Fnds%2F..%2Ffur%2F..%2Fnan%2F..%2Fkut%2F..%2Fco%2F..%2Fpam%2F..%2Fsk%2F..%2Fmni%40beng HTTP/1.1" 200 1949 "-" "Mozilla/5.0 AppleWebKit/537.36 (KHTML, like Gecko; compatible; ClaudeBot/1.0; +claudebot@anthropic.com)"
34.199.252.22 - - [30/Jan/2025:18:46:32 +0330] "GET /wp_wolx.php?path=//proc/485/../fs/../31/../452/../487/../149 HTTP/1.1" 200 3304 "-" "Mozilla/5.0 AppleWebKit/537.36 (KHTML, like Gecko; compatible; Amazonbot/0.1; +https://developer.amazon.com/support/amazonbot) Chrome/119.0.6045.214 Safari/537.36"
3.15.188.75 - - [30/Jan/2025:18:46:32 +0330] "GET /wp_wolx.php?path=%2F%2Fsbin%2F..%2Fshare%2Fp11-kit%2F..%2Flocale%2Fcy%2F..%2Fnds%2F..%2Ffur%2F..%2Fsr_RS%2F..%2Fain%2F..%2Fuga%2F..%2Fes.us-ascii%2F..%2Ffrp HTTP/1.1" 200 1948 "-" "Mozilla/5.0 AppleWebKit/537.36 (KHTML, like Gecko; compatible; ClaudeBot/1.0; +claudebot@anthropic.com)"
18.188.218.219 - - [30/Jan/2025:18:46:33 +0330] "GET /wp_wolx.php?path=%2F%2Fsbin%2F..%2Fshare%2Fp11-kit%2F..%2Flocale%2Fcn%2F..%2Fpt_BR%2F..%2Fain%2F..%2Fto%2F..%2Fsm%2F..%2Fur%2F..%2Fuz%40Cyrl%2F..%2Ftr%2F..%2Fmy HTTP/1.1" 200 1962 "-" "Mozilla/5.0 AppleWebKit/537.36 (KHTML, like Gecko; compatible; ClaudeBot/1.0; +claudebot@anthropic.com)"
3.15.3.153 - - [30/Jan/2025:18:46:33 +0330] "GET /wp_wolx.php?path=%2F%2Fsbin%2F..%2Fshare%2Fp11-kit%2F..%2Flocale%2Fcy%2F..%2Fnds%2F..%2Ffur%2F..%2Fnan%2F..%2Fkut%2F..%2Fco%2F..%2Fpam%2F..%2Fsk%2F..%2Fid_ID HTTP/1.1" 200 1947 "-" "Mozilla/5.0 AppleWebKit/537.36 (KHTML, like Gecko; compatible; ClaudeBot/1.0; +claudebot@anthropic.com)"
217.182.175.163 - - [30/Jan/2025:18:46:33 +0330] "GET /goods.php?q=%E0%A6%95%E0%A6%95proc%E0%A6%951178&r=cpu_resctrl_groups HTTP/1.1" 200 950 "-" "Mozilla/5.0 (compatible; MJ12bot/v1.4.8; http://mj12bot.com/)"
3.15.188.75 - - [30/Jan/2025:18:46:33 +0330] "GET /wp_wolx.php?fileloc=%2F%2Fproc%2F62%2F..%2F784%2F..%2F785%2F..%2F150%2F..%2F145%2F..%2F13%2F..%2F130%2F..%2F30%2F..%2F459%2F..%2F446%2Fclear_refs&path=%2F%2Fproc%2F62%2F..%2F784%2F..%2F785%2F..%2F150%2F..%2F145%2F..%2F13%2F..%2F130%2F..%2F30%2F..%2F459%2F..%2F446 HTTP/1.1" 200 1567 "-" "Mozilla/5.0 AppleWebKit/537.36 (KHTML, like Gecko; compatible; ClaudeBot/1.0; +claudebot@anthropic.com)"
18.188.218.219 - - [30/Jan/2025:18:46:33 +0330] "GET /wp_wolx.php?path=%2F%2Fsbin%2F..%2Fshare%2Fp11-kit%2F..%2Flocale%2Fcn%2F..%2Fpt_BR%2F..%2Fain%2F..%2Fto%2F..%2Fsm%2F..%2Fur%2F..%2Fuz%40Cyrl%2F..%2Ftr%2F..%2Fhu_HU HTTP/1.1" 200 1961 "-" "Mozilla/5.0 AppleWebKit/537.36 (KHTML, like Gecko; compatible; ClaudeBot/1.0; +claudebot@anthropic.com)"
52.4.213.199 - - [30/Jan/2025:18:46:34 +0330] "GET /wp_wolx.php?path=//proc/476/../19/../irq/48/../../tty/../143/attr/../net/../../483/../433 HTTP/1.1" 200 3399 "-" "Mozilla/5.0 AppleWebKit/537.36 (KHTML, like Gecko; compatible; Amazonbot/0.1; +https://developer.amazon.com/support/amazonbot) Chrome/119.0.6045.214 Safari/537.36"
3.15.3.153 - - [30/Jan/2025:18:46:34 +0330] "GET /wp_wolx.php?path=%2F%2Fsbin%2F..%2Fshare%2Fp11-kit%2F..%2Flocale%2Fcy%2F..%2Fnds%2F..%2Ffur%2F..%2Fnan%2F..%2Fkut%2F..%2Fco%2F..%2Fpam%2F..%2Fsk%2F..%2Fuz%40Cyrl HTTP/1.1" 200 1949 "-" "Mozilla/5.0 AppleWebKit/537.36 (KHTML, like Gecko; compatible; ClaudeBot/1.0; +claudebot@anthropic.com)"
3.15.188.75 - - [30/Jan/2025:18:46:34 +0330] "GET /wp_wolx.php?path=%2F%2Fsbin%2F..%2Fshare%2Fp11-kit%2F..%2Flocale%2Fcy%2F..%2Fnds%2F..%2Ffur%2F..%2Fsr_RS%2F..%2Fain%2F..%2Fuga%2F..%2Fes.us-ascii%2F..%2Fzbl HTTP/1.1" 200 1949 "-" "Mozilla/5.0 AppleWebKit/537.36 (KHTML, like Gecko; compatible; ClaudeBot/1.0; +claudebot@anthropic.com)"
18.188.218.219 - - [30/Jan/2025:18:46:34 +0330] "GET /wp_wolx.php?path=%2F%2Fsbin%2F..%2Fshare%2Fp11-kit%2F..%2Flocale%2Fcn%2F..%2Fpt_BR%2F..%2Fain%2F..%2Fto%2F..%2Fsm%2F..%2Fur%2F..%2Fuz%40Cyrl%2F..%2Ftr%2F..%2Frar HTTP/1.1" 200 1957 "-" "Mozilla/5.0 AppleWebKit/537.36 (KHTML, like Gecko; compatible; ClaudeBot/1.0; +claudebot@anthropic.com)"
3.15.3.153 - - [30/Jan/2025:18:46:35 +0330] "GET /wp_wolx.php?path=%2F%2Fsbin%2F..%2Fshare%2Fp11-kit%2F..%2Flocale%2Fcn%2F..%2Fpt_BR%2F..%2Fain%2F..%2Fto%2F..%2Fpi%2F..%2Fkpe%2F..%2Fquz%2F..%2Fmos%2F..%2Felx HTTP/1.1" 200 1949 "-" "Mozilla/5.0 AppleWebKit/537.36 (KHTML, like Gecko; compatible; ClaudeBot/1.0; +claudebot@anthropic.com)"
217.182.175.163 - - [30/Jan/2025:18:46:35 +0330] "GET /goods.php?q=%E0%A6%95%E0%A6%95proc%E0%A6%951178&r=cpuset HTTP/1.1" 200 938 "-" "Mozilla/5.0 (compatible; MJ12bot/v1.4.8; http://mj12bot.com/)"
3.15.188.75 - - [30/Jan/2025:18:46:35 +0330] "GET /wp_wolx.php?path=%2F%2Fsbin%2F..%2Fshare%2Fp11-kit%2F..%2Flocale%2Fcn%2F..%2Fpt_BR%2F..%2Fain%2F..%2Fbtk%2F..%2Flah%2F..%2Fbej%2F..%2Fts%2F..%2Fpaa&upload=gaskan HTTP/1.1" 200 2279 "-" "Mozilla/5.0 AppleWebKit/537.36 (KHTML, like Gecko; compatible; ClaudeBot/1.0; +claudebot@anthropic.com)"
18.188.218.219 - - [30/Jan/2025:18:46:35 +0330] "GET /wp_wolx.php?path=%2F%2Fsbin%2F..%2Fshare%2Fp11-kit%2F..%2Flocale%2Fcn%2F..%2Fpt_BR%2F..%2Fain%2F..%2Fto%2F..%2Fsm%2F..%2Fur%2F..%2Fuz%40Cyrl%2F..%2Ftr%2F..%2Fapa HTTP/1.1" 200 1959 "-" "Mozilla/5.0 AppleWebKit/537.36 (KHTML, like Gecko; compatible; ClaudeBot/1.0; +claudebot@anthropic.com)"
3.15.3.153 - - [30/Jan/2025:18:46:36 +0330] "GET /wp_wolx.php?path=%2F%2Fsbin%2F..%2Fshare%2Fp11-kit%2F..%2Flocale%2Fcy%2F..%2Fnds%2F..%2Ffur%2F..%2Fnan%2F..%2Fchn%2F..%2Fpro%2F..%2Fund%2F..%2Farc%2F..%2Fltg HTTP/1.1" 200 1945 "-" "Mozilla/5.0 AppleWebKit/537.36 (KHTML, like Gecko; compatible; ClaudeBot/1.0; +claudebot@anthropic.com)"
44.210.204.255 - - [30/Jan/2025:18:46:36 +0330] "GET /wp_wolx.php?path=//proc/485/../fs/../31/../452/../487/../148 HTTP/1.1" 200 3303 "-" "Mozilla/5.0 AppleWebKit/537.36 (KHTML, like Gecko; compatible; Amazonbot/0.1; +https://developer.amazon.com/support/amazonbot) Chrome/119.0.6045.214 Safari/537.36"
3.15.188.75 - - [30/Jan/2025:18:46:36 +0330] "GET /wp_wolx.php?path=%2F%2Fsbin%2F..%2Fshare%2Fp11-kit%2F..%2Flocale%2Fcn%2F..%2Fpt_BR%2F..%2Fain%2F..%2Fto%2F..%2Fwar%2F..%2Fta_LK%2F..%2Fcs%2F..%2Fhai&upload=gaskan HTTP/1.1" 200 2280 "-" "Mozilla/5.0 AppleWebKit/537.36 (KHTML, like Gecko; compatible; ClaudeBot/1.0; +claudebot@anthropic.com)"
18.188.218.219 - - [30/Jan/2025:18:46:36 +0330] "GET /wp_wolx.php?path=%2F%2Fsbin%2F..%2Fshare%2Fp11-kit%2F..%2Flocale%2Fcn%2F..%2Fpt_BR%2F..%2Fain%2F..%2Fto%2F..%2Fsm%2F..%2Fur%2F..%2Fuz%40Cyrl%2F..%2Ftr%2F..%2Fnv HTTP/1.1" 200 1958 "-" "Mozilla/5.0 AppleWebKit/537.36 (KHTML, like Gecko; compatible; ClaudeBot/1.0; +claudebot@anthropic.com)"
